000
CDUS43 KMQT 050504
CLIMQT

CLIMATE REPORT
NATIONAL WEATHER SERVICE MARQUETTE MI
103 AM EDT WED AUG 5 2015


...................................

...THE MARQUETTE MI CLIMATE SUMMARY FOR AUGUST 4 2015...

CLIMATE NORMAL PERIOD 1981 TO 2010
CLIMATE RECORD PERIOD 1961 TO 2015


WEATHER ITEM   OBSERVED RECORD YEAR NORMAL DEPARTURE LAST
                VALUE   VALUE       VALUE  FROM      YEAR
                                           NORMAL
...........................................................
TEMPERATURE (F)
 YESTERDAY
  MAXIMUM         63     91    1989  76    -13       70
  MINIMUM         48     36    1972  54     -6       51
  AVERAGE         56                 65     -9       61

PRECIPITATION (IN)
  YESTERDAY        0.16   1.64 1980   0.10   0.06     0.00
  MONTH TO DATE    0.49               0.39   0.10     0.00
  SINCE JUN 1      4.68               6.07  -1.39     9.81
  SINCE JAN 1     16.00              19.71  -3.71    22.27

SNOWFALL (IN)
  YESTERDAY        0.0   MM      MM   0.0    0.0      0.0
  MONTH TO DATE    0.0                0.0    0.0      0.0
  SINCE JUN 1      0.0                0.0    0.0       T
  SINCE JUL 1      0.0                0.0    0.0       T
  SNOW DEPTH       0

DEGREE DAYS
 HEATING
  YESTERDAY        9                  3      6        4
  MONTH TO DATE   14                 12      2       10
  SINCE JUN 1    284                273     11      294
  SINCE JUL 1     82                 91     -9      131

 COOLING
  YESTERDAY        0                  3     -3        0
  MONTH TO DATE    2                 12    -10        0
  SINCE JUN 1    108                154    -46       96
  SINCE JAN 1    110                166    -56      116
...........................................................


WIND (MPH)
  RESULTANT WIND SPEED  MM   RESULTANT WIND DIRECTION  MM
  HIGHEST WIND SPEED    MM   HIGHEST WIND DIRECTION    MM
  HIGHEST GUST SPEED    13   HIGHEST GUST DIRECTION    NE (45)
  AVERAGE WIND SPEED    MM


SKY COVER
  POSSIBLE SUNSHINE  MM
  AVERAGE SKY COVER  MM


WEATHER CONDITIONS
 THE FOLLOWING WEATHER WAS RECORDED YESTERDAY.
  LIGHT RAIN


RELATIVE HUMIDITY (PERCENT)
 HIGHEST    MM
 LOWEST     MM
 AVERAGE    MM

..........................................................


THE MARQUETTE MI CLIMATE NORMALS FOR TODAY
                         NORMAL    RECORD    YEAR
 MAXIMUM TEMPERATURE (F)   76        92      2001
 MINIMUM TEMPERATURE (F)   54        40      1971


SUNRISE AND SUNSET
AUGUST  5 2015........SUNRISE   636 AM EDT   SUNSET   916 PM EDT
AUGUST  6 2015........SUNRISE   637 AM EDT   SUNSET   915 PM EDT


-  INDICATES NEGATIVE NUMBERS.
R  INDICATES RECORD WAS SET OR TIED.
MM INDICATES DATA IS MISSING.
T  INDICATES TRACE AMOUNT.




$$
