000
CDUS43 KMQT 050526
CLIMQT


CLIMATE REPORT
NATIONAL WEATHER SERVICE MARQUETTE MI
125 AM EDT SAT SEP 5 2015


...................................

...THE MARQUETTE MI CLIMATE SUMMARY FOR SEPTEMBER 4 2015...

CLIMATE NORMAL PERIOD 1981 TO 2010
CLIMATE RECORD PERIOD 1961 TO 2015


WEATHER ITEM   OBSERVED RECORD YEAR NORMAL DEPARTURE LAST
                VALUE   VALUE       VALUE  FROM      YEAR
                                           NORMAL
...........................................................
TEMPERATURE (F)
 YESTERDAY
  MAXIMUM         79     88    1999  70      9       70
  MINIMUM         53     34    1997  50      3       59
                               1963
  AVERAGE         66                 60      6       65

PRECIPITATION (IN)
  YESTERDAY        0.00   4.29 2007   0.11  -0.11     0.35
  MONTH TO DATE    0.31               0.43  -0.12     0.56
  SINCE SEP 1      0.31               0.43  -0.12     0.56
  SINCE JAN 1     18.52              22.80  -4.28    27.30

SNOWFALL (IN)
  YESTERDAY        0.0   MM      MM   0.0    0.0      0.0
  MONTH TO DATE    0.0                0.0    0.0      0.0
  SINCE SEP 1      0.0                0.0    0.0      0.0
  SINCE JUL 1      0.0                0.0    0.0       T
  SNOW DEPTH       0

DEGREE DAYS
 HEATING
  YESTERDAY        0                  6     -6        0
  MONTH TO DATE    0                 24    -24        5
  SINCE SEP 1      0                 24    -24        5
  SINCE JUL 1    168                209    -41      252

 COOLING
  YESTERDAY        1                  1      0        0
  MONTH TO DATE   16                  7      9        1
  SINCE SEP 1     16                  7      9        1
  SINCE JAN 1    198                227    -29      148
...........................................................


WIND (MPH)
  RESULTANT WIND SPEED  MM   RESULTANT WIND DIRECTION  MM
  HIGHEST WIND SPEED    MM   HIGHEST WIND DIRECTION    MM
  HIGHEST GUST SPEED    12   HIGHEST GUST DIRECTION    NE (45)
  AVERAGE WIND SPEED    MM


SKY COVER
  POSSIBLE SUNSHINE  MM
  AVERAGE SKY COVER  MM


WEATHER CONDITIONS
 THE FOLLOWING WEATHER WAS RECORDED YESTERDAY.
  NO SIGNIFICANT WEATHER WAS OBSERVED.


RELATIVE HUMIDITY (PERCENT)
 HIGHEST    MM
 LOWEST     MM
 AVERAGE    MM

..........................................................


THE MARQUETTE MI CLIMATE NORMALS FOR TODAY
                         NORMAL    RECORD    YEAR
 MAXIMUM TEMPERATURE (F)   70        88      2007
                                             1998
 MINIMUM TEMPERATURE (F)   50        32      1984
                                             1962


SUNRISE AND SUNSET
SEPTEMBER  5 2015.....SUNRISE   715 AM EDT   SUNSET   822 PM EDT
SEPTEMBER  6 2015.....SUNRISE   716 AM EDT   SUNSET   820 PM EDT


-  INDICATES NEGATIVE NUMBERS.
R  INDICATES RECORD WAS SET OR TIED.
MM INDICATES DATA IS MISSING.
T  INDICATES TRACE AMOUNT.




$$
