000
CDUS43 KMQT 200514
CLIMQT


CLIMATE REPORT
NATIONAL WEATHER SERVICE MARQUETTE MI
113 AM EDT FRI OCT 20 2017


...................................

...THE MARQUETTE MI CLIMATE SUMMARY FOR OCTOBER 19 2017...

CLIMATE NORMAL PERIOD 1981 TO 2010
CLIMATE RECORD PERIOD 1961 TO 2017


WEATHER ITEM   OBSERVED RECORD YEAR NORMAL DEPARTURE LAST
                VALUE   VALUE       VALUE  FROM      YEAR
                                           NORMAL
...........................................................
TEMPERATURE (F)
 YESTERDAY
  MAXIMUM         63     73    1965  51     12       58
  MINIMUM         44     20    1972  33     11       38
  AVERAGE         54                 42     12       48

PRECIPITATION (IN)
  YESTERDAY        0.00   0.54 1971   0.12  -0.12     0.00
  MONTH TO DATE    3.18               2.51   0.67     2.26
  SINCE SEP 1      6.43               6.23   0.20     7.96
  SINCE JAN 1     33.76              28.60   5.16    35.73

SNOWFALL (IN)
  YESTERDAY        0.0    0.6  1974   0.2   -0.2      0.0
  MONTH TO DATE    T                  2.6   -2.6      0.0
  SINCE SEP 1      T                  2.7   -2.7      0.0
  SINCE JUL 1      T                  2.7   -2.7       T
  SNOW DEPTH       0

DEGREE DAYS
 HEATING
  YESTERDAY       11                 23    -12       17
  MONTH TO DATE  252                372   -120      275
  SINCE SEP 1    468                669   -201      448
  SINCE JUL 1    733                854   -121      548

 COOLING
  YESTERDAY        0                  0      0        0
  MONTH TO DATE    3                  0      3        0
  SINCE SEP 1     52                 21     31       10
  SINCE JAN 1    145                241    -96      246
...........................................................

WIND (MPH)
  RESULTANT WIND SPEED  MM   RESULTANT WIND DIRECTION  MM
  HIGHEST WIND SPEED    MM   HIGHEST WIND DIRECTION    MM
  HIGHEST GUST SPEED    27   HIGHEST GUST DIRECTION     W (270)
  AVERAGE WIND SPEED    MM

SKY COVER
  POSSIBLE SUNSHINE  MM
  AVERAGE SKY COVER  MM

WEATHER CONDITIONS
 THE FOLLOWING WEATHER WAS RECORDED YESTERDAY.
  NO SIGNIFICANT WEATHER WAS OBSERVED.

RELATIVE HUMIDITY (PERCENT)
 HIGHEST    MM
 LOWEST     MM
 AVERAGE    MM
..........................................................

THE MARQUETTE MI CLIMATE NORMALS FOR TODAY
                         NORMAL    RECORD    YEAR
 MAXIMUM TEMPERATURE (F)   50        72      1986
 MINIMUM TEMPERATURE (F)   33        19      1976


SUNRISE AND SUNSET
OCTOBER 20 2017.......SUNRISE   815 AM EDT   SUNSET   654 PM EDT
OCTOBER 21 2017.......SUNRISE   816 AM EDT   SUNSET   652 PM EDT


-  INDICATES NEGATIVE NUMBERS.
R  INDICATES RECORD WAS SET OR TIED.
MM INDICATES DATA IS MISSING.
T  INDICATES TRACE AMOUNT.




$$
