000
CDUS43 KMQT 222106
CLIMQT


CLIMATE REPORT
NATIONAL WEATHER SERVICE MARQUETTE MI
505 PM EDT TUE AUG 22 2017


...................................

...THE MARQUETTE MI CLIMATE SUMMARY FOR AUGUST 22 2017...
VALID TODAY AS OF 0500 PM LOCAL TIME.

CLIMATE NORMAL PERIOD 1981 TO 2010
CLIMATE RECORD PERIOD 1961 TO 2017


WEATHER ITEM   OBSERVED RECORD YEAR NORMAL DEPARTURE LAST
                VALUE   VALUE       VALUE  FROM      YEAR
                                           NORMAL
...........................................................
TEMPERATURE (F)
 TODAY
  MAXIMUM         65     91    1969  74     -9       77
  MINIMUM         54     34    1967  53      1       45
  AVERAGE         60                 63     -3       61

PRECIPITATION (IN)
  TODAY            0.11   1.53 1998   0.10   0.01     0.12
  MONTH TO DATE    3.05               2.16   0.89     4.11
  SINCE JUN 1     11.00               7.84   3.16    11.14
  SINCE JAN 1     25.84              21.48   4.36    27.35

SNOWFALL (IN)
  TODAY            0.0   MM      MM   0.0    0.0      0.0
  MONTH TO DATE    0.0                0.0    0.0      0.0
  SINCE JUN 1      T                  0.0    0.0       T
  SINCE JUL 1      T                  0.0    0.0       T
  SNOW DEPTH       0

DEGREE DAYS
 HEATING
  TODAY            5                  4      1        4
  MONTH TO DATE   90                 67     23       24
  SINCE JUN 1    310                328    -18      261
  SINCE JUL 1    169                146     23       79

 COOLING
  TODAY            0                  2     -2        0
  MONTH TO DATE   16                 48    -32       67
  SINCE JUN 1     93                190    -97      210
  SINCE JAN 1     93                202   -109      221
...........................................................


WIND (MPH)
  HIGHEST WIND SPEED    MM   HIGHEST WIND DIRECTION    MM
  HIGHEST GUST SPEED    31   HIGHEST GUST DIRECTION     W (270)
  AVERAGE WIND SPEED    MM


SKY COVER
  POSSIBLE SUNSHINE  MM
  AVERAGE SKY COVER  MM


WEATHER CONDITIONS
 THE FOLLOWING WEATHER WAS RECORDED TODAY.
  LIGHT RAIN SHOWERS


RELATIVE HUMIDITY (PERCENT)
 HIGHEST    MM
 LOWEST     MM
 AVERAGE    MM

..........................................................


THE MARQUETTE MI CLIMATE NORMALS FOR TOMORROW
                         NORMAL    RECORD    YEAR
 MAXIMUM TEMPERATURE (F)   73        91      1969
 MINIMUM TEMPERATURE (F)   53        35      1967


SUNRISE AND SUNSET
AUGUST 22 2017........SUNRISE   658 AM EDT   SUNSET   847 PM EDT
AUGUST 23 2017........SUNRISE   659 AM EDT   SUNSET   845 PM EDT


-  INDICATES NEGATIVE NUMBERS.
R  INDICATES RECORD WAS SET OR TIED.
MM INDICATES DATA IS MISSING.
T  INDICATES TRACE AMOUNT.




$$
