000
CDUS43 KMQT 210511
CLIMQT


CLIMATE REPORT
NATIONAL WEATHER SERVICE MARQUETTE MI
111 AM EDT MON APR 21 2014


...................................

...THE MARQUETTE MI CLIMATE SUMMARY FOR APRIL 20 2014...

CLIMATE NORMAL PERIOD 1981 TO 2010
CLIMATE RECORD PERIOD 1961 TO 2014


WEATHER ITEM   OBSERVED RECORD YEAR NORMAL DEPARTURE LAST
                VALUE   VALUE       VALUE  FROM      YEAR
                                           NORMAL
...........................................................
TEMPERATURE (F)
 YESTERDAY
  MAXIMUM         65     84    1987  50     15       29
  MINIMUM         35     10    2013  30      5       10
  AVERAGE         50                 40     10       20

PRECIPITATION (IN)
  YESTERDAY        0.03   1.08 2009   0.09  -0.06     0.07
  MONTH TO DATE    3.01               2.09   0.92     3.93
  SINCE MAR 1      4.97               5.12  -0.15     7.22
  SINCE JAN 1      8.49               9.67  -1.18    12.77

SNOWFALL (IN)
  YESTERDAY        0.0   10.6  2009   0.3   -0.3      1.7
                               1982
  MONTH TO DATE   29.0               11.9   17.1     25.9
  SINCE MAR 1     59.0               46.8   12.2     74.7
  SINCE JUL 1    188.5              199.2  -10.7    208.5
  SNOW DEPTH      19

DEGREE DAYS
 HEATING
  YESTERDAY       15                 25    -10       45
  MONTH TO DATE  668                590     78      736
  SINCE MAR 1   2191               1853    338     2086
  SINCE JUL 1   9513               8477   1036     8396

 COOLING
  YESTERDAY        0                  0      0        0
  MONTH TO DATE    0                  0      0        0
  SINCE MAR 1      0                  0      0        0
  SINCE JAN 1      0                  0      0        0
...........................................................


WIND (MPH)
  RESULTANT WIND SPEED  MM   RESULTANT WIND DIRECTION  MM
  HIGHEST WIND SPEED    MM   HIGHEST WIND DIRECTION    MM
  HIGHEST GUST SPEED    21   HIGHEST GUST DIRECTION    SW (225)
  AVERAGE WIND SPEED    MM


SKY COVER
  POSSIBLE SUNSHINE  MM
  AVERAGE SKY COVER  MM


WEATHER CONDITIONS
 THE FOLLOWING WEATHER WAS RECORDED YESTERDAY.
  LIGHT RAIN


RELATIVE HUMIDITY (PERCENT)
 HIGHEST    MM
 LOWEST     MM
 AVERAGE    MM

..........................................................


THE MARQUETTE MI CLIMATE NORMALS FOR TODAY
                         NORMAL    RECORD    YEAR
 MAXIMUM TEMPERATURE (F)   51        80      1985
 MINIMUM TEMPERATURE (F)   31         9      1982


SUNRISE AND SUNSET
APRIL 21 2014.........SUNRISE   652 AM EDT   SUNSET   846 PM EDT
APRIL 22 2014.........SUNRISE   651 AM EDT   SUNSET   848 PM EDT


-  INDICATES NEGATIVE NUMBERS.
R  INDICATES RECORD WAS SET OR TIED.
MM INDICATES DATA IS MISSING.
T  INDICATES TRACE AMOUNT.




$$
