000
CDUS43 KMQT 030505
CLIMQT

CLIMATE REPORT
NATIONAL WEATHER SERVICE MARQUETTE MI
1204 AM EST SAT DEC 3 2016


...................................

...THE MARQUETTE MI CLIMATE SUMMARY FOR DECEMBER 2 2016...

CLIMATE NORMAL PERIOD 1981 TO 2010
CLIMATE RECORD PERIOD 1961 TO 2016


WEATHER ITEM   OBSERVED RECORD YEAR NORMAL DEPARTURE LAST
                VALUE   VALUE       VALUE  FROM      YEAR
                                           NORMAL
...........................................................
TEMPERATURE (F)
 YESTERDAY
  MAXIMUM         31     58    1982  30      1       41
  MINIMUM         26    -10    1976  16     10       28
  AVERAGE         29                 23      6       35

PRECIPITATION (IN)
  YESTERDAY        T      0.67 1989   0.10  -0.10     0.04
  MONTH TO DATE    0.06               0.20  -0.14     0.42
  SINCE DEC 1      0.06               0.20  -0.14     0.42
  SINCE JAN 1     38.14              33.31   4.83    25.32

SNOWFALL (IN)
  YESTERDAY        T     10.2  2004   1.3   -1.3      0.2
  MONTH TO DATE    0.6                2.5   -1.9      1.6
  SINCE DEC 1      0.6                2.5   -1.9      1.6
  SINCE JUL 1     14.8               33.0  -18.2      9.5
  SNOW DEPTH       T

DEGREE DAYS
 HEATING
  YESTERDAY       36                 42     -6       30
  MONTH TO DATE   70                 84    -14       63
  SINCE DEC 1     70                 84    -14       63
  SINCE JUL 1   1695               2286   -591     1895

 COOLING
  YESTERDAY        0                  0      0        0
  MONTH TO DATE    0                  0      0        0
  SINCE DEC 1      0                  0      0        0
  SINCE JAN 1    246                242      4      250
...........................................................


WIND (MPH)
  RESULTANT WIND SPEED  MM   RESULTANT WIND DIRECTION  MM
  HIGHEST WIND SPEED    MM   HIGHEST WIND DIRECTION    MM
  HIGHEST GUST SPEED    23   HIGHEST GUST DIRECTION    NW (315)
  AVERAGE WIND SPEED    MM


SKY COVER
  POSSIBLE SUNSHINE  MM
  AVERAGE SKY COVER  MM


WEATHER CONDITIONS
 THE FOLLOWING WEATHER WAS RECORDED YESTERDAY.
  LIGHT SNOW


RELATIVE HUMIDITY (PERCENT)
 HIGHEST    MM
 LOWEST     MM
 AVERAGE    MM

..........................................................


THE MARQUETTE MI CLIMATE NORMALS FOR TODAY
                         NORMAL    RECORD    YEAR
 MAXIMUM TEMPERATURE (F)   30        59      1998
                                             1982
 MINIMUM TEMPERATURE (F)   16       -12      1976


SUNRISE AND SUNSET
DECEMBER  3 2016......SUNRISE   816 AM EST   SUNSET   504 PM EST
DECEMBER  4 2016......SUNRISE   817 AM EST   SUNSET   504 PM EST


-  INDICATES NEGATIVE NUMBERS.
R  INDICATES RECORD WAS SET OR TIED.
MM INDICATES DATA IS MISSING.
T  INDICATES TRACE AMOUNT.




$$
