419
CDUS43 KMQT 250538
CLIMQT


CLIMATE REPORT
NATIONAL WEATHER SERVICE MARQUETTE MI
1238 AM EST SAT FEB 25 2017


...................................

...THE MARQUETTE MI CLIMATE SUMMARY FOR FEBRUARY 24 2017...

CLIMATE NORMAL PERIOD 1981 TO 2010
CLIMATE RECORD PERIOD 1961 TO 2017


WEATHER ITEM   OBSERVED RECORD YEAR NORMAL DEPARTURE LAST
                VALUE   VALUE       VALUE  FROM      YEAR
                                           NORMAL
...........................................................
TEMPERATURE (F)
 YESTERDAY
  MAXIMUM         26     57    1976  28     -2       31
  MINIMUM         17    -24    1963   7     10       26
  AVERAGE         22                 18      4       29

PRECIPITATION (IN)
  YESTERDAY        0.37   0.62 2002   0.09   0.28     0.01
  MONTH TO DATE    2.49               1.80   0.69     2.03
  SINCE DEC 1      6.42               6.78  -0.36     8.86
  SINCE JAN 1      4.23               4.21   0.02     3.99

SNOWFALL (IN)
  YESTERDAY        4.1    7.0  1994   1.3    2.8      0.1
  MONTH TO DATE   27.6               30.7   -3.1     29.6
  SINCE DEC 1     99.8              116.7  -16.9     86.0
  SINCE JUL 1    114.0              147.2  -33.2     93.9
  SNOW DEPTH      10

DEGREE DAYS
 HEATING
  YESTERDAY       43                 48     -5       36
  MONTH TO DATE 1015               1200   -185     1141
  SINCE DEC 1   3879               4235   -356     3729
  SINCE JUL 1   5504               6437   -933     5561

 COOLING
  YESTERDAY        0                  0      0        0
  MONTH TO DATE    0                  0      0        0
  SINCE DEC 1      0                  0      0        0
  SINCE JAN 1      0                  0      0        0
...........................................................


WIND (MPH)
  RESULTANT WIND SPEED  MM   RESULTANT WIND DIRECTION  MM
  HIGHEST WIND SPEED    MM   HIGHEST WIND DIRECTION    MM
  HIGHEST GUST SPEED    23   HIGHEST GUST DIRECTION     N (360)
  AVERAGE WIND SPEED    MM


SKY COVER
  POSSIBLE SUNSHINE  MM
  AVERAGE SKY COVER  MM


WEATHER CONDITIONS
 THE FOLLOWING WEATHER WAS RECORDED YESTERDAY.
  LT FREEZING RAIN
  LIGHT SNOW


RELATIVE HUMIDITY (PERCENT)
 HIGHEST    MM
 LOWEST     MM
 AVERAGE    MM

..........................................................


THE MARQUETTE MI CLIMATE NORMALS FOR TODAY
                         NORMAL    RECORD    YEAR
 MAXIMUM TEMPERATURE (F)   29        49      1976
 MINIMUM TEMPERATURE (F)    7       -29      2003


SUNRISE AND SUNSET
FEBRUARY 25 2017......SUNRISE   736 AM EST   SUNSET   631 PM EST
FEBRUARY 26 2017......SUNRISE   735 AM EST   SUNSET   632 PM EST


-  INDICATES NEGATIVE NUMBERS.
R  INDICATES RECORD WAS SET OR TIED.
MM INDICATES DATA IS MISSING.
T  INDICATES TRACE AMOUNT.




$$
