000
CDUS43 KMQT 170525
CLIMQT


CLIMATE REPORT
NATIONAL WEATHER SERVICE MARQUETTE MI
1225 AM EST TUE JAN 17 2017


...................................

...THE MARQUETTE MI CLIMATE SUMMARY FOR JANUARY 16 2017...

CLIMATE NORMAL PERIOD 1981 TO 2010
CLIMATE RECORD PERIOD 1961 TO 2017


WEATHER ITEM   OBSERVED RECORD YEAR NORMAL DEPARTURE LAST
                VALUE   VALUE       VALUE  FROM      YEAR
                                           NORMAL
...........................................................
TEMPERATURE (F)
 YESTERDAY
  MAXIMUM         42     46    1973  22     20       16
  MINIMUM         19    -25    1979   5     14        2
  AVERAGE         31                 13     18        9

PRECIPITATION (IN)
  YESTERDAY        0.00   0.56 1980   0.08  -0.08     0.07
  MONTH TO DATE    0.98               1.26  -0.28     1.18
  SINCE DEC 1      3.17               3.83  -0.66     6.05
  SINCE JAN 1      0.98               1.26  -0.28     1.18

SNOWFALL (IN)
  YESTERDAY        0.0    9.0  1978   1.4   -1.4      2.8
  MONTH TO DATE   16.4               22.4   -6.0     21.6
  SINCE DEC 1     58.4               65.2   -6.8     40.5
  SINCE JUL 1     72.6               95.7  -23.1     48.4
  SNOW DEPTH      15

DEGREE DAYS
 HEATING
  YESTERDAY       34                 52    -18       56
  MONTH TO DATE  846                815     31      771
  SINCE DEC 1   2279               2255     24     1881
  SINCE JUL 1   3904               4457   -553     3713

 COOLING
  YESTERDAY        0                  0      0        0
  MONTH TO DATE    0                  0      0        0
  SINCE DEC 1      0                  0      0        0
  SINCE JAN 1      0                  0      0        0
...........................................................


WIND (MPH)
  RESULTANT WIND SPEED  MM   RESULTANT WIND DIRECTION  MM
  HIGHEST WIND SPEED    MM   HIGHEST WIND DIRECTION    MM
  HIGHEST GUST SPEED    27   HIGHEST GUST DIRECTION     W (270)
  AVERAGE WIND SPEED    MM


SKY COVER
  POSSIBLE SUNSHINE  MM
  AVERAGE SKY COVER  MM


WEATHER CONDITIONS
 THE FOLLOWING WEATHER WAS RECORDED YESTERDAY.
  NO SIGNIFICANT WEATHER WAS OBSERVED.


RELATIVE HUMIDITY (PERCENT)
 HIGHEST    MM
 LOWEST     MM
 AVERAGE    MM

..........................................................


THE MARQUETTE MI CLIMATE NORMALS FOR TODAY
                         NORMAL    RECORD    YEAR
 MAXIMUM TEMPERATURE (F)   22        43      1988
                                             1986
 MINIMUM TEMPERATURE (F)    5       -25      1982


SUNRISE AND SUNSET
JANUARY 17 2017.......SUNRISE   828 AM EST   SUNSET   533 PM EST
JANUARY 18 2017.......SUNRISE   828 AM EST   SUNSET   534 PM EST


-  INDICATES NEGATIVE NUMBERS.
R  INDICATES RECORD WAS SET OR TIED.
MM INDICATES DATA IS MISSING.
T  INDICATES TRACE AMOUNT.




$$
