000
CDUS43 KMQT 090521
CLIMQT


CLIMATE REPORT
NATIONAL WEATHER SERVICE MARQUETTE MI
1220 AM EST SAT DEC 9 2017


...................................

...THE MARQUETTE MI CLIMATE SUMMARY FOR DECEMBER 8 2017...

CLIMATE NORMAL PERIOD 1981 TO 2010
CLIMATE RECORD PERIOD 1961 TO 2017


WEATHER ITEM   OBSERVED RECORD YEAR NORMAL DEPARTURE LAST
                VALUE   VALUE       VALUE  FROM      YEAR
                                           NORMAL
...........................................................
TEMPERATURE (F)
 YESTERDAY
  MAXIMUM         17     44    1984  28    -11       25
  MINIMUM         13    -13    1976  14     -1       16
  AVERAGE         15                 21     -6       21

PRECIPITATION (IN)
  YESTERDAY        0.05   0.44 1966   0.09  -0.04     0.42
  MONTH TO DATE    1.03               0.75   0.28     0.61
  SINCE DEC 1      1.03               0.75   0.28     0.61
  SINCE JAN 1     41.60              33.86   7.74    38.69

SNOWFALL (IN)
  YESTERDAY        1.5    9.2  2016   1.4    0.1      9.2
  MONTH TO DATE    3.7               10.6   -6.9     11.7
  SINCE DEC 1      3.7               10.6   -6.9     11.7
  SINCE JUL 1     28.7               41.1  -12.4     25.9
  SNOW DEPTH       1

DEGREE DAYS
 HEATING
  YESTERDAY       50                 44      6       44
  MONTH TO DATE  300                344    -44      297
  SINCE DEC 1    300                344    -44      297
  SINCE JUL 1   2427               2546   -119     1922

 COOLING
  YESTERDAY        0                  0      0        0
  MONTH TO DATE    0                  0      0        0
  SINCE DEC 1      0                  0      0        0
  SINCE JAN 1    145                242    -97      246
...........................................................


WIND (MPH)
  RESULTANT WIND SPEED  MM   RESULTANT WIND DIRECTION  MM
  HIGHEST WIND SPEED    MM   HIGHEST WIND DIRECTION    MM
  HIGHEST GUST SPEED    22   HIGHEST GUST DIRECTION    NW (315)
  AVERAGE WIND SPEED    MM


SKY COVER
  POSSIBLE SUNSHINE  MM
  AVERAGE SKY COVER  MM


WEATHER CONDITIONS
 THE FOLLOWING WEATHER WAS RECORDED YESTERDAY.
  HEAVY SNOW
  LIGHT SNOW


RELATIVE HUMIDITY (PERCENT)
 HIGHEST    MM
 LOWEST     MM
 AVERAGE    MM

..........................................................


THE MARQUETTE MI CLIMATE NORMALS FOR TODAY
                         NORMAL    RECORD    YEAR
 MAXIMUM TEMPERATURE (F)   28        50      1990
 MINIMUM TEMPERATURE (F)   13        -9      1976


SUNRISE AND SUNSET
DECEMBER  9 2017......SUNRISE   822 AM EST   SUNSET   503 PM EST
DECEMBER 10 2017......SUNRISE   823 AM EST   SUNSET   503 PM EST


-  INDICATES NEGATIVE NUMBERS.
R  INDICATES RECORD WAS SET OR TIED.
MM INDICATES DATA IS MISSING.
T  INDICATES TRACE AMOUNT.




$$
