000
CDUS43 KMQT 120522
CLIMQT


CLIMATE REPORT
NATIONAL WEATHER SERVICE MARQUETTE MI
121 AM EDT SAT APR 12 2014


...................................

...THE MARQUETTE MI CLIMATE SUMMARY FOR APRIL 11 2014...

CLIMATE NORMAL PERIOD 1981 TO 2010
CLIMATE RECORD PERIOD 1961 TO 2014


WEATHER ITEM   OBSERVED RECORD YEAR NORMAL DEPARTURE LAST
                VALUE   VALUE       VALUE  FROM      YEAR
                                           NORMAL
...........................................................
TEMPERATURE (F)
 YESTERDAY
  MAXIMUM         47     78    1977  45      2       31
  MINIMUM         24      7    1973  26     -2       25
  AVERAGE         36                 36      0       28

PRECIPITATION (IN)
  YESTERDAY        T      2.22 2008   0.10  -0.10     0.07
  MONTH TO DATE    1.13               1.18  -0.05     0.78
  SINCE MAR 1      3.09               4.21  -1.12     4.07
  SINCE JAN 1      6.61               8.76  -2.15     9.62

SNOWFALL (IN)
  YESTERDAY        0.0   13.6  2008   0.6   -0.6      0.6
  MONTH TO DATE   10.7                7.7    3.0      4.9
  SINCE MAR 1     40.7               42.6   -1.9     53.7
  SINCE JUL 1    170.2              195.0  -24.8    187.5
  SNOW DEPTH      19

DEGREE DAYS
 HEATING
  YESTERDAY       29                 29      0       37
  MONTH TO DATE  344                349     -5      419
  SINCE MAR 1   1867               1612    255     1769
  SINCE JUL 1   9189               8236    953     8079

 COOLING
  YESTERDAY        0                  0      0        0
  MONTH TO DATE    0                  0      0        0
  SINCE MAR 1      0                  0      0        0
  SINCE JAN 1      0                  0      0        0
...........................................................


WIND (MPH)
  RESULTANT WIND SPEED  MM   RESULTANT WIND DIRECTION  MM
  HIGHEST WIND SPEED    MM   HIGHEST WIND DIRECTION    MM
  HIGHEST GUST SPEED    20   HIGHEST GUST DIRECTION    SW (225)
  AVERAGE WIND SPEED    MM


SKY COVER
  POSSIBLE SUNSHINE  MM
  AVERAGE SKY COVER  MM


WEATHER CONDITIONS
 THE FOLLOWING WEATHER WAS RECORDED YESTERDAY.
  LIGHT RAIN


RELATIVE HUMIDITY (PERCENT)
 HIGHEST    MM
 LOWEST     MM
 AVERAGE    MM

..........................................................


THE MARQUETTE MI CLIMATE NORMALS FOR TODAY
                         NORMAL    RECORD    YEAR
 MAXIMUM TEMPERATURE (F)   46        80      1968
 MINIMUM TEMPERATURE (F)   26         9      1992


SUNRISE AND SUNSET
APRIL 12 2014.........SUNRISE   709 AM EDT   SUNSET   834 PM EDT
APRIL 13 2014.........SUNRISE   707 AM EDT   SUNSET   835 PM EDT


-  INDICATES NEGATIVE NUMBERS.
R  INDICATES RECORD WAS SET OR TIED.
MM INDICATES DATA IS MISSING.
T  INDICATES TRACE AMOUNT.




$$
