000
CDUS43 KMQT 030514
CLIMQT


CLIMATE REPORT
NATIONAL WEATHER SERVICE MARQUETTE MI
113 AM EDT THU SEP 3 2015


...................................

...THE MARQUETTE MI CLIMATE SUMMARY FOR SEPTEMBER 2 2015...

CLIMATE NORMAL PERIOD 1981 TO 2010
CLIMATE RECORD PERIOD 1961 TO 2015


WEATHER ITEM   OBSERVED RECORD YEAR NORMAL DEPARTURE LAST
                VALUE   VALUE       VALUE  FROM      YEAR
                                           NORMAL
...........................................................
TEMPERATURE (F)
 YESTERDAY
  MAXIMUM         71     90    2008  71      0       73
                               1983
  MINIMUM         62     26    1976  51     11       51
  AVERAGE         67                 61      6       62

PRECIPITATION (IN)
  YESTERDAY        0.31   1.69 1970   0.10   0.21     0.00
  MONTH TO DATE    0.31               0.21   0.10     0.19
  SINCE SEP 1      0.31               0.21   0.10     0.19
  SINCE JAN 1     18.52              22.58  -4.06    26.93

SNOWFALL (IN)
  YESTERDAY        0.0   MM      MM   0.0    0.0      0.0
  MONTH TO DATE    0.0                0.0    0.0      0.0
  SINCE SEP 1      0.0                0.0    0.0      0.0
  SINCE JUL 1      0.0                0.0    0.0       T
  SNOW DEPTH       0

DEGREE DAYS
 HEATING
  YESTERDAY        0                  6     -6        3
  MONTH TO DATE    0                 12    -12        5
  SINCE SEP 1      0                 12    -12        5
  SINCE JUL 1    168                197    -29      252

 COOLING
  YESTERDAY        2                  2      0        0
  MONTH TO DATE   13                  4      9        0
  SINCE SEP 1     13                  4      9        0
  SINCE JAN 1    195                224    -29      147
...........................................................


WIND (MPH)
  RESULTANT WIND SPEED  MM   RESULTANT WIND DIRECTION  MM
  HIGHEST WIND SPEED    MM   HIGHEST WIND DIRECTION    MM
  HIGHEST GUST SPEED    13   HIGHEST GUST DIRECTION     E (90)
  AVERAGE WIND SPEED    MM


SKY COVER
  POSSIBLE SUNSHINE  MM
  AVERAGE SKY COVER  MM


WEATHER CONDITIONS
 THE FOLLOWING WEATHER WAS RECORDED YESTERDAY.
  THUNDERSTORM
  HEAVY RAIN
  RAIN
  LIGHT RAIN
  FOG


RELATIVE HUMIDITY (PERCENT)
 HIGHEST    MM
 LOWEST     MM
 AVERAGE    MM

..........................................................


THE MARQUETTE MI CLIMATE NORMALS FOR TODAY
                         NORMAL    RECORD    YEAR
 MAXIMUM TEMPERATURE (F)   71        92      1983
 MINIMUM TEMPERATURE (F)   50        32      1972


SUNRISE AND SUNSET
SEPTEMBER  3 2015.....SUNRISE   712 AM EDT   SUNSET   826 PM EDT
SEPTEMBER  4 2015.....SUNRISE   714 AM EDT   SUNSET   824 PM EDT


-  INDICATES NEGATIVE NUMBERS.
R  INDICATES RECORD WAS SET OR TIED.
MM INDICATES DATA IS MISSING.
T  INDICATES TRACE AMOUNT.




$$
