000
CDUS43 KMQT 182208
CLIMQT


CLIMATE REPORT
NATIONAL WEATHER SERVICE MARQUETTE MI
507 PM EST SUN FEB 18 2018


...................................

...THE MARQUETTE MI CLIMATE SUMMARY FOR FEBRUARY 18 2018...
VALID TODAY AS OF 0500 PM LOCAL TIME.

CLIMATE NORMAL PERIOD 1981 TO 2010
CLIMATE RECORD PERIOD 1961 TO 2018


WEATHER ITEM   OBSERVED RECORD YEAR NORMAL DEPARTURE LAST
                VALUE   VALUE       VALUE  FROM      YEAR
                                           NORMAL
...........................................................
TEMPERATURE (F)
 TODAY
  MAXIMUM         23     54    2017  26     -3       54
  MINIMUM          2    -21    1996   6     -4       33
  AVERAGE         13                 16     -3       44

PRECIPITATION (IN)
  TODAY            0.01   0.81 2009   0.08  -0.07     0.00
  MONTH TO DATE    0.27               1.32  -1.05     1.22
  SINCE DEC 1      5.13               6.30  -1.17     5.15
  SINCE JAN 1      2.99               3.73  -0.74     2.96

SNOWFALL (IN)
  TODAY            0.3    8.4  2009   1.3   -1.0      0.0
  MONTH TO DATE    4.7               22.9  -18.2     20.0
  SINCE DEC 1     79.5              108.9  -29.4     92.2
  SINCE JUL 1    104.5              139.4  -34.9    106.4
  SNOW DEPTH      18

DEGREE DAYS
 HEATING
  TODAY           52                 49      3       21
  MONTH TO DATE 1025                910    115      840
  SINCE DEC 1   4154               3945    209     3704
  SINCE JUL 1   6281               6147    134     5329

 COOLING
  TODAY            0                  0      0        0
  MONTH TO DATE    0                  0      0        0
  SINCE DEC 1      0                  0      0        0
  SINCE JAN 1      0                  0      0        0
...........................................................


WIND (MPH)
  HIGHEST WIND SPEED    MM   HIGHEST WIND DIRECTION    MM
  HIGHEST GUST SPEED    22   HIGHEST GUST DIRECTION     S (180)
  AVERAGE WIND SPEED    MM


SKY COVER
  POSSIBLE SUNSHINE  MM
  AVERAGE SKY COVER  MM


WEATHER CONDITIONS
 THE FOLLOWING WEATHER WAS RECORDED TODAY.
  LIGHT SNOW


RELATIVE HUMIDITY (PERCENT)
 HIGHEST    MM
 LOWEST     MM
 AVERAGE    MM

..........................................................


THE MARQUETTE MI CLIMATE NORMALS FOR TOMORROW
                         NORMAL    RECORD    YEAR
 MAXIMUM TEMPERATURE (F)   27        46      1988
 MINIMUM TEMPERATURE (F)    6       -25      2015


SUNRISE AND SUNSET
FEBRUARY 18 2018......SUNRISE   749 AM EST   SUNSET   620 PM EST
FEBRUARY 19 2018......SUNRISE   747 AM EST   SUNSET   622 PM EST


-  INDICATES NEGATIVE NUMBERS.
R  INDICATES RECORD WAS SET OR TIED.
MM INDICATES DATA IS MISSING.
T  INDICATES TRACE AMOUNT.




$$
