000
CDUS43 KMQT 232107
CLIMQT


CLIMATE REPORT
NATIONAL WEATHER SERVICE MARQUETTE MI
506 PM EDT TUE AUG 23 2016


...................................

...THE MARQUETTE MI CLIMATE SUMMARY FOR AUGUST 23 2016...
VALID TODAY AS OF 0500 PM LOCAL TIME.

CLIMATE NORMAL PERIOD 1981 TO 2010
CLIMATE RECORD PERIOD 1961 TO 2016


WEATHER ITEM   OBSERVED RECORD YEAR NORMAL DEPARTURE LAST
                VALUE   VALUE       VALUE  FROM      YEAR
                                           NORMAL
...........................................................
TEMPERATURE (F)
 TODAY
  MAXIMUM         81     91    1969  73      8       68
  MINIMUM         61     35    1967  53      8       54
  AVERAGE         71                 63      8       61

PRECIPITATION (IN)
  TODAY            0.00   1.88 1978   0.09  -0.09     0.35
  MONTH TO DATE    4.11               2.25   1.86     2.57
  SINCE JUN 1     11.14               7.93   3.21     6.76
  SINCE JAN 1     27.35              21.57   5.78    18.08

SNOWFALL (IN)
  TODAY            0.0   MM      MM   0.0    0.0      0.0
  MONTH TO DATE    0.0                0.0    0.0      0.0
  SINCE JUN 1      T                  0.0    0.0      0.0
  SINCE JUL 1      T                  0.0    0.0      0.0
  SNOW DEPTH       0

DEGREE DAYS
 HEATING
  TODAY            0                  4     -4        4
  MONTH TO DATE   24                 71    -47       51
  SINCE JUN 1    261                332    -71      321
  SINCE JUL 1     79                150    -71      119

 COOLING
  TODAY            6                  2      4        0
  MONTH TO DATE   73                 50     23       61
  SINCE JUN 1    216                192     24      167
  SINCE JAN 1    227                204     23      169
...........................................................


WIND (MPH)
  HIGHEST WIND SPEED    MM   HIGHEST WIND DIRECTION    MM
  HIGHEST GUST SPEED    30   HIGHEST GUST DIRECTION     S (180)
  AVERAGE WIND SPEED    MM


SKY COVER
  POSSIBLE SUNSHINE  MM
  AVERAGE SKY COVER  MM


WEATHER CONDITIONS
 THE FOLLOWING WEATHER WAS RECORDED TODAY.
  NO SIGNIFICANT WEATHER WAS OBSERVED.


RELATIVE HUMIDITY (PERCENT)
 HIGHEST    MM
 LOWEST     MM
 AVERAGE    MM

..........................................................


THE MARQUETTE MI CLIMATE NORMALS FOR TOMORROW
                         NORMAL    RECORD    YEAR
 MAXIMUM TEMPERATURE (F)   73        89      1969
 MINIMUM TEMPERATURE (F)   52        33      1971


SUNRISE AND SUNSET
AUGUST 23 2016........SUNRISE   659 AM EDT   SUNSET   845 PM EDT
AUGUST 24 2016........SUNRISE   701 AM EDT   SUNSET   843 PM EDT


-  INDICATES NEGATIVE NUMBERS.
R  INDICATES RECORD WAS SET OR TIED.
MM INDICATES DATA IS MISSING.
T  INDICATES TRACE AMOUNT.




$$
