000
CDUS43 KMQT 280521
CLIMQT


CLIMATE REPORT
NATIONAL WEATHER SERVICE MARQUETTE MI
118 AM EDT TUE JUL 28 2015


...................................

...THE MARQUETTE MI CLIMATE SUMMARY FOR JULY 27 2015...

CLIMATE NORMAL PERIOD 1981 TO 2010
CLIMATE RECORD PERIOD 1961 TO 2015


WEATHER ITEM   OBSERVED RECORD YEAR NORMAL DEPARTURE LAST
                VALUE   VALUE       VALUE  FROM      YEAR
                                           NORMAL
...........................................................
TEMPERATURE (F)
 YESTERDAY
  MAXIMUM         91R    88    2002  76     15       61
  MINIMUM         62     39    2001  55      7       49
                               1980
  AVERAGE         77                 66     11       55

PRECIPITATION (IN)
  YESTERDAY        0.00   1.04 2002   0.10  -0.10     0.64
  MONTH TO DATE    1.70               2.46  -0.76     4.15
  SINCE JUN 1      4.19               5.30  -1.11     9.78
  SINCE JAN 1     15.51              18.94  -3.43    22.24

SNOWFALL (IN)
  YESTERDAY        0.0   MM      MM   0.0    0.0      0.0
  MONTH TO DATE    0.0                0.0    0.0       T
  SINCE JUN 1      0.0                0.0    0.0       T
  SINCE JUL 1      0.0                0.0    0.0       T
  SNOW DEPTH       0

DEGREE DAYS
 HEATING
  YESTERDAY        0                  3     -3       10
  MONTH TO DATE   68                 67      1      101
  SINCE JUN 1    270                249     21      264
  SINCE JUL 1     68                 67      1      101

 COOLING
  YESTERDAY       12                  3      9        0
  MONTH TO DATE   81                 81      0       42
  SINCE JUN 1     81                129    -48       96
  SINCE JAN 1     83                141    -58      116
...........................................................


WIND (MPH)
  RESULTANT WIND SPEED  MM   RESULTANT WIND DIRECTION  MM
  HIGHEST WIND SPEED    MM   HIGHEST WIND DIRECTION    MM
  HIGHEST GUST SPEED    14   HIGHEST GUST DIRECTION     E (90)
  AVERAGE WIND SPEED    MM


SKY COVER
  POSSIBLE SUNSHINE  MM
  AVERAGE SKY COVER  MM


WEATHER CONDITIONS
 THE FOLLOWING WEATHER WAS RECORDED YESTERDAY.
  NO SIGNIFICANT WEATHER WAS OBSERVED.


RELATIVE HUMIDITY (PERCENT)
 HIGHEST    MM
 LOWEST     MM
 AVERAGE    MM

..........................................................


THE MARQUETTE MI CLIMATE NORMALS FOR TODAY
                         NORMAL    RECORD    YEAR
 MAXIMUM TEMPERATURE (F)   76        99      1988
 MINIMUM TEMPERATURE (F)   55        39      1984


SUNRISE AND SUNSET
JULY 28 2015..........SUNRISE   626 AM EDT   SUNSET   927 PM EDT
JULY 29 2015..........SUNRISE   627 AM EDT   SUNSET   925 PM EDT


-  INDICATES NEGATIVE NUMBERS.
R  INDICATES RECORD WAS SET OR TIED.
MM INDICATES DATA IS MISSING.
T  INDICATES TRACE AMOUNT.




$$
