000
CDUS43 KMQT 140518
CLIMQT


CLIMATE REPORT
NATIONAL WEATHER SERVICE MARQUETTE MI
1217 AM EST TUE FEB 14 2017


...................................

...THE MARQUETTE MI CLIMATE SUMMARY FOR FEBRUARY 13 2017...

CLIMATE NORMAL PERIOD 1981 TO 2010
CLIMATE RECORD PERIOD 1961 TO 2017


WEATHER ITEM   OBSERVED RECORD YEAR NORMAL DEPARTURE LAST
                VALUE   VALUE       VALUE  FROM      YEAR
                                           NORMAL
...........................................................
TEMPERATURE (F)
 YESTERDAY
  MAXIMUM         44R    43    1984  25     19        7
  MINIMUM         10    -22    2003   5      5      -15
  AVERAGE         27                 15     12       -4

PRECIPITATION (IN)
  YESTERDAY        0.00   0.64 1962   0.07  -0.07     0.06
  MONTH TO DATE    1.15               0.94   0.21     1.57
  SINCE DEC 1      5.08               5.92  -0.84     8.40
  SINCE JAN 1      2.89               3.35  -0.46     3.53

SNOWFALL (IN)
  YESTERDAY        0.0    8.6  2000   1.2   -1.2      0.9
  MONTH TO DATE   16.7               16.5    0.2     23.8
  SINCE DEC 1     88.9              102.5  -13.6     80.2
  SINCE JUL 1    103.1              133.0  -29.9     88.1
  SNOW DEPTH      20

DEGREE DAYS
 HEATING
  YESTERDAY       38                 50    -12       69
  MONTH TO DATE  650                663    -13      648
  SINCE DEC 1   3514               3698   -184     3236
  SINCE JUL 1   5139               5900   -761     5068

 COOLING
  YESTERDAY        0                  0      0        0
  MONTH TO DATE    0                  0      0        0
  SINCE DEC 1      0                  0      0        0
  SINCE JAN 1      0                  0      0        0
...........................................................


WIND (MPH)
  RESULTANT WIND SPEED  MM   RESULTANT WIND DIRECTION  MM
  HIGHEST WIND SPEED    MM   HIGHEST WIND DIRECTION    MM
  HIGHEST GUST SPEED    26   HIGHEST GUST DIRECTION    SW (225)
  AVERAGE WIND SPEED    MM


SKY COVER
  POSSIBLE SUNSHINE  MM
  AVERAGE SKY COVER  MM


WEATHER CONDITIONS
 THE FOLLOWING WEATHER WAS RECORDED YESTERDAY.
  NO SIGNIFICANT WEATHER WAS OBSERVED.


RELATIVE HUMIDITY (PERCENT)
 HIGHEST    MM
 LOWEST     MM
 AVERAGE    MM

..........................................................


THE MARQUETTE MI CLIMATE NORMALS FOR TODAY
                         NORMAL    RECORD    YEAR
 MAXIMUM TEMPERATURE (F)   25        43      1984
 MINIMUM TEMPERATURE (F)    5       -28      1970


SUNRISE AND SUNSET
FEBRUARY 14 2017......SUNRISE   755 AM EST   SUNSET   614 PM EST
FEBRUARY 15 2017......SUNRISE   753 AM EST   SUNSET   616 PM EST


-  INDICATES NEGATIVE NUMBERS.
R  INDICATES RECORD WAS SET OR TIED.
MM INDICATES DATA IS MISSING.
T  INDICATES TRACE AMOUNT.




$$
