000
CDUS43 KMQT 222206
CLIMQT


CLIMATE REPORT
NATIONAL WEATHER SERVICE MARQUETTE MI
505 PM EST SUN FEB 22 2015


...................................

...THE MARQUETTE MI CLIMATE SUMMARY FOR FEBRUARY 22 2015...
VALID TODAY AS OF 0500 PM LOCAL TIME.

CLIMATE NORMAL PERIOD 1981 TO 2010
CLIMATE RECORD PERIOD 1961 TO 2015


WEATHER ITEM   OBSERVED RECORD YEAR NORMAL DEPARTURE LAST
                VALUE   VALUE       VALUE  FROM      YEAR
                                           NORMAL
...........................................................
TEMPERATURE (F)
 TODAY
  MAXIMUM         -1     57    1984  28    -29       18
  MINIMUM         -9    -18    2001   6    -15        5
  AVERAGE         -5                 17    -22       12

PRECIPITATION (IN)
  TODAY            T      0.37 1974   0.08  -0.08      T
  MONTH TO DATE    1.58               1.63  -0.05     1.22
  SINCE DEC 1      5.11               6.61  -1.50     5.98
  SINCE JAN 1      2.83               4.04  -1.21     3.40

SNOWFALL (IN)
  TODAY            0.1    7.5  1974   1.3   -1.2       T
  MONTH TO DATE   38.3               28.1   10.2     18.3
  SINCE DEC 1     95.4              114.1  -18.7    104.4
  SINCE JUL 1    151.6              144.6    7.0    126.9
  SNOW DEPTH      32

DEGREE DAYS
 HEATING
  TODAY           70                 48     22       53
  MONTH TO DATE 1357               1104    253     1250
  SINCE DEC 1   4391               4139    252     4748
  SINCE JUL 1   6921               6341    580     6917

 COOLING
  TODAY            0                  0      0        0
  MONTH TO DATE    0                  0      0        0
  SINCE DEC 1      0                  0      0        0
  SINCE JAN 1      0                  0      0        0
...........................................................


WIND (MPH)
  HIGHEST WIND SPEED    MM   HIGHEST WIND DIRECTION    MM
  HIGHEST GUST SPEED    24   HIGHEST GUST DIRECTION    NW (315)
  AVERAGE WIND SPEED    MM


SKY COVER
  POSSIBLE SUNSHINE  MM
  AVERAGE SKY COVER  MM


WEATHER CONDITIONS
 THE FOLLOWING WEATHER WAS RECORDED TODAY.
  LIGHT SNOW


RELATIVE HUMIDITY (PERCENT)
 HIGHEST    MM
 LOWEST     MM
 AVERAGE    MM

..........................................................


THE MARQUETTE MI CLIMATE NORMALS FOR TOMORROW
                         NORMAL    RECORD    YEAR
 MAXIMUM TEMPERATURE (F)   28        49      2000
                                             1984
 MINIMUM TEMPERATURE (F)    7       -15      1965


SUNRISE AND SUNSET
FEBRUARY 22 2015......SUNRISE   742 AM EST   SUNSET   626 PM EST
FEBRUARY 23 2015......SUNRISE   741 AM EST   SUNSET   627 PM EST


-  INDICATES NEGATIVE NUMBERS.
R  INDICATES RECORD WAS SET OR TIED.
MM INDICATES DATA IS MISSING.
T  INDICATES TRACE AMOUNT.




$$
