000
CDUS43 KMQT 210535
CLIMQT


CLIMATE REPORT
NATIONAL WEATHER SERVICE MARQUETTE MI
135 AM EDT THU APR 21 2016


...................................

...THE MARQUETTE MI CLIMATE SUMMARY FOR APRIL 20 2016...

CLIMATE NORMAL PERIOD 1981 TO 2010
CLIMATE RECORD PERIOD 1961 TO 2016


WEATHER ITEM   OBSERVED RECORD YEAR NORMAL DEPARTURE LAST
                VALUE   VALUE       VALUE  FROM      YEAR
                                           NORMAL
...........................................................
TEMPERATURE (F)
 YESTERDAY
  MAXIMUM         65     84    1987  50     15       41
  MINIMUM         32     10    2013  30      2       32
  AVERAGE         49                 40      9       37

PRECIPITATION (IN)
  YESTERDAY        0.00   1.08 2009   0.09  -0.09     0.44
  MONTH TO DATE    2.59               2.09   0.50     2.32
  SINCE MAR 1      5.93               5.12   0.81     3.58
  SINCE JAN 1     10.55               9.67   0.88     6.50

SNOWFALL (IN)
  YESTERDAY        0.0   10.6  2009   0.3   -0.3       T
                               1982
  MONTH TO DATE   40.8               11.9   28.9      9.7
  SINCE MAR 1     59.6               46.8   12.8     21.0
  SINCE JUL 1    159.7              199.2  -39.5    175.0
  SNOW DEPTH       0

DEGREE DAYS
 HEATING
  YESTERDAY       16                 25     -9       28
  MONTH TO DATE  653                590     63      519
  SINCE MAR 1   1749               1853   -104     1768
  SINCE JUL 1   7516               8477   -961     9079

 COOLING
  YESTERDAY        0                  0      0        0
  MONTH TO DATE    0                  0      0        0
  SINCE MAR 1      0                  0      0        0
  SINCE JAN 1      0                  0      0        0
...........................................................


WIND (MPH)
  RESULTANT WIND SPEED  MM   RESULTANT WIND DIRECTION  MM
  HIGHEST WIND SPEED    MM   HIGHEST WIND DIRECTION    MM
  HIGHEST GUST SPEED    22   HIGHEST GUST DIRECTION    SE (135)
  AVERAGE WIND SPEED    MM


SKY COVER
  POSSIBLE SUNSHINE  MM
  AVERAGE SKY COVER  MM


WEATHER CONDITIONS
 THE FOLLOWING WEATHER WAS RECORDED YESTERDAY.
  NO SIGNIFICANT WEATHER WAS OBSERVED.


RELATIVE HUMIDITY (PERCENT)
 HIGHEST    MM
 LOWEST     MM
 AVERAGE    MM

..........................................................


THE MARQUETTE MI CLIMATE NORMALS FOR TODAY
                         NORMAL    RECORD    YEAR
 MAXIMUM TEMPERATURE (F)   51        80      1985
 MINIMUM TEMPERATURE (F)   31         9      1982


SUNRISE AND SUNSET
APRIL 21 2016.........SUNRISE   652 AM EDT   SUNSET   847 PM EDT
APRIL 22 2016.........SUNRISE   650 AM EDT   SUNSET   848 PM EDT


-  INDICATES NEGATIVE NUMBERS.
R  INDICATES RECORD WAS SET OR TIED.
MM INDICATES DATA IS MISSING.
T  INDICATES TRACE AMOUNT.




$$
