000
CDUS43 KMQT 120509
CLIMQT


CLIMATE REPORT
NATIONAL WEATHER SERVICE MARQUETTE MI
109 AM EDT SAT AUG 12 2017


...................................

...THE MARQUETTE MI CLIMATE SUMMARY FOR AUGUST 11 2017...

CLIMATE NORMAL PERIOD 1981 TO 2010
CLIMATE RECORD PERIOD 1961 TO 2017


WEATHER ITEM   OBSERVED RECORD YEAR NORMAL DEPARTURE LAST
                VALUE   VALUE       VALUE  FROM      YEAR
                                           NORMAL
...........................................................
TEMPERATURE (F)
 YESTERDAY
  MAXIMUM         57     87    1965  75    -18       73
  MINIMUM         53     38    1967  54     -1       63
  AVERAGE         55                 65    -10       68

PRECIPITATION (IN)
  YESTERDAY        0.04   0.67 2016   0.11  -0.07     0.67
  MONTH TO DATE    2.27               1.09   1.18     0.71
  SINCE JUN 1     10.22               6.77   3.45     7.74
  SINCE JAN 1     25.06              20.41   4.65    23.95

SNOWFALL (IN)
  YESTERDAY        0.0   MM      MM   0.0    0.0      0.0
  MONTH TO DATE    0.0                0.0    0.0      0.0
  SINCE JUN 1      T                  0.0    0.0       T
  SINCE JUL 1      T                  0.0    0.0       T
  SNOW DEPTH       0

DEGREE DAYS
 HEATING
  YESTERDAY       10                  3      7        0
  MONTH TO DATE   60                 33     27        0
  SINCE JUN 1    280                294    -14      237
  SINCE JUL 1    139                112     27       55

 COOLING
  YESTERDAY        0                  2     -2        3
  MONTH TO DATE   10                 26    -16       50
  SINCE JUN 1     87                168    -81      193
  SINCE JAN 1     87                180    -93      204
...........................................................

WIND (MPH)
  RESULTANT WIND SPEED  MM   RESULTANT WIND DIRECTION  MM
  HIGHEST WIND SPEED    MM   HIGHEST WIND DIRECTION    MM
  HIGHEST GUST SPEED    20   HIGHEST GUST DIRECTION    NW (315)
  AVERAGE WIND SPEED    MM

SKY COVER
  POSSIBLE SUNSHINE  MM
  AVERAGE SKY COVER  MM

WEATHER CONDITIONS
 THE FOLLOWING WEATHER WAS RECORDED YESTERDAY.
  LIGHT RAIN
  FOG
  FOG W/VISIBILITY <= 1/4 MILE

RELATIVE HUMIDITY (PERCENT)
 HIGHEST    MM
 LOWEST     MM
 AVERAGE    MM
..........................................................

THE MARQUETTE MI CLIMATE NORMALS FOR TODAY
                         NORMAL    RECORD    YEAR
 MAXIMUM TEMPERATURE (F)   75        86      1975
 MINIMUM TEMPERATURE (F)   54        38      1992


SUNRISE AND SUNSET
AUGUST 12 2017........SUNRISE   645 AM EDT   SUNSET   904 PM EDT
AUGUST 13 2017........SUNRISE   646 AM EDT   SUNSET   903 PM EDT


-  INDICATES NEGATIVE NUMBERS.
R  INDICATES RECORD WAS SET OR TIED.
MM INDICATES DATA IS MISSING.
T  INDICATES TRACE AMOUNT.




$$
