000
CDUS43 KMQT 220622
CLIMQT


CLIMATE REPORT
NATIONAL WEATHER SERVICE MARQUETTE MI
222 AM EDT TUE JUL 22 2014


...................................

...THE MARQUETTE MI CLIMATE SUMMARY FOR JULY 21 2014...

CLIMATE NORMAL PERIOD 1981 TO 2010
CLIMATE RECORD PERIOD 1961 TO 2014


WEATHER ITEM   OBSERVED RECORD YEAR NORMAL DEPARTURE LAST
                VALUE   VALUE       VALUE  FROM      YEAR
                                           NORMAL
...........................................................
TEMPERATURE (F)
 YESTERDAY
  MAXIMUM         86     91    2002  77      9       70
  MINIMUM         65     37    1992  55     10       41
  AVERAGE         76                 66     10       56

PRECIPITATION (IN)
  YESTERDAY        0.00   1.07 2002   0.09  -0.09     0.00
  MONTH TO DATE    3.23               1.89   1.34     2.82
  SINCE JUN 1      8.86               4.73   4.13     6.13
  SINCE JAN 1     21.32              18.37   2.95    23.47

SNOWFALL (IN)
  YESTERDAY        0.0   MM      MM   0.0    0.0      0.0
  MONTH TO DATE    T                  0.0    0.0      0.0
  SINCE JUN 1      T                  0.0    0.0      0.0
  SINCE JUL 1      T                  0.0    0.0      0.0
  SNOW DEPTH       0

DEGREE DAYS
 HEATING
  YESTERDAY        0                  2     -2        9
  MONTH TO DATE   78                 54     24       49
  SINCE JUN 1    241                236      5      247
  SINCE JUL 1     78                 54     24       49

 COOLING
  YESTERDAY       11                  3      8        0
  MONTH TO DATE   35                 63    -28      123
  SINCE JUN 1     89                111    -22      162
  SINCE JAN 1    109                123    -14      175
...........................................................


WIND (MPH)
  RESULTANT WIND SPEED  MM   RESULTANT WIND DIRECTION  MM
  HIGHEST WIND SPEED    MM   HIGHEST WIND DIRECTION    MM
  HIGHEST GUST SPEED    19   HIGHEST GUST DIRECTION    SW (225)
  AVERAGE WIND SPEED    MM


SKY COVER
  POSSIBLE SUNSHINE  MM
  AVERAGE SKY COVER  MM


WEATHER CONDITIONS
 THE FOLLOWING WEATHER WAS RECORDED YESTERDAY.
  NO SIGNIFICANT WEATHER WAS OBSERVED.


RELATIVE HUMIDITY (PERCENT)
 HIGHEST    MM
 LOWEST     MM
 AVERAGE    MM

..........................................................


THE MARQUETTE MI CLIMATE NORMALS FOR TODAY
                         NORMAL    RECORD    YEAR
 MAXIMUM TEMPERATURE (F)   77        90      1999
 MINIMUM TEMPERATURE (F)   55        40      1981


SUNRISE AND SUNSET
JULY 22 2014..........SUNRISE   619 AM EDT   SUNSET   933 PM EDT
JULY 23 2014..........SUNRISE   621 AM EDT   SUNSET   932 PM EDT


-  INDICATES NEGATIVE NUMBERS.
R  INDICATES RECORD WAS SET OR TIED.
MM INDICATES DATA IS MISSING.
T  INDICATES TRACE AMOUNT.




$$
