000
CDUS43 KMQT 220630
CLIMQT


CLIMATE REPORT
NATIONAL WEATHER SERVICE MARQUETTE MI
129 AM EST THU JAN 22 2015


...................................

...THE MARQUETTE MI CLIMATE SUMMARY FOR JANUARY 21 2015...

CLIMATE NORMAL PERIOD 1981 TO 2010
CLIMATE RECORD PERIOD 1961 TO 2015


WEATHER ITEM   OBSERVED RECORD YEAR NORMAL DEPARTURE LAST
                VALUE   VALUE       VALUE  FROM      YEAR
                                           NORMAL
...........................................................
TEMPERATURE (F)
 YESTERDAY
  MAXIMUM         24     44    1981  22      2        4
  MINIMUM         -1    -24    1984   5     -6      -15
  AVERAGE         12                 13     -1       -5

PRECIPITATION (IN)
  YESTERDAY        T      0.50 1995   0.08  -0.08     0.01
  MONTH TO DATE    0.88               1.64  -0.76     1.20
  SINCE DEC 1      3.16               4.21  -1.05     3.78
  SINCE JAN 1      0.88               1.64  -0.76     1.20

SNOWFALL (IN)
  YESTERDAY        T      6.9  1995   1.4   -1.4      0.1
  MONTH TO DATE   20.5               29.4   -8.9     24.4
  SINCE DEC 1     47.5               72.2  -24.7     71.3
  SINCE JUL 1    103.7              102.7    1.0     93.8
  SNOW DEPTH      25

DEGREE DAYS
 HEATING
  YESTERDAY       53                 52      1       70
  MONTH TO DATE 1188               1075    113     1195
  SINCE DEC 1   2553               2515     38     2866
  SINCE JUL 1   5083               4717    366     5035

 COOLING
  YESTERDAY        0                  0      0        0
  MONTH TO DATE    0                  0      0        0
  SINCE DEC 1      0                  0      0        0
  SINCE JAN 1      0                  0      0        0
...........................................................


WIND (MPH)
  RESULTANT WIND SPEED  MM   RESULTANT WIND DIRECTION  MM
  HIGHEST WIND SPEED    MM   HIGHEST WIND DIRECTION    MM
  HIGHEST GUST SPEED     9   HIGHEST GUST DIRECTION    NW (315)
  AVERAGE WIND SPEED    MM


SKY COVER
  POSSIBLE SUNSHINE  MM
  AVERAGE SKY COVER  MM


WEATHER CONDITIONS
 THE FOLLOWING WEATHER WAS RECORDED YESTERDAY.
  LIGHT SNOW


RELATIVE HUMIDITY (PERCENT)
 HIGHEST    MM
 LOWEST     MM
 AVERAGE    MM

..........................................................


THE MARQUETTE MI CLIMATE NORMALS FOR TODAY
                         NORMAL    RECORD    YEAR
 MAXIMUM TEMPERATURE (F)   22        45      1989
 MINIMUM TEMPERATURE (F)    4       -24      1963


SUNRISE AND SUNSET
JANUARY 22 2015.......SUNRISE   825 AM EST   SUNSET   539 PM EST
JANUARY 23 2015.......SUNRISE   824 AM EST   SUNSET   541 PM EST


-  INDICATES NEGATIVE NUMBERS.
R  INDICATES RECORD WAS SET OR TIED.
MM INDICATES DATA IS MISSING.
T  INDICATES TRACE AMOUNT.




$$
