000
CDUS43 KMQT 260510
CLIMQT


CLIMATE REPORT
NATIONAL WEATHER SERVICE MARQUETTE MI
108 AM EDT TUE AUG 26 2014


...................................

...THE MARQUETTE MI CLIMATE SUMMARY FOR AUGUST 25 2014...

CLIMATE NORMAL PERIOD 1981 TO 2010
CLIMATE RECORD PERIOD 1961 TO 2014


WEATHER ITEM   OBSERVED RECORD YEAR NORMAL DEPARTURE LAST
                VALUE   VALUE       VALUE  FROM      YEAR
                                           NORMAL
...........................................................
TEMPERATURE (F)
 YESTERDAY
  MAXIMUM         83     92    2013  73     10       92
  MINIMUM         63     36    1977  52     11       65
  AVERAGE         73                 63     10       79

PRECIPITATION (IN)
  YESTERDAY        0.34   1.28 2004   0.10   0.24     0.06
  MONTH TO DATE    4.03               2.45   1.58     0.65
  SINCE JUN 1     13.84               8.13   5.71     8.74
  SINCE JAN 1     26.30              21.77   4.53    26.08

SNOWFALL (IN)
  YESTERDAY        0.0   MM      MM   0.0    0.0      0.0
  MONTH TO DATE    0.0                0.0    0.0      0.0
  SINCE JUN 1      T                  0.0    0.0      0.0
  SINCE JUL 1      T                  0.0    0.0      0.0
  SNOW DEPTH       0

DEGREE DAYS
 HEATING
  YESTERDAY        0                  4     -4        0
  MONTH TO DATE   91                 79     12      102
  SINCE JUN 1    375                340     35      412
  SINCE JUL 1    212                158     54      214

 COOLING
  YESTERDAY        8                  2      6       14
  MONTH TO DATE   31                 54    -23       52
  SINCE JUN 1    127                196    -69      219
  SINCE JAN 1    147                208    -61      232
...........................................................


WIND (MPH)
  RESULTANT WIND SPEED  MM   RESULTANT WIND DIRECTION  MM
  HIGHEST WIND SPEED    MM   HIGHEST WIND DIRECTION    MM
  HIGHEST GUST SPEED    23   HIGHEST GUST DIRECTION    NW (315)
  AVERAGE WIND SPEED    MM


SKY COVER
  POSSIBLE SUNSHINE  MM
  AVERAGE SKY COVER  MM


WEATHER CONDITIONS
 THE FOLLOWING WEATHER WAS RECORDED YESTERDAY.
  THUNDERSTORM
  RAIN
  LIGHT RAIN


RELATIVE HUMIDITY (PERCENT)
 HIGHEST    MM
 LOWEST     MM
 AVERAGE    MM

..........................................................


THE MARQUETTE MI CLIMATE NORMALS FOR TODAY
                         NORMAL    RECORD    YEAR
 MAXIMUM TEMPERATURE (F)   73        92      1991
 MINIMUM TEMPERATURE (F)   52        39      1968
                                             1963


SUNRISE AND SUNSET
AUGUST 26 2014........SUNRISE   703 AM EDT   SUNSET   840 PM EDT
AUGUST 27 2014........SUNRISE   704 AM EDT   SUNSET   839 PM EDT


-  INDICATES NEGATIVE NUMBERS.
R  INDICATES RECORD WAS SET OR TIED.
MM INDICATES DATA IS MISSING.
T  INDICATES TRACE AMOUNT.




$$
