000
CDUS43 KMQT 152206
CLIMQT


CLIMATE REPORT
NATIONAL WEATHER SERVICE MARQUETTE MI
506 PM EST MON JAN 15 2018


...................................

...THE MARQUETTE MI CLIMATE SUMMARY FOR JANUARY 15 2018...
VALID TODAY AS OF 0500 PM LOCAL TIME.

CLIMATE NORMAL PERIOD 1981 TO 2010
CLIMATE RECORD PERIOD 1961 TO 2018


WEATHER ITEM   OBSERVED RECORD YEAR NORMAL DEPARTURE LAST
                VALUE   VALUE       VALUE  FROM      YEAR
                                           NORMAL
...........................................................
TEMPERATURE (F)
 TODAY
  MAXIMUM         17     42    1990  22     -5       31
  MINIMUM          7    -30    1965   5      2       -5
  AVERAGE         12                 13     -1       13

PRECIPITATION (IN)
  TODAY            0.14   0.59 2007   0.08   0.06     0.00
  MONTH TO DATE    1.11               1.18  -0.07     0.98
  SINCE DEC 1      3.25               3.75  -0.50     3.17
  SINCE JAN 1      1.11               1.18  -0.07     0.98

SNOWFALL (IN)
  TODAY            2.1   15.8  2007   1.4    0.7      0.0
  MONTH TO DATE   14.4               21.0   -6.6     16.4
  SINCE DEC 1     52.4               63.8  -11.4     58.4
  SINCE JUL 1     77.4               94.3  -16.9     72.6
  SNOW DEPTH      13

DEGREE DAYS
 HEATING
  TODAY           53                 52      1       52
  MONTH TO DATE  847                763     84      812
  SINCE DEC 1   2426               2203    223     2245
  SINCE JUL 1   4553               4405    148     3870

 COOLING
  TODAY            0                  0      0        0
  MONTH TO DATE    0                  0      0        0
  SINCE DEC 1      0                  0      0        0
  SINCE JAN 1      0                  0      0        0
...........................................................


WIND (MPH)
  HIGHEST WIND SPEED    MM   HIGHEST WIND DIRECTION    MM
  HIGHEST GUST SPEED    14   HIGHEST GUST DIRECTION    SW (225)
  AVERAGE WIND SPEED    MM


SKY COVER
  POSSIBLE SUNSHINE  MM
  AVERAGE SKY COVER  MM


WEATHER CONDITIONS
 THE FOLLOWING WEATHER WAS RECORDED TODAY.
  LIGHT SNOW


RELATIVE HUMIDITY (PERCENT)
 HIGHEST    MM
 LOWEST     MM
 AVERAGE    MM

..........................................................


THE MARQUETTE MI CLIMATE NORMALS FOR TOMORROW
                         NORMAL    RECORD    YEAR
 MAXIMUM TEMPERATURE (F)   22        46      1973
 MINIMUM TEMPERATURE (F)    5       -25      1979


SUNRISE AND SUNSET
JANUARY 15 2018.......SUNRISE   830 AM EST   SUNSET   530 PM EST
JANUARY 16 2018.......SUNRISE   829 AM EST   SUNSET   531 PM EST


-  INDICATES NEGATIVE NUMBERS.
R  INDICATES RECORD WAS SET OR TIED.
MM INDICATES DATA IS MISSING.
T  INDICATES TRACE AMOUNT.




$$
