000
CDUS43 KMQT 180532
CLIMQT


CLIMATE REPORT
NATIONAL WEATHER SERVICE MARQUETTE MI
132 AM EDT THU SEP 18 2014


...................................

...THE MARQUETTE MI CLIMATE SUMMARY FOR SEPTEMBER 17 2014...

CLIMATE NORMAL PERIOD 1981 TO 2010
CLIMATE RECORD PERIOD 1961 TO 2014


WEATHER ITEM   OBSERVED RECORD YEAR NORMAL DEPARTURE LAST
                VALUE   VALUE       VALUE  FROM      YEAR
                                           NORMAL
...........................................................
TEMPERATURE (F)
 YESTERDAY
  MAXIMUM         58     82    2002  65     -7       67
  MINIMUM         39     31    1973  45     -6       40
  AVERAGE         49                 55     -6       54

PRECIPITATION (IN)
  YESTERDAY        T      1.42 2012   0.13  -0.13     0.00
  MONTH TO DATE    3.15               1.98   1.17     0.93
  SINCE SEP 1      3.15               1.98   1.17     0.93
  SINCE JAN 1     29.89              24.35   5.54    28.68

SNOWFALL (IN)
  YESTERDAY        0.0   MM      MM   0.0    0.0      0.0
  MONTH TO DATE    0.0                0.0    0.0      0.0
  SINCE SEP 1      0.0                0.0    0.0      0.0
  SINCE JUL 1      T                  0.0    0.0      0.0
  SNOW DEPTH       0

DEGREE DAYS
 HEATING
  YESTERDAY       16                 10      6       11
  MONTH TO DATE  164                131     33      138
  SINCE SEP 1    164                131     33      138
  SINCE JUL 1    411                316     95      352

 COOLING
  YESTERDAY        0                  1     -1        0
  MONTH TO DATE    2                 20    -18        7
  SINCE SEP 1      2                 20    -18        7
  SINCE JAN 1    149                240    -91      277
...........................................................


WIND (MPH)
  RESULTANT WIND SPEED  MM   RESULTANT WIND DIRECTION  MM
  HIGHEST WIND SPEED    MM   HIGHEST WIND DIRECTION    MM
  HIGHEST GUST SPEED    17   HIGHEST GUST DIRECTION     N (360)
  AVERAGE WIND SPEED    MM


SKY COVER
  POSSIBLE SUNSHINE  MM
  AVERAGE SKY COVER  MM


WEATHER CONDITIONS
 THE FOLLOWING WEATHER WAS RECORDED YESTERDAY.
  LIGHT RAIN
  FOG


RELATIVE HUMIDITY (PERCENT)
 HIGHEST    MM
 LOWEST     MM
 AVERAGE    MM

..........................................................


THE MARQUETTE MI CLIMATE NORMALS FOR TODAY
                         NORMAL    RECORD    YEAR
 MAXIMUM TEMPERATURE (F)   65        86      2000
 MINIMUM TEMPERATURE (F)   45        30      1974


SUNRISE AND SUNSET
SEPTEMBER 18 2014.....SUNRISE   732 AM EDT   SUNSET   756 PM EDT
SEPTEMBER 19 2014.....SUNRISE   733 AM EDT   SUNSET   754 PM EDT


-  INDICATES NEGATIVE NUMBERS.
R  INDICATES RECORD WAS SET OR TIED.
MM INDICATES DATA IS MISSING.
T  INDICATES TRACE AMOUNT.




$$
