000
CDUS43 KMQT 130508
CLIMQT


CLIMATE REPORT
NATIONAL WEATHER SERVICE MARQUETTE MI
107 AM EDT SUN AUG 13 2017


...................................

...THE MARQUETTE MI CLIMATE SUMMARY FOR AUGUST 12 2017...

CLIMATE NORMAL PERIOD 1981 TO 2010
CLIMATE RECORD PERIOD 1961 TO 2017


WEATHER ITEM   OBSERVED RECORD YEAR NORMAL DEPARTURE LAST
                VALUE   VALUE       VALUE  FROM      YEAR
                                           NORMAL
...........................................................
TEMPERATURE (F)
 YESTERDAY
  MAXIMUM         75     86    1975  75      0       63
  MINIMUM         48     38    1992  54     -6       59
  AVERAGE         62                 64     -2       61

PRECIPITATION (IN)
  YESTERDAY        0.00   1.03 1962   0.10  -0.10     0.02
  MONTH TO DATE    2.27               1.19   1.08     0.73
  SINCE JUN 1     10.22               6.87   3.35     7.76
  SINCE JAN 1     25.06              20.51   4.55    23.97

SNOWFALL (IN)
  YESTERDAY        0.0   MM      MM   0.0    0.0      0.0
  MONTH TO DATE    0.0                0.0    0.0      0.0
  SINCE JUN 1      T                  0.0    0.0       T
  SINCE JUL 1      T                  0.0    0.0       T
  SNOW DEPTH       0

DEGREE DAYS
 HEATING
  YESTERDAY        3                  3      0        4
  MONTH TO DATE   63                 36     27        4
  SINCE JUN 1    283                297    -14      241
  SINCE JUL 1    142                115     27       59

 COOLING
  YESTERDAY        0                  2     -2        0
  MONTH TO DATE   10                 28    -18       50
  SINCE JUN 1     87                170    -83      193
  SINCE JAN 1     87                182    -95      204
...........................................................

WIND (MPH)
  RESULTANT WIND SPEED  MM   RESULTANT WIND DIRECTION  MM
  HIGHEST WIND SPEED    MM   HIGHEST WIND DIRECTION    MM
  HIGHEST GUST SPEED    14   HIGHEST GUST DIRECTION    NW (315)
  AVERAGE WIND SPEED    MM

SKY COVER
  POSSIBLE SUNSHINE  MM
  AVERAGE SKY COVER  MM

WEATHER CONDITIONS
 THE FOLLOWING WEATHER WAS RECORDED YESTERDAY.
  NO SIGNIFICANT WEATHER WAS OBSERVED.

RELATIVE HUMIDITY (PERCENT)
 HIGHEST    MM
 LOWEST     MM
 AVERAGE    MM
..........................................................

THE MARQUETTE MI CLIMATE NORMALS FOR TODAY
                         NORMAL    RECORD    YEAR
 MAXIMUM TEMPERATURE (F)   75        89      1970
 MINIMUM TEMPERATURE (F)   54        34      1992


SUNRISE AND SUNSET
AUGUST 13 2017........SUNRISE   646 AM EDT   SUNSET   903 PM EDT
AUGUST 14 2017........SUNRISE   648 AM EDT   SUNSET   901 PM EDT


-  INDICATES NEGATIVE NUMBERS.
R  INDICATES RECORD WAS SET OR TIED.
MM INDICATES DATA IS MISSING.
T  INDICATES TRACE AMOUNT.




$$
