000
CDUS43 KMQT 070516
CLIMQT


CLIMATE REPORT
NATIONAL WEATHER SERVICE MARQUETTE MI
115 AM EDT MON APR 7 2014


...................................

...THE MARQUETTE MI CLIMATE SUMMARY FOR APRIL 6 2014...

CLIMATE NORMAL PERIOD 1981 TO 2010
CLIMATE RECORD PERIOD 1961 TO 2014


WEATHER ITEM   OBSERVED RECORD YEAR NORMAL DEPARTURE LAST
                VALUE   VALUE       VALUE  FROM      YEAR
                                           NORMAL
...........................................................
TEMPERATURE (F)
 YESTERDAY
  MAXIMUM         54     79    1991  43     11       34
  MINIMUM         34     -9    2003  23     11       23
  AVERAGE         44                 33     11       29

PRECIPITATION (IN)
  YESTERDAY        T      1.04 2005   0.11  -0.11     0.34
  MONTH TO DATE    1.13               0.64   0.49     0.38
  SINCE MAR 1      3.09               3.67  -0.58     3.67
  SINCE JAN 1      6.61               8.22  -1.61     9.22

SNOWFALL (IN)
  YESTERDAY        0.0    6.7  2007   0.7   -0.7      1.9
  MONTH TO DATE   10.7                4.5    6.2      3.8
  SINCE MAR 1     40.7               39.4    1.3     52.6
  SINCE JUL 1    170.2              191.8  -21.6    186.4
  SNOW DEPTH      36

DEGREE DAYS
 HEATING
  YESTERDAY       21                 32    -11       36
  MONTH TO DATE  211                198     13      246
  SINCE MAR 1   1734               1461    273     1596
  SINCE JUL 1   9056               8085    971     7906

 COOLING
  YESTERDAY        0                  0      0        0
  MONTH TO DATE    0                  0      0        0
  SINCE MAR 1      0                  0      0        0
  SINCE JAN 1      0                  0      0        0
...........................................................


WIND (MPH)
  RESULTANT WIND SPEED  MM   RESULTANT WIND DIRECTION  MM
  HIGHEST WIND SPEED    MM   HIGHEST WIND DIRECTION    MM
  HIGHEST GUST SPEED    22   HIGHEST GUST DIRECTION     W (270)
  AVERAGE WIND SPEED    MM


SKY COVER
  POSSIBLE SUNSHINE  MM
  AVERAGE SKY COVER  MM


WEATHER CONDITIONS
 THE FOLLOWING WEATHER WAS RECORDED YESTERDAY.
  LIGHT RAIN


RELATIVE HUMIDITY (PERCENT)
 HIGHEST    MM
 LOWEST     MM
 AVERAGE    MM

..........................................................


THE MARQUETTE MI CLIMATE NORMALS FOR TODAY
                         NORMAL    RECORD    YEAR
 MAXIMUM TEMPERATURE (F)   43        77      1991
 MINIMUM TEMPERATURE (F)   24        -5      1979


SUNRISE AND SUNSET
APRIL  7 2014.........SUNRISE   718 AM EDT   SUNSET   827 PM EDT
APRIL  8 2014.........SUNRISE   716 AM EDT   SUNSET   829 PM EDT


-  INDICATES NEGATIVE NUMBERS.
R  INDICATES RECORD WAS SET OR TIED.
MM INDICATES DATA IS MISSING.
T  INDICATES TRACE AMOUNT.




$$
