000
CDUS43 KMQT 190508
CLIMQT


CLIMATE REPORT
NATIONAL WEATHER SERVICE MARQUETTE MI
106 AM EDT SUN OCT 19 2014


...................................

...THE MARQUETTE MI CLIMATE SUMMARY FOR OCTOBER 18 2014...

CLIMATE NORMAL PERIOD 1981 TO 2010
CLIMATE RECORD PERIOD 1961 TO 2014


WEATHER ITEM   OBSERVED RECORD YEAR NORMAL DEPARTURE LAST
                VALUE   VALUE       VALUE  FROM      YEAR
                                           NORMAL
...........................................................
TEMPERATURE (F)
 YESTERDAY
  MAXIMUM         38     78    1965  51    -13       44
  MINIMUM         27     18    1976  33     -6       37
                               1972
  AVERAGE         33                 42     -9       41

PRECIPITATION (IN)
  YESTERDAY        0.19   1.29 1990   0.13   0.06     0.07
  MONTH TO DATE    5.03               2.39   2.64     2.77
  SINCE SEP 1      9.13               6.11   3.02     4.79
  SINCE JAN 1     35.87              28.48   7.39    32.54

SNOWFALL (IN)
  YESTERDAY        T      7.3  1990   0.2   -0.2      0.0
  MONTH TO DATE    T                  2.4   -2.4      0.0
  SINCE SEP 1      T                  2.5   -2.5      0.0
  SINCE JUL 1      T                  2.5   -2.5      0.0
  SNOW DEPTH       0

DEGREE DAYS
 HEATING
  YESTERDAY       32                 23      9       24
  MONTH TO DATE  383                349     34      250
  SINCE SEP 1    663                646     17      501
  SINCE JUL 1    910                831     79      715

 COOLING
  YESTERDAY        0                  0      0        0
  MONTH TO DATE    0                  0      0        0
  SINCE SEP 1      5                 21    -16       10
  SINCE JAN 1    152                241    -89      280
...........................................................


WIND (MPH)
  RESULTANT WIND SPEED  MM   RESULTANT WIND DIRECTION  MM
  HIGHEST WIND SPEED    MM   HIGHEST WIND DIRECTION    MM
  HIGHEST GUST SPEED    29   HIGHEST GUST DIRECTION     N (360)
  AVERAGE WIND SPEED    MM


SKY COVER
  POSSIBLE SUNSHINE  MM
  AVERAGE SKY COVER  MM


WEATHER CONDITIONS
 THE FOLLOWING WEATHER WAS RECORDED YESTERDAY.
  LIGHT RAIN
  LIGHT SNOW


RELATIVE HUMIDITY (PERCENT)
 HIGHEST    MM
 LOWEST     MM
 AVERAGE    MM

..........................................................


THE MARQUETTE MI CLIMATE NORMALS FOR TODAY
                         NORMAL    RECORD    YEAR
 MAXIMUM TEMPERATURE (F)   51        73      1965
 MINIMUM TEMPERATURE (F)   33        20      1972


SUNRISE AND SUNSET
OCTOBER 19 2014.......SUNRISE   813 AM EDT   SUNSET   656 PM EDT
OCTOBER 20 2014.......SUNRISE   815 AM EDT   SUNSET   655 PM EDT


-  INDICATES NEGATIVE NUMBERS.
R  INDICATES RECORD WAS SET OR TIED.
MM INDICATES DATA IS MISSING.
T  INDICATES TRACE AMOUNT.




$$
