000
CDUS43 KMQT 140521
CLIMQT


CLIMATE REPORT
NATIONAL WEATHER SERVICE MARQUETTE MI
1218 AM EST TUE NOV 14 2017


...................................

...THE MARQUETTE MI CLIMATE SUMMARY FOR NOVEMBER 13 2017...

CLIMATE NORMAL PERIOD 1981 TO 2010
CLIMATE RECORD PERIOD 1961 TO 2017


WEATHER ITEM   OBSERVED RECORD YEAR NORMAL DEPARTURE LAST
                VALUE   VALUE       VALUE  FROM      YEAR
                                           NORMAL
...........................................................
TEMPERATURE (F)
 YESTERDAY
  MAXIMUM         33     66    1999  39     -6       60
  MINIMUM         27     -5    1986  24      3       37
  AVERAGE         30                 32     -2       49

PRECIPITATION (IN)
  YESTERDAY        T      1.29 2000   0.11  -0.11     0.00
  MONTH TO DATE    0.78               1.35  -0.57     0.32
  SINCE SEP 1     12.22               8.91   3.31     8.85
  SINCE JAN 1     39.55              31.28   8.27    36.62

SNOWFALL (IN)
  YESTERDAY        T      4.0  2003   0.7   -0.7      0.0
                               1992
  MONTH TO DATE    9.1                7.4    1.7       T
  SINCE SEP 1     17.9               13.5    4.4       T
  SINCE JUL 1     17.9               13.5    4.4       T
  SNOW DEPTH       2

DEGREE DAYS
 HEATING
  YESTERDAY       35                 34      1       16
  MONTH TO DATE  491                402     89      239
  SINCE SEP 1   1251               1378   -127      993
  SINCE JUL 1   1516               1563    -47     1093

 COOLING
  YESTERDAY        0                  0      0        0
  MONTH TO DATE    0                  0      0        0
  SINCE SEP 1     52                 22     30       10
  SINCE JAN 1    145                242    -97      246
...........................................................


WIND (MPH)
  RESULTANT WIND SPEED  MM   RESULTANT WIND DIRECTION  MM
  HIGHEST WIND SPEED    MM   HIGHEST WIND DIRECTION    MM
  HIGHEST GUST SPEED    14   HIGHEST GUST DIRECTION     W (270)
  AVERAGE WIND SPEED    MM


SKY COVER
  POSSIBLE SUNSHINE  MM
  AVERAGE SKY COVER  MM


WEATHER CONDITIONS
 THE FOLLOWING WEATHER WAS RECORDED YESTERDAY.
  LT FREEZING RAIN


RELATIVE HUMIDITY (PERCENT)
 HIGHEST    MM
 LOWEST     MM
 AVERAGE    MM

..........................................................


THE MARQUETTE MI CLIMATE NORMALS FOR TODAY
                         NORMAL    RECORD    YEAR
 MAXIMUM TEMPERATURE (F)   38        59      2001
 MINIMUM TEMPERATURE (F)   24         5      1995
                                             1969


SUNRISE AND SUNSET
NOVEMBER 14 2017......SUNRISE   751 AM EST   SUNSET   518 PM EST
NOVEMBER 15 2017......SUNRISE   753 AM EST   SUNSET   517 PM EST


-  INDICATES NEGATIVE NUMBERS.
R  INDICATES RECORD WAS SET OR TIED.
MM INDICATES DATA IS MISSING.
T  INDICATES TRACE AMOUNT.




$$
