000
CDUS43 KMQT 240554
CLIMQT


CLIMATE REPORT
NATIONAL WEATHER SERVICE MARQUETTE MI
1247 AM EST MON NOV 24 2014


...................................

...THE MARQUETTE MI CLIMATE SUMMARY FOR NOVEMBER 23 2014...

CLIMATE NORMAL PERIOD 1981 TO 2010
CLIMATE RECORD PERIOD 1961 TO 2014


WEATHER ITEM   OBSERVED RECORD YEAR NORMAL DEPARTURE LAST
                VALUE   VALUE       VALUE  FROM      YEAR
                                           NORMAL
...........................................................
TEMPERATURE (F)
 YESTERDAY
  MAXIMUM         43     54    2001  34      9       16
  MINIMUM         31      1    1981  20     11        7
  AVERAGE         37                 27     10       12

PRECIPITATION (IN)
  YESTERDAY        0.07   1.65 1999   0.11  -0.04     0.11
  MONTH TO DATE    4.36               2.44   1.92     2.69
  SINCE SEP 1     14.95              10.00   4.95     9.09
  SINCE JAN 1     41.69              32.37   9.32    36.84

SNOWFALL (IN)
  YESTERDAY        0.0   18.1  1991   1.1   -1.1      2.8
  MONTH TO DATE   46.2               16.5   29.7     11.4
  SINCE SEP 1     49.4               22.6   26.8     14.9
  SINCE JUL 1     49.4               22.6   26.8     14.9
  SNOW DEPTH      16

DEGREE DAYS
 HEATING
  YESTERDAY       28                 38    -10       53
  MONTH TO DATE  954                762    192      741
  SINCE SEP 1   1939               1738    201     1628
  SINCE JUL 1   2186               1923    263     1842

 COOLING
  YESTERDAY        0                  0      0        0
  MONTH TO DATE    0                  0      0        0
  SINCE SEP 1      5                 22    -17       10
  SINCE JAN 1    152                242    -90      280
...........................................................


WIND (MPH)
  RESULTANT WIND SPEED  MM   RESULTANT WIND DIRECTION  MM
  HIGHEST WIND SPEED    MM   HIGHEST WIND DIRECTION    MM
  HIGHEST GUST SPEED    20   HIGHEST GUST DIRECTION     S (180)
  AVERAGE WIND SPEED    MM


SKY COVER
  POSSIBLE SUNSHINE  MM
  AVERAGE SKY COVER  MM


WEATHER CONDITIONS
 THE FOLLOWING WEATHER WAS RECORDED YESTERDAY.
  LIGHT RAIN
  FOG
  FOG W/VISIBILITY <= 1/4 MILE


RELATIVE HUMIDITY (PERCENT)
 HIGHEST    MM
 LOWEST     MM
 AVERAGE    MM

..........................................................


THE MARQUETTE MI CLIMATE NORMALS FOR TODAY
                         NORMAL    RECORD    YEAR
 MAXIMUM TEMPERATURE (F)   33        55      1984
 MINIMUM TEMPERATURE (F)   19         0      1995


SUNRISE AND SUNSET
NOVEMBER 24 2014......SUNRISE   805 AM EST   SUNSET   509 PM EST
NOVEMBER 25 2014......SUNRISE   806 AM EST   SUNSET   508 PM EST


-  INDICATES NEGATIVE NUMBERS.
R  INDICATES RECORD WAS SET OR TIED.
MM INDICATES DATA IS MISSING.
T  INDICATES TRACE AMOUNT.




$$
