982
CDUS43 KMQT 220523
CLIMQT


CLIMATE REPORT
NATIONAL WEATHER SERVICE MARQUETTE MI
1222 AM EST SUN JAN 22 2017


...................................

...THE MARQUETTE MI CLIMATE SUMMARY FOR JANUARY 21 2017...

CLIMATE NORMAL PERIOD 1981 TO 2010
CLIMATE RECORD PERIOD 1961 TO 2017


WEATHER ITEM   OBSERVED RECORD YEAR NORMAL DEPARTURE LAST
                VALUE   VALUE       VALUE  FROM      YEAR
                                           NORMAL
...........................................................
TEMPERATURE (F)
 YESTERDAY
  MAXIMUM         36     44    1981  22     14       23
  MINIMUM         31    -24    1984   5     26        2
  AVERAGE         34                 13     21       13

PRECIPITATION (IN)
  YESTERDAY        0.02   0.50 1995   0.08  -0.06      T
  MONTH TO DATE    1.22               1.64  -0.42     1.20
  SINCE DEC 1      3.41               4.21  -0.80     6.07
  SINCE JAN 1      1.22               1.64  -0.42     1.20

SNOWFALL (IN)
  YESTERDAY        0.0    6.9  1995   1.4   -1.4      0.6
  MONTH TO DATE   16.4               29.4  -13.0     23.5
  SINCE DEC 1     58.4               72.2  -13.8     42.4
  SINCE JUL 1     72.6              102.7  -30.1     50.3
  SNOW DEPTH      13

DEGREE DAYS
 HEATING
  YESTERDAY       31                 52    -21       52
  MONTH TO DATE 1019               1075    -56     1058
  SINCE DEC 1   2452               2515    -63     2168
  SINCE JUL 1   4077               4717   -640     4000

 COOLING
  YESTERDAY        0                  0      0        0
  MONTH TO DATE    0                  0      0        0
  SINCE DEC 1      0                  0      0        0
  SINCE JAN 1      0                  0      0        0
...........................................................


WIND (MPH)
  RESULTANT WIND SPEED  MM   RESULTANT WIND DIRECTION  MM
  HIGHEST WIND SPEED    MM   HIGHEST WIND DIRECTION    MM
  HIGHEST GUST SPEED    15   HIGHEST GUST DIRECTION     S (180)
  AVERAGE WIND SPEED    MM


SKY COVER
  POSSIBLE SUNSHINE  MM
  AVERAGE SKY COVER  MM


WEATHER CONDITIONS
 THE FOLLOWING WEATHER WAS RECORDED YESTERDAY.
  LIGHT RAIN
  FOG
  FOG W/VISIBILITY <= 1/4 MILE


RELATIVE HUMIDITY (PERCENT)
 HIGHEST    MM
 LOWEST     MM
 AVERAGE    MM

..........................................................


THE MARQUETTE MI CLIMATE NORMALS FOR TODAY
                         NORMAL    RECORD    YEAR
 MAXIMUM TEMPERATURE (F)   22        45      1989
 MINIMUM TEMPERATURE (F)    4       -24      1963


SUNRISE AND SUNSET
JANUARY 22 2017.......SUNRISE   824 AM EST   SUNSET   540 PM EST
JANUARY 23 2017.......SUNRISE   823 AM EST   SUNSET   541 PM EST


-  INDICATES NEGATIVE NUMBERS.
R  INDICATES RECORD WAS SET OR TIED.
MM INDICATES DATA IS MISSING.
T  INDICATES TRACE AMOUNT.


$$

TITUS
