000
CDUS43 KMQT 110509
CLIMQT


CLIMATE REPORT
NATIONAL WEATHER SERVICE MARQUETTE MI
104 AM EDT FRI JUL 11 2014


...................................

...THE MARQUETTE MI CLIMATE SUMMARY FOR JULY 10 2014...

CLIMATE NORMAL PERIOD 1981 TO 2010
CLIMATE RECORD PERIOD 1961 TO 2014


WEATHER ITEM   OBSERVED RECORD YEAR NORMAL DEPARTURE LAST
                VALUE   VALUE       VALUE  FROM      YEAR
                                           NORMAL
...........................................................
TEMPERATURE (F)
 YESTERDAY
  MAXIMUM         76     94    1966  77     -1       69
  MINIMUM         43     34    1968  55    -12       58
  AVERAGE         60                 66     -6       64

PRECIPITATION (IN)
  YESTERDAY        0.00   0.58 1967   0.08  -0.08     0.01
  MONTH TO DATE    2.38               0.89   1.49     0.76
  SINCE JUN 1      8.01               3.73   4.28     4.07
  SINCE JAN 1     20.47              17.37   3.10    21.41

SNOWFALL (IN)
  YESTERDAY        0.0   MM      MM   0.0    0.0      0.0
  MONTH TO DATE    0.0                0.0    0.0      0.0
  SINCE JUN 1      0.0                0.0    0.0      0.0
  SINCE JUL 1      0.0                0.0    0.0      0.0
  SNOW DEPTH       0

DEGREE DAYS
 HEATING
  YESTERDAY        5                  3      2        1
  MONTH TO DATE   42                 30     12       29
  SINCE JUN 1    205                212     -7      227
  SINCE JUL 1     42                 30     12       29

 COOLING
  YESTERDAY        0                  3     -3        0
  MONTH TO DATE    9                 30    -21       35
  SINCE JUN 1     63                 78    -15       74
  SINCE JAN 1     83                 90     -7       87
...........................................................


WIND (MPH)
  HIGHEST WIND SPEED    MM   HIGHEST WIND DIRECTION    MM
  HIGHEST GUST SPEED    17   HIGHEST GUST DIRECTION    SW (225)
  AVERAGE WIND SPEED    MM


SKY COVER
  POSSIBLE SUNSHINE  MM
  AVERAGE SKY COVER  MM


WEATHER CONDITIONS
 THE FOLLOWING WEATHER WAS RECORDED YESTERDAY.
  NO SIGNIFICANT WEATHER WAS OBSERVED.


RELATIVE HUMIDITY (PERCENT)
 HIGHEST    MM
 LOWEST     MM
 AVERAGE    MM

..........................................................


THE MARQUETTE MI CLIMATE NORMALS FOR TODAY
                         NORMAL    RECORD    YEAR
 MAXIMUM TEMPERATURE (F)   77        93      1983
 MINIMUM TEMPERATURE (F)   55        40      1992


SUNRISE AND SUNSET
JULY 11 2014..........SUNRISE   608 AM EDT   SUNSET   942 PM EDT
JULY 12 2014..........SUNRISE   609 AM EDT   SUNSET   942 PM EDT


-  INDICATES NEGATIVE NUMBERS.
R  INDICATES RECORD WAS SET OR TIED.
MM INDICATES DATA IS MISSING.
T  INDICATES TRACE AMOUNT.




$$
