818
CDUS43 KMQT 262115
CLIMQT


CLIMATE REPORT
NATIONAL WEATHER SERVICE MARQUETTE MI
513 PM EDT TUE SEP 26 2017


...................................

...THE MARQUETTE MI CLIMATE SUMMARY FOR SEPTEMBER 26 2017...
VALID TODAY AS OF 0500 PM LOCAL TIME.

CLIMATE NORMAL PERIOD 1981 TO 2010
CLIMATE RECORD PERIOD 1961 TO 2017


WEATHER ITEM   OBSERVED RECORD YEAR NORMAL DEPARTURE LAST
                VALUE   VALUE       VALUE  FROM      YEAR
                                           NORMAL
...........................................................
TEMPERATURE (F)
 TODAY
  MAXIMUM         72     79    2008  61     11       58
                               1983
  MINIMUM         56     25    1965  42     14       47
  AVERAGE         64                 52     12       53

PRECIPITATION (IN)
  TODAY            0.16   0.96 1972   0.14   0.02     0.02
  MONTH TO DATE    2.91               3.18  -0.27     4.98
  SINCE SEP 1      2.91               3.18  -0.27     4.98
  SINCE JAN 1     30.24              25.55   4.69    32.75

SNOWFALL (IN)
  TODAY            0.0    0.1  1980   0.0    0.0      0.0
  MONTH TO DATE    T                  0.0    0.0      0.0
  SINCE SEP 1      T                  0.0    0.0      0.0
  SINCE JUL 1      T                  0.0    0.0       T
  SNOW DEPTH       0

DEGREE DAYS
 HEATING
  TODAY            1                 14    -13       12
  MONTH TO DATE  151                238    -87      131
  SINCE SEP 1    151                238    -87      131
  SINCE JUL 1    416                423     -7      231

 COOLING
  TODAY            0                  0      0        0
  MONTH TO DATE   49                 21     28       10
  SINCE SEP 1     49                 21     28       10
  SINCE JAN 1    142                241    -99      246
...........................................................


WIND (MPH)
  HIGHEST WIND SPEED    MM   HIGHEST WIND DIRECTION    MM
  HIGHEST GUST SPEED    MM   HIGHEST GUST DIRECTION    MM
  AVERAGE WIND SPEED    MM


SKY COVER
  POSSIBLE SUNSHINE  MM
  AVERAGE SKY COVER  MM


WEATHER CONDITIONS
 THE FOLLOWING WEATHER WAS RECORDED TODAY.
  NO SIGNIFICANT WEATHER WAS OBSERVED.


RELATIVE HUMIDITY (PERCENT)
 HIGHEST    MM
 LOWEST     MM
 AVERAGE    MM

..........................................................


THE MARQUETTE MI CLIMATE NORMALS FOR TOMORROW
                         NORMAL    RECORD    YEAR
 MAXIMUM TEMPERATURE (F)   61        79      2014
 MINIMUM TEMPERATURE (F)   41        21      1965


SUNRISE AND SUNSET
SEPTEMBER 26 2017.....SUNRISE   743 AM EDT   SUNSET   739 PM EDT
SEPTEMBER 27 2017.....SUNRISE   744 AM EDT   SUNSET   737 PM EDT


-  INDICATES NEGATIVE NUMBERS.
R  INDICATES RECORD WAS SET OR TIED.
MM INDICATES DATA IS MISSING.
T  INDICATES TRACE AMOUNT.




$$
