000
CDUS43 KMQT 280517
CLIMQT


CLIMATE REPORT
NATIONAL WEATHER SERVICE MARQUETTE MI
115 AM EDT SAT MAR 28 2015


...................................

...THE MARQUETTE MI CLIMATE SUMMARY FOR MARCH 27 2015...

CLIMATE NORMAL PERIOD 1981 TO 2010
CLIMATE RECORD PERIOD 1961 TO 2015


WEATHER ITEM   OBSERVED RECORD YEAR NORMAL DEPARTURE LAST
                VALUE   VALUE       VALUE  FROM      YEAR
                                           NORMAL
...........................................................
TEMPERATURE (F)
 YESTERDAY
  MAXIMUM         20     68    1989  39    -19       35
  MINIMUM         -4    -11    1965  19    -23       22
  AVERAGE          8                 28    -20       29

PRECIPITATION (IN)
  YESTERDAY        T      0.90 1991   0.10  -0.10     0.58
  MONTH TO DATE    0.93               2.63  -1.70     1.92
  SINCE MAR 1      0.93               2.63  -1.70     1.92
  SINCE JAN 1      3.85               7.18  -3.33     5.44

SNOWFALL (IN)
  YESTERDAY        0.1    7.5  2000   0.9   -0.8      6.5
  MONTH TO DATE    8.5               31.6  -23.1     29.8
  SINCE MAR 1      8.5               31.6  -23.1     29.8
  SINCE JUL 1    162.5              184.0  -21.5    159.3
  SNOW DEPTH      19

DEGREE DAYS
 HEATING
  YESTERDAY       57                 36     21       36
  MONTH TO DATE 1093               1121    -28     1391
  SINCE MAR 1   1093               1121    -28     1391
  SINCE JUL 1   8404               7745    659     8713

 COOLING
  YESTERDAY        0                  0      0        0
  MONTH TO DATE    0                  0      0        0
  SINCE MAR 1      0                  0      0        0
  SINCE JAN 1      0                  0      0        0
...........................................................


WIND (MPH)
  RESULTANT WIND SPEED  MM   RESULTANT WIND DIRECTION  MM
  HIGHEST WIND SPEED    MM   HIGHEST WIND DIRECTION    MM
  HIGHEST GUST SPEED    19   HIGHEST GUST DIRECTION     N (360)
  AVERAGE WIND SPEED    MM


SKY COVER
  POSSIBLE SUNSHINE  MM
  AVERAGE SKY COVER  MM


WEATHER CONDITIONS
 THE FOLLOWING WEATHER WAS RECORDED YESTERDAY.
  LIGHT SNOW


RELATIVE HUMIDITY (PERCENT)
 HIGHEST    MM
 LOWEST     MM
 AVERAGE    MM

..........................................................


THE MARQUETTE MI CLIMATE NORMALS FOR TODAY
                         NORMAL    RECORD    YEAR
 MAXIMUM TEMPERATURE (F)   39        68      1986
 MINIMUM TEMPERATURE (F)   19       -10      1966


SUNRISE AND SUNSET
MARCH 28 2015.........SUNRISE   738 AM EDT   SUNSET   813 PM EDT
MARCH 29 2015.........SUNRISE   736 AM EDT   SUNSET   815 PM EDT


-  INDICATES NEGATIVE NUMBERS.
R  INDICATES RECORD WAS SET OR TIED.
MM INDICATES DATA IS MISSING.
T  INDICATES TRACE AMOUNT.

$$

TITUS
