000
CDUS43 KMQT 060504
CLIMQT

CLIMATE REPORT
NATIONAL WEATHER SERVICE MARQUETTE MI
104 AM EDT FRI MAY 6 2016


...................................

...THE MARQUETTE MI CLIMATE SUMMARY FOR MAY 5 2016...

CLIMATE NORMAL PERIOD 1981 TO 2010
CLIMATE RECORD PERIOD 1961 TO 2016


WEATHER ITEM   OBSERVED RECORD YEAR NORMAL DEPARTURE LAST
                VALUE   VALUE       VALUE  FROM      YEAR
                                           NORMAL
...........................................................
TEMPERATURE (F)
 YESTERDAY
  MAXIMUM         61     88    2000  58      3       68
  MINIMUM         29     21    1983  36     -7       33
  AVERAGE         45                 47     -2       51

PRECIPITATION (IN)
  YESTERDAY        0.00   0.36 1982   0.09  -0.09     0.00
  MONTH TO DATE    0.21               0.45  -0.24     0.71
  SINCE MAR 1      7.38               6.49   0.89     4.47
  SINCE JAN 1     12.00              11.04   0.96     7.39

SNOWFALL (IN)
  YESTERDAY        0.0    2.3  1970   0.1   -0.1      0.0
  MONTH TO DATE    T                  0.5   -0.5       T
  SINCE MAR 1     59.7               49.9    9.8     24.4
  SINCE JUL 1    159.8              202.3  -42.5    178.4
  SNOW DEPTH       0

DEGREE DAYS
 HEATING
  YESTERDAY       20                 18      2       14
  MONTH TO DATE  108                 95     13       56
  SINCE MAR 1   2131               2173    -42     2118
  SINCE JUL 1   7898               8797   -899     9429

 COOLING
  YESTERDAY        0                  0      0        0
  MONTH TO DATE    0                  0      0        0
  SINCE MAR 1      0                  1     -1        0
  SINCE JAN 1      0                  1     -1        0
...........................................................


WIND (MPH)
  RESULTANT WIND SPEED  MM   RESULTANT WIND DIRECTION  MM
  HIGHEST WIND SPEED    MM   HIGHEST WIND DIRECTION    MM
  HIGHEST GUST SPEED    15   HIGHEST GUST DIRECTION    NE (45)
  AVERAGE WIND SPEED    MM


SKY COVER
  POSSIBLE SUNSHINE  MM
  AVERAGE SKY COVER  MM


WEATHER CONDITIONS
 THE FOLLOWING WEATHER WAS RECORDED YESTERDAY.
  NO SIGNIFICANT WEATHER WAS OBSERVED.


RELATIVE HUMIDITY (PERCENT)
 HIGHEST    MM
 LOWEST     MM
 AVERAGE    MM

..........................................................


THE MARQUETTE MI CLIMATE NORMALS FOR TODAY
                         NORMAL    RECORD    YEAR
 MAXIMUM TEMPERATURE (F)   58        85      2000
 MINIMUM TEMPERATURE (F)   37        18      1992


SUNRISE AND SUNSET
MAY  6 2016...........SUNRISE   628 AM EDT   SUNSET   907 PM EDT
MAY  7 2016...........SUNRISE   626 AM EDT   SUNSET   908 PM EDT


-  INDICATES NEGATIVE NUMBERS.
R  INDICATES RECORD WAS SET OR TIED.
MM INDICATES DATA IS MISSING.
T  INDICATES TRACE AMOUNT.




$$
