508
CDUS43 KMQT 250530
CLIMQT


CLIMATE REPORT
NATIONAL WEATHER SERVICE MARQUETTE MI
128 AM EDT SUN SEP 25 2016


...................................

...THE MARQUETTE MI CLIMATE SUMMARY FOR SEPTEMBER 24 2016...

CLIMATE NORMAL PERIOD 1981 TO 2010
CLIMATE RECORD PERIOD 1961 TO 2016


WEATHER ITEM   OBSERVED RECORD YEAR NORMAL DEPARTURE LAST
                VALUE   VALUE       VALUE  FROM      YEAR
                                           NORMAL
...........................................................
TEMPERATURE (F)
 YESTERDAY
  MAXIMUM         67     84    2007  62      5       69
  MINIMUM         42     25    1989  43     -1       50
  AVERAGE         55                 52      3       60

PRECIPITATION (IN)
  YESTERDAY        T      1.28 1984   0.14  -0.14      T
  MONTH TO DATE    4.69               2.90   1.79     1.52
  SINCE SEP 1      4.69               2.90   1.79     1.52
  SINCE JAN 1     32.46              25.27   7.19    19.73

SNOWFALL (IN)
  YESTERDAY        0.0   MM      MM   0.0    0.0      0.0
  MONTH TO DATE    0.0                0.0    0.0      0.0
  SINCE SEP 1      0.0                0.0    0.0      0.0
  SINCE JUL 1      T                  0.0    0.0      0.0
  SNOW DEPTH       0

DEGREE DAYS
 HEATING
  YESTERDAY       10                 13     -3        5
  MONTH TO DATE  112                211    -99      113
  SINCE SEP 1    112                211    -99      113
  SINCE JUL 1    212                396   -184      281

 COOLING
  YESTERDAY        0                  0      0        0
  MONTH TO DATE   10                 21    -11       64
  SINCE SEP 1     10                 21    -11       64
  SINCE JAN 1    246                241      5      246
...........................................................


WIND (MPH)
  HIGHEST WIND SPEED    MM   HIGHEST WIND DIRECTION    MM
  HIGHEST GUST SPEED    16   HIGHEST GUST DIRECTION     S (180)
  AVERAGE WIND SPEED    MM


SKY COVER
  POSSIBLE SUNSHINE  MM
  AVERAGE SKY COVER  MM


WEATHER CONDITIONS
 THE FOLLOWING WEATHER WAS RECORDED YESTERDAY.
  LIGHT RAIN


RELATIVE HUMIDITY (PERCENT)
 HIGHEST    MM
 LOWEST     MM
 AVERAGE    MM

..........................................................


THE MARQUETTE MI CLIMATE NORMALS FOR TODAY
                         NORMAL    RECORD    YEAR
 MAXIMUM TEMPERATURE (F)   62        75      1979
 MINIMUM TEMPERATURE (F)   42        25      1975


SUNRISE AND SUNSET
SEPTEMBER 25 2016.....SUNRISE   742 AM EDT   SUNSET   741 PM EDT
SEPTEMBER 26 2016.....SUNRISE   743 AM EDT   SUNSET   739 PM EDT


-  INDICATES NEGATIVE NUMBERS.
R  INDICATES RECORD WAS SET OR TIED.
MM INDICATES DATA IS MISSING.
T  INDICATES TRACE AMOUNT.




$$

JLA
