000
CDUS43 KMQT 220517
CLIMQT


CLIMATE REPORT
NATIONAL WEATHER SERVICE MARQUETTE MI
1217 AM EST WED FEB 22 2017


...................................

...THE MARQUETTE MI CLIMATE SUMMARY FOR FEBRUARY 21 2017...

CLIMATE NORMAL PERIOD 1981 TO 2010
CLIMATE RECORD PERIOD 1961 TO 2017


WEATHER ITEM   OBSERVED RECORD YEAR NORMAL DEPARTURE LAST
                VALUE   VALUE       VALUE  FROM      YEAR
                                           NORMAL
...........................................................
TEMPERATURE (F)
 YESTERDAY
  MAXIMUM         56R    47    2000  27     29       26
  MINIMUM         39    -15    2001   6     33       13
  AVERAGE         48                 17     31       20

PRECIPITATION (IN)
  YESTERDAY        0.05   0.37 1979   0.08  -0.03     0.03
  MONTH TO DATE    1.38               1.55  -0.17     2.02
  SINCE DEC 1      5.31               6.53  -1.22     8.85
  SINCE JAN 1      3.12               3.96  -0.84     3.98

SNOWFALL (IN)
  YESTERDAY        0.0    6.9  2009   1.3   -1.3      1.0
  MONTH TO DATE   20.0               26.8   -6.8     29.5
  SINCE DEC 1     92.2              112.8  -20.6     85.9
  SINCE JUL 1    106.4              143.3  -36.9     93.8
  SNOW DEPTH      12

DEGREE DAYS
 HEATING
  YESTERDAY       17                 48    -31       45
  MONTH TO DATE  913               1056   -143     1017
  SINCE DEC 1   3777               4091   -314     3605
  SINCE JUL 1   5402               6293   -891     5437

 COOLING
  YESTERDAY        0                  0      0        0
  MONTH TO DATE    0                  0      0        0
  SINCE DEC 1      0                  0      0        0
  SINCE JAN 1      0                  0      0        0
...........................................................

WIND (MPH)
  RESULTANT WIND SPEED  MM   RESULTANT WIND DIRECTION  MM
  HIGHEST WIND SPEED    MM   HIGHEST WIND DIRECTION    MM
  HIGHEST GUST SPEED    27   HIGHEST GUST DIRECTION     S (180)
  AVERAGE WIND SPEED    MM

SKY COVER
  POSSIBLE SUNSHINE  MM
  AVERAGE SKY COVER  MM

WEATHER CONDITIONS
 THE FOLLOWING WEATHER WAS RECORDED YESTERDAY.
  LIGHT RAIN
  FOG
  FOG W/VISIBILITY <= 1/4 MILE

RELATIVE HUMIDITY (PERCENT)
 HIGHEST    MM
 LOWEST     MM
 AVERAGE    MM
..........................................................

THE MARQUETTE MI CLIMATE NORMALS FOR TODAY
                         NORMAL    RECORD    YEAR
 MAXIMUM TEMPERATURE (F)   28        57      1984
 MINIMUM TEMPERATURE (F)    6       -18      2001


SUNRISE AND SUNSET
FEBRUARY 22 2017......SUNRISE   742 AM EST   SUNSET   626 PM EST
FEBRUARY 23 2017......SUNRISE   740 AM EST   SUNSET   628 PM EST


-  INDICATES NEGATIVE NUMBERS.
R  INDICATES RECORD WAS SET OR TIED.
MM INDICATES DATA IS MISSING.
T  INDICATES TRACE AMOUNT.




$$
