322
CDUS43 KMQT 182107
CLIMQT


CLIMATE REPORT
NATIONAL WEATHER SERVICE MARQUETTE MI
506 PM EDT TUE JUL 18 2017


...................................

...THE MARQUETTE MI CLIMATE SUMMARY FOR JULY 18 2017...
VALID TODAY AS OF 0500 PM LOCAL TIME.

CLIMATE NORMAL PERIOD 1981 TO 2010
CLIMATE RECORD PERIOD 1961 TO 2017


WEATHER ITEM   OBSERVED RECORD YEAR NORMAL DEPARTURE LAST
                VALUE   VALUE       VALUE  FROM      YEAR
                                           NORMAL
...........................................................
TEMPERATURE (F)
 TODAY
  MAXIMUM         84     92    1966  77      7       73
  MINIMUM         60     41    2000  55      5       52
  AVERAGE         72                 66      6       63

PRECIPITATION (IN)
  TODAY            0.24   1.54 1996   0.09   0.15     0.00
  MONTH TO DATE    1.58               1.61  -0.03     2.80
  SINCE JUN 1      7.55               4.45   3.10     6.34
  SINCE JAN 1     22.39              18.09   4.30    22.55

SNOWFALL (IN)
  TODAY            0.0   MM      MM   0.0    0.0      0.0
  MONTH TO DATE    T                  0.0    0.0       T
  SINCE JUN 1      T                  0.0    0.0       T
  SINCE JUL 1      T                  0.0    0.0       T
  SNOW DEPTH       0

DEGREE DAYS
 HEATING
  TODAY            0                  2     -2        2
  MONTH TO DATE   61                 48     13       44
  SINCE JUN 1    202                230    -28      226
  SINCE JUL 1     61                 48     13       44

 COOLING
  TODAY            7                  3      4        0
  MONTH TO DATE   22                 54    -32       34
  SINCE JUN 1     43                102    -59       75
  SINCE JAN 1     43                114    -71       86
...........................................................


WIND (MPH)
  HIGHEST WIND SPEED    MM   HIGHEST WIND DIRECTION    MM
  HIGHEST GUST SPEED    24   HIGHEST GUST DIRECTION     W (270)
  AVERAGE WIND SPEED    MM


SKY COVER
  POSSIBLE SUNSHINE  MM
  AVERAGE SKY COVER  MM


WEATHER CONDITIONS
 THE FOLLOWING WEATHER WAS RECORDED TODAY.
  THUNDERSTORM
  RAIN


RELATIVE HUMIDITY (PERCENT)
 HIGHEST    MM
 LOWEST     MM
 AVERAGE    MM

..........................................................


THE MARQUETTE MI CLIMATE NORMALS FOR TOMORROW
                         NORMAL    RECORD    YEAR
 MAXIMUM TEMPERATURE (F)   77        99      1977
 MINIMUM TEMPERATURE (F)   55        36      2000


SUNRISE AND SUNSET
JULY 18 2017..........SUNRISE   615 AM EDT   SUNSET   937 PM EDT
JULY 19 2017..........SUNRISE   616 AM EDT   SUNSET   936 PM EDT


-  INDICATES NEGATIVE NUMBERS.
R  INDICATES RECORD WAS SET OR TIED.
MM INDICATES DATA IS MISSING.
T  INDICATES TRACE AMOUNT.




$$
