172
CDUS43 KMQT 260525
CLIMQT


CLIMATE REPORT
NATIONAL WEATHER SERVICE MARQUETTE MI
123 AM EDT TUE APR 26 2016


...................................

...THE MARQUETTE MI CLIMATE SUMMARY FOR APRIL 25 2016...

CLIMATE NORMAL PERIOD 1981 TO 2010
CLIMATE RECORD PERIOD 1961 TO 2016


WEATHER ITEM   OBSERVED RECORD YEAR NORMAL DEPARTURE LAST
                VALUE   VALUE       VALUE  FROM      YEAR
                                           NORMAL
...........................................................
TEMPERATURE (F)
 YESTERDAY
  MAXIMUM         34     89    1990  53    -19       42
  MINIMUM         31      9    1972  33     -2       24
  AVERAGE         33                 43    -10       33

PRECIPITATION (IN)
  YESTERDAY        1.05R  0.74 1996   0.09   0.96     0.00
  MONTH TO DATE    3.80               2.54   1.26     2.50
  SINCE MAR 1      7.14               5.57   1.57     3.76
  SINCE JAN 1     11.76              10.12   1.64     6.68

SNOWFALL (IN)
  YESTERDAY        0.0    1.5  2013   0.3   -0.3      0.0
  MONTH TO DATE   40.9               13.4   27.5     13.1
  SINCE MAR 1     59.7               48.3   11.4     24.4
  SINCE JUL 1    159.8              200.7  -40.9    178.4
  SNOW DEPTH       0

DEGREE DAYS
 HEATING
  YESTERDAY       32                 23      9       32
  MONTH TO DATE  793                707     86      692
  SINCE MAR 1   1889               1970    -81     1941
  SINCE JUL 1   7656               8594   -938     9252

 COOLING
  YESTERDAY        0                  0      0        0
  MONTH TO DATE    0                  0      0        0
  SINCE MAR 1      0                  0      0        0
  SINCE JAN 1      0                  0      0        0
...........................................................


WIND (MPH)
  HIGHEST WIND SPEED    MM   HIGHEST WIND DIRECTION    MM
  HIGHEST GUST SPEED    28   HIGHEST GUST DIRECTION     E (90)
  AVERAGE WIND SPEED    MM


SKY COVER
  POSSIBLE SUNSHINE  MM
  AVERAGE SKY COVER  MM


WEATHER CONDITIONS
 THE FOLLOWING WEATHER WAS RECORDED YESTERDAY.
  RAIN
  LIGHT RAIN
  FOG
  FOG W/VISIBILITY <= 1/4 MILE


RELATIVE HUMIDITY (PERCENT)
 HIGHEST    MM
 LOWEST     MM
 AVERAGE    MM

..........................................................


THE MARQUETTE MI CLIMATE NORMALS FOR TODAY
                         NORMAL    RECORD    YEAR
 MAXIMUM TEMPERATURE (F)   53        85      1990
 MINIMUM TEMPERATURE (F)   33        19      1993


SUNRISE AND SUNSET
APRIL 26 2016.........SUNRISE   643 AM EDT   SUNSET   854 PM EDT
APRIL 27 2016.........SUNRISE   641 AM EDT   SUNSET   855 PM EDT


-  INDICATES NEGATIVE NUMBERS.
R  INDICATES RECORD WAS SET OR TIED.
MM INDICATES DATA IS MISSING.
T  INDICATES TRACE AMOUNT.




$$
