000
CDUS43 KMQT 300603
CLIMQT


CLIMATE REPORT
NATIONAL WEATHER SERVICE MARQUETTE MI
155 AM EDT THU JUL 30 2015


...................................

...THE MARQUETTE MI CLIMATE SUMMARY FOR JULY 29 2015...

CLIMATE NORMAL PERIOD 1981 TO 2010
CLIMATE RECORD PERIOD 1961 TO 2015


WEATHER ITEM   OBSERVED RECORD YEAR NORMAL DEPARTURE LAST
                VALUE   VALUE       VALUE  FROM      YEAR
                                           NORMAL
...........................................................
TEMPERATURE (F)
 YESTERDAY
  MAXIMUM         79     94    1988  76      3       67
  MINIMUM         67     40    1971  55     12       54
  AVERAGE         73                 65      8       61

PRECIPITATION (IN)
  YESTERDAY        T      0.65 1982   0.10  -0.10      T
  MONTH TO DATE    1.70               2.65  -0.95     4.15
  SINCE JUN 1      4.19               5.49  -1.30     9.78
  SINCE JAN 1     15.51              19.13  -3.62    22.24

SNOWFALL (IN)
  YESTERDAY        0.0   MM      MM   0.0    0.0      0.0
  MONTH TO DATE    0.0                0.0    0.0       T
  SINCE JUN 1      0.0                0.0    0.0       T
  SINCE JUL 1      0.0                0.0    0.0       T
  SNOW DEPTH       0

DEGREE DAYS
 HEATING
  YESTERDAY        0                  3     -3        4
  MONTH TO DATE   68                 73     -5      112
  SINCE JUN 1    270                255     15      275
  SINCE JUL 1     68                 73     -5      112

 COOLING
  YESTERDAY        8                  3      5        0
  MONTH TO DATE   98                 87     11       42
  SINCE JUN 1     98                135    -37       96
  SINCE JAN 1    100                147    -47      116
...........................................................


WIND (MPH)
  RESULTANT WIND SPEED  MM   RESULTANT WIND DIRECTION  MM
  HIGHEST WIND SPEED    MM   HIGHEST WIND DIRECTION    MM
  HIGHEST GUST SPEED    33   HIGHEST GUST DIRECTION     W (270)
  AVERAGE WIND SPEED    MM


SKY COVER
  POSSIBLE SUNSHINE  MM
  AVERAGE SKY COVER  MM


WEATHER CONDITIONS
 THE FOLLOWING WEATHER WAS RECORDED YESTERDAY.
  LIGHT RAIN


RELATIVE HUMIDITY (PERCENT)
 HIGHEST    MM
 LOWEST     MM
 AVERAGE    MM

..........................................................


THE MARQUETTE MI CLIMATE NORMALS FOR TODAY
                         NORMAL    RECORD    YEAR
 MAXIMUM TEMPERATURE (F)   76        97      1999
                                             1975
 MINIMUM TEMPERATURE (F)   55        39      1978


SUNRISE AND SUNSET
JULY 30 2015..........SUNRISE   628 AM EDT   SUNSET   924 PM EDT
JULY 31 2015..........SUNRISE   630 AM EDT   SUNSET   923 PM EDT


-  INDICATES NEGATIVE NUMBERS.
R  INDICATES RECORD WAS SET OR TIED.
MM INDICATES DATA IS MISSING.
T  INDICATES TRACE AMOUNT.




$$
