000
CDUS43 KMQT 200544
CLIMQT


CLIMATE REPORT
NATIONAL WEATHER SERVICE MARQUETTE MI
144 AM EDT FRI MAY 20 2016


...................................

...THE MARQUETTE MI CLIMATE SUMMARY FOR MAY 19 2016...

CLIMATE NORMAL PERIOD 1981 TO 2010
CLIMATE RECORD PERIOD 1961 TO 2016


WEATHER ITEM   OBSERVED RECORD YEAR NORMAL DEPARTURE LAST
                VALUE   VALUE       VALUE  FROM      YEAR
                                           NORMAL
...........................................................
TEMPERATURE (F)
 YESTERDAY
  MAXIMUM         72     90    1972  63      9       43
  MINIMUM         40     25    2002  41     -1       28
  AVERAGE         56                 52      4       36

PRECIPITATION (IN)
  YESTERDAY        0.00   1.97 1975   0.10  -0.10     0.04
  MONTH TO DATE    0.45               1.75  -1.30     1.56
  SINCE MAR 1      7.62               7.79  -0.17     5.32
  SINCE JAN 1     12.24              12.34  -0.10     8.24

SNOWFALL (IN)
  YESTERDAY        0.0    0.5  1967   0.0    0.0      0.3
  MONTH TO DATE    1.1                1.5   -0.4      0.3
  SINCE MAR 1     60.8               50.9    9.9     24.7
  SINCE JUL 1    160.9              203.3  -42.4    178.7
  SNOW DEPTH       0

DEGREE DAYS
 HEATING
  YESTERDAY        9                 13     -4       29
  MONTH TO DATE  354                313     41      280
  SINCE MAR 1   2377               2391    -14     2342
  SINCE JUL 1   8144               9015   -871     9653

 COOLING
  YESTERDAY        0                  0      0        0
  MONTH TO DATE    0                  0      0        2
  SINCE MAR 1      0                  1     -1        2
  SINCE JAN 1      0                  1     -1        2
...........................................................


WIND (MPH)
  RESULTANT WIND SPEED  MM   RESULTANT WIND DIRECTION  MM
  HIGHEST WIND SPEED    MM   HIGHEST WIND DIRECTION    MM
  HIGHEST GUST SPEED    18   HIGHEST GUST DIRECTION    NE (45)
  AVERAGE WIND SPEED    MM


SKY COVER
  POSSIBLE SUNSHINE  MM
  AVERAGE SKY COVER  MM


WEATHER CONDITIONS
 THE FOLLOWING WEATHER WAS RECORDED YESTERDAY.
  NO SIGNIFICANT WEATHER WAS OBSERVED.


RELATIVE HUMIDITY (PERCENT)
 HIGHEST    MM
 LOWEST     MM
 AVERAGE    MM

..........................................................


THE MARQUETTE MI CLIMATE NORMALS FOR TODAY
                         NORMAL    RECORD    YEAR
 MAXIMUM TEMPERATURE (F)   64        89      2009
 MINIMUM TEMPERATURE (F)   41        24      2002


SUNRISE AND SUNSET
MAY 20 2016...........SUNRISE   610 AM EDT   SUNSET   924 PM EDT
MAY 21 2016...........SUNRISE   609 AM EDT   SUNSET   925 PM EDT


-  INDICATES NEGATIVE NUMBERS.
R  INDICATES RECORD WAS SET OR TIED.
MM INDICATES DATA IS MISSING.
T  INDICATES TRACE AMOUNT.




$$
