000
CDUS43 KMQT 060504
CLIMQT


CLIMATE REPORT
NATIONAL WEATHER SERVICE MARQUETTE MI
102 AM EDT SUN APR 6 2014


...................................

...THE MARQUETTE MI CLIMATE SUMMARY FOR APRIL 5 2014...

CLIMATE NORMAL PERIOD 1981 TO 2010
CLIMATE RECORD PERIOD 1961 TO 2014


WEATHER ITEM   OBSERVED RECORD YEAR NORMAL DEPARTURE LAST
                VALUE   VALUE       VALUE  FROM      YEAR
                                           NORMAL
...........................................................
TEMPERATURE (F)
 YESTERDAY
  MAXIMUM         44     77    1991  43      1       32
  MINIMUM         15     -2    1972  23     -8       21
  AVERAGE         30                 33     -3       27

PRECIPITATION (IN)
  YESTERDAY        T      1.27 1977   0.10  -0.10      T
  MONTH TO DATE    1.13               0.53   0.60     0.04
  SINCE MAR 1      3.09               3.56  -0.47     3.33
  SINCE JAN 1      6.61               8.11  -1.50     8.88

SNOWFALL (IN)
  YESTERDAY        T     15.5  1977   0.7   -0.7       T
  MONTH TO DATE   10.7                3.8    6.9      1.9
  SINCE MAR 1     40.7               38.7    2.0     50.7
  SINCE JUL 1    170.2              191.1  -20.9    184.5
  SNOW DEPTH      39

DEGREE DAYS
 HEATING
  YESTERDAY       35                 32      3       38
  MONTH TO DATE  190                166     24      210
  SINCE MAR 1   1713               1429    284     1560
  SINCE JUL 1   9035               8053    982     7870

 COOLING
  YESTERDAY        0                  0      0        0
  MONTH TO DATE    0                  0      0        0
  SINCE MAR 1      0                  0      0        0
  SINCE JAN 1      0                  0      0        0
...........................................................


WIND (MPH)
  RESULTANT WIND SPEED  MM   RESULTANT WIND DIRECTION  MM
  HIGHEST WIND SPEED    MM   HIGHEST WIND DIRECTION    MM
  HIGHEST GUST SPEED    MM   HIGHEST GUST DIRECTION    MM
  AVERAGE WIND SPEED    MM


SKY COVER
  POSSIBLE SUNSHINE  MM
  AVERAGE SKY COVER  MM


WEATHER CONDITIONS
 THE FOLLOWING WEATHER WAS RECORDED YESTERDAY.
  LIGHT SNOW
  BLOWING SNOW


RELATIVE HUMIDITY (PERCENT)
 HIGHEST    MM
 LOWEST     MM
 AVERAGE    MM

..........................................................


THE MARQUETTE MI CLIMATE NORMALS FOR TODAY
                         NORMAL    RECORD    YEAR
 MAXIMUM TEMPERATURE (F)   43        79      1991
 MINIMUM TEMPERATURE (F)   23        -9      2003


SUNRISE AND SUNSET
APRIL  6 2014.........SUNRISE   720 AM EDT   SUNSET   826 PM EDT
APRIL  7 2014.........SUNRISE   718 AM EDT   SUNSET   827 PM EDT


-  INDICATES NEGATIVE NUMBERS.
R  INDICATES RECORD WAS SET OR TIED.
MM INDICATES DATA IS MISSING.
T  INDICATES TRACE AMOUNT.




$$
