000
CDUS43 KMQT 170535
CLIMQT


CLIMATE REPORT
NATIONAL WEATHER SERVICE MARQUETTE MI
126 AM EDT SAT SEP 17 2016


...................................

...THE MARQUETTE MI CLIMATE SUMMARY FOR SEPTEMBER 16 2016...

CLIMATE NORMAL PERIOD 1981 TO 2010
CLIMATE RECORD PERIOD 1961 TO 2016


WEATHER ITEM   OBSERVED RECORD YEAR NORMAL DEPARTURE LAST
                VALUE   VALUE       VALUE  FROM      YEAR
                                           NORMAL
...........................................................
TEMPERATURE (F)
 YESTERDAY
  MAXIMUM         66     81    2015  66      0       81
  MINIMUM         57     29    2011  46     11       61
  AVERAGE         62                 56      6       71

PRECIPITATION (IN)
  YESTERDAY        1.28R  0.89 1972   0.12   1.16     0.00
  MONTH TO DATE    4.65               1.85   2.80     1.32
  SINCE SEP 1      4.65               1.85   2.80     1.32
  SINCE JAN 1     32.42              24.22   8.20    19.53

SNOWFALL (IN)
  YESTERDAY        0.0   MM      MM   0.0    0.0      0.0
  MONTH TO DATE    0.0                0.0    0.0      0.0
  SINCE SEP 1      0.0                0.0    0.0      0.0
  SINCE JUL 1      T                  0.0    0.0      0.0
  SNOW DEPTH       0

DEGREE DAYS
 HEATING
  YESTERDAY        3                 10     -7        0
  MONTH TO DATE   68                121    -53       63
  SINCE SEP 1     68                121    -53       63
  SINCE JUL 1    168                306   -138      231

 COOLING
  YESTERDAY        0                  1     -1        6
  MONTH TO DATE   10                 19     -9       58
  SINCE SEP 1     10                 19     -9       58
  SINCE JAN 1    246                239      7      240
...........................................................


WIND (MPH)
  RESULTANT WIND SPEED  MM   RESULTANT WIND DIRECTION  MM
  HIGHEST WIND SPEED    MM   HIGHEST WIND DIRECTION    MM
  HIGHEST GUST SPEED    18   HIGHEST GUST DIRECTION    SE (135)
  AVERAGE WIND SPEED    MM


SKY COVER
  POSSIBLE SUNSHINE  MM
  AVERAGE SKY COVER  MM


WEATHER CONDITIONS
 THE FOLLOWING WEATHER WAS RECORDED YESTERDAY.
  HEAVY RAIN
  RAIN
  LIGHT RAIN


RELATIVE HUMIDITY (PERCENT)
 HIGHEST    MM
 LOWEST     MM
 AVERAGE    MM

..........................................................


THE MARQUETTE MI CLIMATE NORMALS FOR TODAY
                         NORMAL    RECORD    YEAR
 MAXIMUM TEMPERATURE (F)   65        82      2002
 MINIMUM TEMPERATURE (F)   45        31      1973


SUNRISE AND SUNSET
SEPTEMBER 17 2016.....SUNRISE   731 AM EDT   SUNSET   757 PM EDT
SEPTEMBER 18 2016.....SUNRISE   733 AM EDT   SUNSET   755 PM EDT


-  INDICATES NEGATIVE NUMBERS.
R  INDICATES RECORD WAS SET OR TIED.
MM INDICATES DATA IS MISSING.
T  INDICATES TRACE AMOUNT.




$$
