000
CDUS43 KMQT 130510
CLIMQT


CLIMATE REPORT
NATIONAL WEATHER SERVICE MARQUETTE MI
108 AM EDT TUE JUN 13 2017


...................................

...THE MARQUETTE MI CLIMATE SUMMARY FOR JUNE 12 2017...

CLIMATE NORMAL PERIOD 1981 TO 2010
CLIMATE RECORD PERIOD 1961 TO 2017


WEATHER ITEM   OBSERVED RECORD YEAR NORMAL DEPARTURE LAST
                VALUE   VALUE       VALUE  FROM      YEAR
                                           NORMAL
...........................................................
TEMPERATURE (F)
 YESTERDAY
  MAXIMUM         82     89    2007  71     11       62
                               1988
  MINIMUM         58     33    1962  48     10       47
  AVERAGE         70                 60     10       55

PRECIPITATION (IN)
  YESTERDAY        0.01   1.03 2008   0.10  -0.09     0.00
  MONTH TO DATE    1.29               1.23   0.06     1.88
  SINCE JUN 1      1.29               1.23   0.06     1.88
  SINCE JAN 1     16.13              14.87   1.26    18.09

SNOWFALL (IN)
  YESTERDAY        0.0   MM      MM   0.0    0.0      0.0
  MONTH TO DATE    0.0                0.0    0.0       T
  SINCE JUN 1      0.0                0.0    0.0       T
  SINCE JUL 1    154.0              203.3  -49.3    160.9
  SNOW DEPTH       0

DEGREE DAYS
 HEATING
  YESTERDAY        0                  7     -7       10
  MONTH TO DATE   56                 96    -40      106
  SINCE JUN 1     56                 96    -40      106
  SINCE JUL 1   8289               9248   -959     8310

 COOLING
  YESTERDAY        5                  1      4        0
  MONTH TO DATE   10                 12     -2        2
  SINCE JUN 1     10                 12     -2        2
  SINCE JAN 1     10                 24    -14       13
...........................................................


WIND (MPH)
  RESULTANT WIND SPEED  MM   RESULTANT WIND DIRECTION  MM
  HIGHEST WIND SPEED    MM   HIGHEST WIND DIRECTION    MM
  HIGHEST GUST SPEED    17   HIGHEST GUST DIRECTION    NW (315)
  AVERAGE WIND SPEED    MM


SKY COVER
  POSSIBLE SUNSHINE  MM
  AVERAGE SKY COVER  MM


WEATHER CONDITIONS
 THE FOLLOWING WEATHER WAS RECORDED YESTERDAY.
  THUNDERSTORM
  LIGHT RAIN


RELATIVE HUMIDITY (PERCENT)
 HIGHEST    MM
 LOWEST     MM
 AVERAGE    MM

..........................................................


THE MARQUETTE MI CLIMATE NORMALS FOR TODAY
                         NORMAL    RECORD    YEAR
 MAXIMUM TEMPERATURE (F)   71        93      1988
 MINIMUM TEMPERATURE (F)   49        32      1962


SUNRISE AND SUNSET
JUNE 13 2017..........SUNRISE   557 AM EDT   SUNSET   944 PM EDT
JUNE 14 2017..........SUNRISE   557 AM EDT   SUNSET   945 PM EDT


-  INDICATES NEGATIVE NUMBERS.
R  INDICATES RECORD WAS SET OR TIED.
MM INDICATES DATA IS MISSING.
T  INDICATES TRACE AMOUNT.

$$

TITUS
