000
CDUS43 KMQT 070514
CLIMQT

CLIMATE REPORT
NATIONAL WEATHER SERVICE MARQUETTE MI
1213 AM EST SAT JAN 7 2017


...................................

...THE MARQUETTE MI CLIMATE SUMMARY FOR JANUARY 6 2017...

CLIMATE NORMAL PERIOD 1981 TO 2010
CLIMATE RECORD PERIOD 1961 TO 2017


WEATHER ITEM   OBSERVED RECORD YEAR NORMAL DEPARTURE LAST
                VALUE   VALUE       VALUE  FROM      YEAR
                                           NORMAL
...........................................................
TEMPERATURE (F)
 YESTERDAY
  MAXIMUM          9     41    2012  22    -13       28
  MINIMUM        -10    -17    2014   6    -16       20
                               1968
  AVERAGE          0                 14    -14       24

PRECIPITATION (IN)
  YESTERDAY        T      0.75 1976   0.08  -0.08     0.05
  MONTH TO DATE    0.10               0.46  -0.36     0.39
  SINCE DEC 1      2.29               3.03  -0.74     5.26
  SINCE JAN 1      0.10               0.46  -0.36     0.39

SNOWFALL (IN)
  YESTERDAY        T      8.9  1976   1.4   -1.4      0.4
  MONTH TO DATE    2.4                8.1   -5.7      8.0
  SINCE DEC 1     44.4               50.9   -6.5     26.9
  SINCE JUL 1     58.6               81.4  -22.8     34.8
  SNOW DEPTH       9

DEGREE DAYS
 HEATING
  YESTERDAY       65                 51     14       41
  MONTH TO DATE  317                302     15      261
  SINCE DEC 1   1750               1742      8     1371
  SINCE JUL 1   3375               3944   -569     3203

 COOLING
  YESTERDAY        0                  0      0        0
  MONTH TO DATE    0                  0      0        0
  SINCE DEC 1      0                  0      0        0
  SINCE JAN 1      0                  0      0        0
...........................................................


WIND (MPH)
  RESULTANT WIND SPEED  MM   RESULTANT WIND DIRECTION  MM
  HIGHEST WIND SPEED    MM   HIGHEST WIND DIRECTION    MM
  HIGHEST GUST SPEED    17   HIGHEST GUST DIRECTION     W (270)
  AVERAGE WIND SPEED    MM


SKY COVER
  POSSIBLE SUNSHINE  MM
  AVERAGE SKY COVER  MM


WEATHER CONDITIONS
 THE FOLLOWING WEATHER WAS RECORDED YESTERDAY.
  LIGHT SNOW


RELATIVE HUMIDITY (PERCENT)
 HIGHEST    MM
 LOWEST     MM
 AVERAGE    MM

..........................................................


THE MARQUETTE MI CLIMATE NORMALS FOR TODAY
                         NORMAL    RECORD    YEAR
 MAXIMUM TEMPERATURE (F)   22        43      2003
                                             1990
 MINIMUM TEMPERATURE (F)    6       -22      1968


SUNRISE AND SUNSET
JANUARY  7 2017.......SUNRISE   833 AM EST   SUNSET   520 PM EST
JANUARY  8 2017.......SUNRISE   833 AM EST   SUNSET   521 PM EST


-  INDICATES NEGATIVE NUMBERS.
R  INDICATES RECORD WAS SET OR TIED.
MM INDICATES DATA IS MISSING.
T  INDICATES TRACE AMOUNT.




$$
