000
CDUS43 KMQT 260513
CLIMQT


CLIMATE REPORT
NATIONAL WEATHER SERVICE MARQUETTE MI
111 AM EDT FRI AUG 26 2016


...................................

...THE MARQUETTE MI CLIMATE SUMMARY FOR AUGUST 25 2016...

CLIMATE NORMAL PERIOD 1981 TO 2010
CLIMATE RECORD PERIOD 1961 TO 2016


WEATHER ITEM   OBSERVED RECORD YEAR NORMAL DEPARTURE LAST
                VALUE   VALUE       VALUE  FROM      YEAR
                                           NORMAL
...........................................................
TEMPERATURE (F)
 YESTERDAY
  MAXIMUM         76     92    2013  73      3       53
  MINIMUM         59     36    1977  52      7       47
  AVERAGE         68                 63      5       50

PRECIPITATION (IN)
  YESTERDAY        0.00   1.28 2004   0.10  -0.10      T
  MONTH TO DATE    4.28               2.45   1.83     2.70
  SINCE JUN 1     11.31               8.13   3.18     6.89
  SINCE JAN 1     27.52              21.77   5.75    18.21

SNOWFALL (IN)
  YESTERDAY        0.0   MM      MM   0.0    0.0      0.0
  MONTH TO DATE    0.0                0.0    0.0      0.0
  SINCE JUN 1      T                  0.0    0.0      0.0
  SINCE JUL 1      T                  0.0    0.0      0.0
  SNOW DEPTH       0

DEGREE DAYS
 HEATING
  YESTERDAY        0                  4     -4       15
  MONTH TO DATE   24                 79    -55       80
  SINCE JUN 1    261                340    -79      350
  SINCE JUL 1     79                158    -79      148

 COOLING
  YESTERDAY        3                  2      1        0
  MONTH TO DATE   79                 54     25       61
  SINCE JUN 1    222                196     26      167
  SINCE JAN 1    233                208     25      169
...........................................................

WIND (MPH)
  RESULTANT WIND SPEED  MM   RESULTANT WIND DIRECTION  MM
  HIGHEST WIND SPEED    MM   HIGHEST WIND DIRECTION    MM
  HIGHEST GUST SPEED    20   HIGHEST GUST DIRECTION     W (270)
  AVERAGE WIND SPEED    MM

SKY COVER
  POSSIBLE SUNSHINE  MM
  AVERAGE SKY COVER  MM

WEATHER CONDITIONS
 THE FOLLOWING WEATHER WAS RECORDED YESTERDAY.
  NO SIGNIFICANT WEATHER WAS OBSERVED.

RELATIVE HUMIDITY (PERCENT)
 HIGHEST    MM
 LOWEST     MM
 AVERAGE    MM
..........................................................

THE MARQUETTE MI CLIMATE NORMALS FOR TODAY
                         NORMAL    RECORD    YEAR
 MAXIMUM TEMPERATURE (F)   73        92      1991
 MINIMUM TEMPERATURE (F)   52        39      1968
                                             1963


SUNRISE AND SUNSET
AUGUST 26 2016........SUNRISE   703 AM EDT   SUNSET   840 PM EDT
AUGUST 27 2016........SUNRISE   704 AM EDT   SUNSET   838 PM EDT


-  INDICATES NEGATIVE NUMBERS.
R  INDICATES RECORD WAS SET OR TIED.
MM INDICATES DATA IS MISSING.
T  INDICATES TRACE AMOUNT.




$$
