000
CDUS43 KMQT 170534
CLIMQT


CLIMATE REPORT
NATIONAL WEATHER SERVICE MARQUETTE MI
1233 AM EST WED DEC 17 2014


...................................

...THE MARQUETTE MI CLIMATE SUMMARY FOR DECEMBER 16 2014...

CLIMATE NORMAL PERIOD 1981 TO 2010
CLIMATE RECORD PERIOD 1961 TO 2014


WEATHER ITEM   OBSERVED RECORD YEAR NORMAL DEPARTURE LAST
                VALUE   VALUE       VALUE  FROM      YEAR
                                           NORMAL
...........................................................
TEMPERATURE (F)
 YESTERDAY
  MAXIMUM         35     47    1984  26      9       13
  MINIMUM         24    -14    2008  11     13      -11
                               1985
  AVERAGE         30                 18     12        1

PRECIPITATION (IN)
  YESTERDAY        0.36   0.67 1981   0.07   0.29     0.03
  MONTH TO DATE    0.56               1.42  -0.86     1.36
  SINCE DEC 1      0.56               1.42  -0.86     1.36
  SINCE JAN 1     43.11              34.53   8.58    38.54

SNOWFALL (IN)
  YESTERDAY        3.3   13.4  1981   1.4    1.9      1.3
  MONTH TO DATE    6.8               21.8  -15.0     17.4
  SINCE DEC 1      6.8               21.8  -15.0     17.4
  SINCE JUL 1     63.0               52.3   10.7     39.9
  SNOW DEPTH       9

DEGREE DAYS
 HEATING
  YESTERDAY       35                 47    -12       64
  MONTH TO DATE  681                711    -30      870
  SINCE DEC 1    681                711    -30      870
  SINCE JUL 1   3211               2913    298     3039

 COOLING
  YESTERDAY        0                  0      0        0
  MONTH TO DATE    0                  0      0        0
  SINCE DEC 1      0                  0      0        0
  SINCE JAN 1    152                242    -90      280
...........................................................


WIND (MPH)
  RESULTANT WIND SPEED  MM   RESULTANT WIND DIRECTION  MM
  HIGHEST WIND SPEED    MM   HIGHEST WIND DIRECTION    MM
  HIGHEST GUST SPEED    27   HIGHEST GUST DIRECTION     N (360)
  AVERAGE WIND SPEED    MM


SKY COVER
  POSSIBLE SUNSHINE  MM
  AVERAGE SKY COVER  MM


WEATHER CONDITIONS
 THE FOLLOWING WEATHER WAS RECORDED YESTERDAY.
  LIGHT RAIN
  LT FREEZING RAIN
  LIGHT SNOW
  SLEET
  FOG


RELATIVE HUMIDITY (PERCENT)
 HIGHEST    MM
 LOWEST     MM
 AVERAGE    MM

..........................................................


THE MARQUETTE MI CLIMATE NORMALS FOR TODAY
                         NORMAL    RECORD    YEAR
 MAXIMUM TEMPERATURE (F)   25        38      1977
 MINIMUM TEMPERATURE (F)   11       -19      1973


SUNRISE AND SUNSET
DECEMBER 17 2014......SUNRISE   829 AM EST   SUNSET   504 PM EST
DECEMBER 18 2014......SUNRISE   829 AM EST   SUNSET   504 PM EST


-  INDICATES NEGATIVE NUMBERS.
R  INDICATES RECORD WAS SET OR TIED.
MM INDICATES DATA IS MISSING.
T  INDICATES TRACE AMOUNT.




$$
