000
CDUS43 KMQT 120533
CLIMQT


CLIMATE REPORT
NATIONAL WEATHER SERVICE MARQUETTE MI
1232 AM EST FRI JAN 12 2018


...................................

...THE MARQUETTE MI CLIMATE SUMMARY FOR JANUARY 11 2018...

CLIMATE NORMAL PERIOD 1981 TO 2010
CLIMATE RECORD PERIOD 1961 TO 2018


WEATHER ITEM   OBSERVED RECORD YEAR NORMAL DEPARTURE LAST
                VALUE   VALUE       VALUE  FROM      YEAR
                                           NORMAL
...........................................................
TEMPERATURE (F)
 YESTERDAY
  MAXIMUM         35     44    1986  22     13       14
  MINIMUM          8    -25    1979   6      2        4
  AVERAGE         22                 14      8        9

PRECIPITATION (IN)
  YESTERDAY        0.42R  0.36 1983   0.08   0.34     0.24
  MONTH TO DATE    0.88               0.86   0.02     0.98
  SINCE DEC 1      3.02               3.43  -0.41     3.17
  SINCE JAN 1      0.88               0.86   0.02     0.98

SNOWFALL (IN)
  YESTERDAY        2.2    6.6  2010   1.5    0.7      6.0
  MONTH TO DATE   10.3               15.1   -4.8     16.4
  SINCE DEC 1     48.3               57.9   -9.6     58.4
  SINCE JUL 1     73.3               88.4  -15.1     72.6
  SNOW DEPTH       9

DEGREE DAYS
 HEATING
  YESTERDAY       43                 51     -8       56
  MONTH TO DATE  599                557     42      591
  SINCE DEC 1   2178               1997    181     2024
  SINCE JUL 1   4305               4199    106     3649

 COOLING
  YESTERDAY        0                  0      0        0
  MONTH TO DATE    0                  0      0        0
  SINCE DEC 1      0                  0      0        0
  SINCE JAN 1      0                  0      0        0
...........................................................


WIND (MPH)
  RESULTANT WIND SPEED  MM   RESULTANT WIND DIRECTION  MM
  HIGHEST WIND SPEED    MM   HIGHEST WIND DIRECTION    MM
  HIGHEST GUST SPEED    27   HIGHEST GUST DIRECTION    NW (320)
  AVERAGE WIND SPEED    MM


SKY COVER
  POSSIBLE SUNSHINE  MM
  AVERAGE SKY COVER  MM


WEATHER CONDITIONS
 THE FOLLOWING WEATHER WAS RECORDED YESTERDAY.
  NO SIGNIFICANT WEATHER WAS OBSERVED.


RELATIVE HUMIDITY (PERCENT)
 HIGHEST    MM
 LOWEST     MM
 AVERAGE    MM

..........................................................


THE MARQUETTE MI CLIMATE NORMALS FOR TODAY
                         NORMAL    RECORD    YEAR
 MAXIMUM TEMPERATURE (F)   22        44      1987
 MINIMUM TEMPERATURE (F)    6       -19      1977


SUNRISE AND SUNSET
JANUARY 12 2018.......SUNRISE   832 AM EST   SUNSET   526 PM EST
JANUARY 13 2018.......SUNRISE   831 AM EST   SUNSET   527 PM EST


-  INDICATES NEGATIVE NUMBERS.
R  INDICATES RECORD WAS SET OR TIED.
MM INDICATES DATA IS MISSING.
T  INDICATES TRACE AMOUNT.




$$
