000
CDUS43 KMQT 250511
CLIMQT


CLIMATE REPORT
NATIONAL WEATHER SERVICE MARQUETTE MI
109 AM EDT THU SEP 25 2014


...................................

...THE MARQUETTE MI CLIMATE SUMMARY FOR SEPTEMBER 24 2014...

CLIMATE NORMAL PERIOD 1981 TO 2010
CLIMATE RECORD PERIOD 1961 TO 2014


WEATHER ITEM   OBSERVED RECORD YEAR NORMAL DEPARTURE LAST
                VALUE   VALUE       VALUE  FROM      YEAR
                                           NORMAL
...........................................................
TEMPERATURE (F)
 YESTERDAY
  MAXIMUM         72     84    2007  62     10       69
  MINIMUM         46     25    1989  43      3       47
  AVERAGE         59                 52      7       58

PRECIPITATION (IN)
  YESTERDAY        0.00   1.28 1984   0.14  -0.14     0.00
  MONTH TO DATE    3.60               2.90   0.70     1.92
  SINCE SEP 1      3.60               2.90   0.70     1.92
  SINCE JAN 1     30.34              25.27   5.07    29.67

SNOWFALL (IN)
  YESTERDAY        0.0   MM      MM   0.0    0.0      0.0
  MONTH TO DATE    0.0                0.0    0.0      0.0
  SINCE SEP 1      0.0                0.0    0.0      0.0
  SINCE JUL 1      T                  0.0    0.0      0.0
  SNOW DEPTH       0

DEGREE DAYS
 HEATING
  YESTERDAY        6                 13     -7        7
  MONTH TO DATE  237                211     26      215
  SINCE SEP 1    237                211     26      215
  SINCE JUL 1    484                396     88      429

 COOLING
  YESTERDAY        0                  0      0        0
  MONTH TO DATE    2                 21    -19       10
  SINCE SEP 1      2                 21    -19       10
  SINCE JAN 1    149                241    -92      280
...........................................................


WIND (MPH)
  RESULTANT WIND SPEED  MM   RESULTANT WIND DIRECTION  MM
  HIGHEST WIND SPEED    MM   HIGHEST WIND DIRECTION    MM
  HIGHEST GUST SPEED    23   HIGHEST GUST DIRECTION    SW (225)
  AVERAGE WIND SPEED    MM


SKY COVER
  POSSIBLE SUNSHINE  MM
  AVERAGE SKY COVER  MM


WEATHER CONDITIONS
 THE FOLLOWING WEATHER WAS RECORDED YESTERDAY.
  NO SIGNIFICANT WEATHER WAS OBSERVED.


RELATIVE HUMIDITY (PERCENT)
 HIGHEST    MM
 LOWEST     MM
 AVERAGE    MM

..........................................................


THE MARQUETTE MI CLIMATE NORMALS FOR TODAY
                         NORMAL    RECORD    YEAR
 MAXIMUM TEMPERATURE (F)   62        75      1979
 MINIMUM TEMPERATURE (F)   42        25      1975


SUNRISE AND SUNSET
SEPTEMBER 25 2014.....SUNRISE   741 AM EDT   SUNSET   742 PM EDT
SEPTEMBER 26 2014.....SUNRISE   742 AM EDT   SUNSET   740 PM EDT


-  INDICATES NEGATIVE NUMBERS.
R  INDICATES RECORD WAS SET OR TIED.
MM INDICATES DATA IS MISSING.
T  INDICATES TRACE AMOUNT.




$$
