000
CDUS43 KMQT 030531
CLIMQT


CLIMATE REPORT
NATIONAL WEATHER SERVICE MARQUETTE MI
1225 AM EST SUN DEC 3 2017


...................................

...THE MARQUETTE MI CLIMATE SUMMARY FOR DECEMBER 2 2017...

CLIMATE NORMAL PERIOD 1981 TO 2010
CLIMATE RECORD PERIOD 1961 TO 2017


WEATHER ITEM   OBSERVED RECORD YEAR NORMAL DEPARTURE LAST
                VALUE   VALUE       VALUE  FROM      YEAR
                                           NORMAL
...........................................................
TEMPERATURE (F)
 YESTERDAY
  MAXIMUM         45     58    1982  30     15       31
  MINIMUM         27    -10    1976  16     11       26
  AVERAGE         36                 23     13       29

PRECIPITATION (IN)
  YESTERDAY        T      0.67 1989   0.10  -0.10      T
  MONTH TO DATE    0.01               0.20  -0.19     0.06
  SINCE DEC 1      0.01               0.20  -0.19     0.06
  SINCE JAN 1     40.58              33.31   7.27    38.14

SNOWFALL (IN)
  YESTERDAY        0.0   10.2  2004   1.3   -1.3       T
  MONTH TO DATE    0.0                2.5   -2.5      0.6
  SINCE DEC 1      0.0                2.5   -2.5      0.6
  SINCE JUL 1     24.9               33.0   -8.1     14.8
  SNOW DEPTH       0

DEGREE DAYS
 HEATING
  YESTERDAY       29                 42    -13       36
  MONTH TO DATE   64                 84    -20       70
  SINCE DEC 1     64                 84    -20       70
  SINCE JUL 1   2191               2286    -95     1695

 COOLING
  YESTERDAY        0                  0      0        0
  MONTH TO DATE    0                  0      0        0
  SINCE DEC 1      0                  0      0        0
  SINCE JAN 1    145                242    -97      246
...........................................................


WIND (MPH)
  HIGHEST WIND SPEED    MM   HIGHEST WIND DIRECTION    MM
  HIGHEST GUST SPEED    14   HIGHEST GUST DIRECTION    SW (225)
  AVERAGE WIND SPEED    MM


SKY COVER
  POSSIBLE SUNSHINE  MM
  AVERAGE SKY COVER  MM


WEATHER CONDITIONS
 THE FOLLOWING WEATHER WAS RECORDED YESTERDAY.
  LIGHT RAIN
  FOG W/VISIBILITY <= 1/4 MILE


RELATIVE HUMIDITY (PERCENT)
 HIGHEST    MM
 LOWEST     MM
 AVERAGE    MM

..........................................................


THE MARQUETTE MI CLIMATE NORMALS FOR TODAY
                         NORMAL    RECORD    YEAR
 MAXIMUM TEMPERATURE (F)   30        59      1998
                                             1982
 MINIMUM TEMPERATURE (F)   16       -12      1976


SUNRISE AND SUNSET
DECEMBER  3 2017......SUNRISE   816 AM EST   SUNSET   504 PM EST
DECEMBER  4 2017......SUNRISE   817 AM EST   SUNSET   504 PM EST


-  INDICATES NEGATIVE NUMBERS.
R  INDICATES RECORD WAS SET OR TIED.
MM INDICATES DATA IS MISSING.
T  INDICATES TRACE AMOUNT.




$$
JLA
