865
CDUS43 KMQT 200518
CLIMQT


CLIMATE REPORT
NATIONAL WEATHER SERVICE MARQUETTE MI
117 AM EDT SAT AUG 20 2016


...................................

...THE MARQUETTE MI CLIMATE SUMMARY FOR AUGUST 19 2016...

CLIMATE NORMAL PERIOD 1981 TO 2010
CLIMATE RECORD PERIOD 1961 TO 2016


WEATHER ITEM   OBSERVED RECORD YEAR NORMAL DEPARTURE LAST
                VALUE   VALUE       VALUE  FROM      YEAR
                                           NORMAL
...........................................................
TEMPERATURE (F)
 YESTERDAY
  MAXIMUM         71     95    1976  74     -3       76
  MINIMUM         62     35    1967  53      9       57
  AVERAGE         67                 64      3       67

PRECIPITATION (IN)
  YESTERDAY        0.97   1.93 2014   0.09   0.88     0.26
  MONTH TO DATE    2.03               1.87   0.16     1.90
  SINCE JUN 1      9.06               7.55   1.51     6.09
  SINCE JAN 1     25.27              21.19   4.08    17.41

SNOWFALL (IN)
  YESTERDAY        0.0   MM      MM   0.0    0.0      0.0
  MONTH TO DATE    0.0                0.0    0.0      0.0
  SINCE JUN 1      T                  0.0    0.0      0.0
  SINCE JUL 1      T                  0.0    0.0      0.0
  SNOW DEPTH       0

DEGREE DAYS
 HEATING
  YESTERDAY        0                  3     -3        0
  MONTH TO DATE    6                 57    -51       34
  SINCE JUN 1    243                318    -75      304
  SINCE JUL 1     61                136    -75      102

 COOLING
  YESTERDAY        2                  2      0        2
  MONTH TO DATE   67                 42     25       56
  SINCE JUN 1    210                184     26      162
  SINCE JAN 1    221                196     25      164
...........................................................


WIND (MPH)
  RESULTANT WIND SPEED  MM   RESULTANT WIND DIRECTION  MM
  HIGHEST WIND SPEED    MM   HIGHEST WIND DIRECTION    MM
  HIGHEST GUST SPEED    27   HIGHEST GUST DIRECTION    NW (315)
  AVERAGE WIND SPEED    MM


SKY COVER
  POSSIBLE SUNSHINE  MM
  AVERAGE SKY COVER  MM


WEATHER CONDITIONS
 THE FOLLOWING WEATHER WAS RECORDED YESTERDAY.
  HEAVY RAIN
  LIGHT RAIN


RELATIVE HUMIDITY (PERCENT)
 HIGHEST    MM
 LOWEST     MM
 AVERAGE    MM

..........................................................


THE MARQUETTE MI CLIMATE NORMALS FOR TODAY
                         NORMAL    RECORD    YEAR
 MAXIMUM TEMPERATURE (F)   74        91      1976
 MINIMUM TEMPERATURE (F)   53        37      2000
                                             1991


SUNRISE AND SUNSET
AUGUST 20 2016........SUNRISE   656 AM EDT   SUNSET   850 PM EDT
AUGUST 21 2016........SUNRISE   657 AM EDT   SUNSET   849 PM EDT


-  INDICATES NEGATIVE NUMBERS.
R  INDICATES RECORD WAS SET OR TIED.
MM INDICATES DATA IS MISSING.
T  INDICATES TRACE AMOUNT.




$$
