000
CDUS43 KMQT 240515
CLIMQT


CLIMATE REPORT
NATIONAL WEATHER SERVICE MARQUETTE MI
113 AM EDT SUN AUG 24 2014


...................................

...THE MARQUETTE MI CLIMATE SUMMARY FOR AUGUST 23 2014...

CLIMATE NORMAL PERIOD 1981 TO 2010
CLIMATE RECORD PERIOD 1961 TO 2014


WEATHER ITEM   OBSERVED RECORD YEAR NORMAL DEPARTURE LAST
                VALUE   VALUE       VALUE  FROM      YEAR
                                           NORMAL
...........................................................
TEMPERATURE (F)
 YESTERDAY
  MAXIMUM         71     91    1969  73     -2       78
  MINIMUM         64     35    1967  53     11       46
  AVERAGE         68                 63      5       62

PRECIPITATION (IN)
  YESTERDAY        0.31   1.88 1978   0.09   0.22     0.00
  MONTH TO DATE    3.69               2.25   1.44     0.59
  SINCE JUN 1     13.50               7.93   5.57     8.68
  SINCE JAN 1     25.96              21.57   4.39    26.02

SNOWFALL (IN)
  YESTERDAY        0.0   MM      MM   0.0    0.0      0.0
  MONTH TO DATE    0.0                0.0    0.0      0.0
  SINCE JUN 1      T                  0.0    0.0      0.0
  SINCE JUL 1      T                  0.0    0.0      0.0
  SNOW DEPTH       0

DEGREE DAYS
 HEATING
  YESTERDAY        0                  4     -4        3
  MONTH TO DATE   91                 71     20      102
  SINCE JUN 1    375                332     43      412
  SINCE JUL 1    212                150     62      214

 COOLING
  YESTERDAY        3                  2      1        0
  MONTH TO DATE   17                 50    -33       33
  SINCE JUN 1    113                192    -79      200
  SINCE JAN 1    133                204    -71      213
...........................................................


WIND (MPH)
  RESULTANT WIND SPEED  MM   RESULTANT WIND DIRECTION  MM
  HIGHEST WIND SPEED    MM   HIGHEST WIND DIRECTION    MM
  HIGHEST GUST SPEED    15   HIGHEST GUST DIRECTION    SE (135)
  AVERAGE WIND SPEED    MM


SKY COVER
  POSSIBLE SUNSHINE  MM
  AVERAGE SKY COVER  MM


WEATHER CONDITIONS
 THE FOLLOWING WEATHER WAS RECORDED YESTERDAY.
  LIGHT RAIN
  FOG


RELATIVE HUMIDITY (PERCENT)
 HIGHEST    MM
 LOWEST     MM
 AVERAGE    MM

..........................................................


THE MARQUETTE MI CLIMATE NORMALS FOR TODAY
                         NORMAL    RECORD    YEAR
 MAXIMUM TEMPERATURE (F)   73        89      1969
 MINIMUM TEMPERATURE (F)   52        33      1971


SUNRISE AND SUNSET
AUGUST 24 2014........SUNRISE   700 AM EDT   SUNSET   844 PM EDT
AUGUST 25 2014........SUNRISE   701 AM EDT   SUNSET   842 PM EDT


-  INDICATES NEGATIVE NUMBERS.
R  INDICATES RECORD WAS SET OR TIED.
MM INDICATES DATA IS MISSING.
T  INDICATES TRACE AMOUNT.




$$
