717
CDUS43 KMQT 160511
CLIMQT


CLIMATE REPORT
NATIONAL WEATHER SERVICE MARQUETTE MI
1211 AM EST FRI FEB 16 2018


...................................

...THE MARQUETTE MI CLIMATE SUMMARY FOR FEBRUARY 15 2018...

CLIMATE NORMAL PERIOD 1981 TO 2010
CLIMATE RECORD PERIOD 1961 TO 2018


WEATHER ITEM   OBSERVED RECORD YEAR NORMAL DEPARTURE LAST
                VALUE   VALUE       VALUE  FROM      YEAR
                                           NORMAL
...........................................................
TEMPERATURE (F)
 YESTERDAY
  MAXIMUM         33     46    1981  26      7       19
  MINIMUM         16    -21    1974   5     11       14
  AVERAGE         25                 15     10       17

PRECIPITATION (IN)
  YESTERDAY        T      0.72 2010   0.08  -0.08     0.02
  MONTH TO DATE    0.24               1.09  -0.85     1.22
  SINCE DEC 1      5.10               6.07  -0.97     5.15
  SINCE JAN 1      2.96               3.50  -0.54     2.96

SNOWFALL (IN)
  YESTERDAY        T     12.4  1988   1.2   -1.2      2.1
  MONTH TO DATE    3.5               19.0  -15.5     20.0
  SINCE DEC 1     78.3              105.0  -26.7     92.2
  SINCE JUL 1    103.3              135.5  -32.2    106.4
  SNOW DEPTH      19

DEGREE DAYS
 HEATING
  YESTERDAY       40                 50    -10       48
  MONTH TO DATE  875                763    112      736
  SINCE DEC 1   4004               3798    206     3600
  SINCE JUL 1   6131               6000    131     5225

 COOLING
  YESTERDAY        0                  0      0        0
  MONTH TO DATE    0                  0      0        0
  SINCE DEC 1      0                  0      0        0
  SINCE JAN 1      0                  0      0        0
...........................................................


WIND (MPH)
  RESULTANT WIND SPEED  MM   RESULTANT WIND DIRECTION  MM
  HIGHEST WIND SPEED    MM   HIGHEST WIND DIRECTION    MM
  HIGHEST GUST SPEED    21   HIGHEST GUST DIRECTION    NW (315)
  AVERAGE WIND SPEED    MM


SKY COVER
  POSSIBLE SUNSHINE  MM
  AVERAGE SKY COVER  MM


WEATHER CONDITIONS
 THE FOLLOWING WEATHER WAS RECORDED YESTERDAY.
  LT FREEZING RAIN
  LIGHT SNOW


RELATIVE HUMIDITY (PERCENT)
 HIGHEST    MM
 LOWEST     MM
 AVERAGE    MM

..........................................................


THE MARQUETTE MI CLIMATE NORMALS FOR TODAY
                         NORMAL    RECORD    YEAR
 MAXIMUM TEMPERATURE (F)   26        57      2011
 MINIMUM TEMPERATURE (F)    5       -25      1963


SUNRISE AND SUNSET
FEBRUARY 16 2018......SUNRISE   752 AM EST   SUNSET   617 PM EST
FEBRUARY 17 2018......SUNRISE   750 AM EST   SUNSET   619 PM EST


-  INDICATES NEGATIVE NUMBERS.
R  INDICATES RECORD WAS SET OR TIED.
MM INDICATES DATA IS MISSING.
T  INDICATES TRACE AMOUNT.

$$

TITUS
