000
CDUS43 KMQT 140506
CLIMQT


CLIMATE REPORT
NATIONAL WEATHER SERVICE MARQUETTE MI
106 AM EDT TUE MAR 14 2017


...................................

...THE MARQUETTE MI CLIMATE SUMMARY FOR MARCH 13 2017...

CLIMATE NORMAL PERIOD 1981 TO 2010
CLIMATE RECORD PERIOD 1961 TO 2017


WEATHER ITEM   OBSERVED RECORD YEAR NORMAL DEPARTURE LAST
                VALUE   VALUE       VALUE  FROM      YEAR
                                           NORMAL
...........................................................
TEMPERATURE (F)
 YESTERDAY
  MAXIMUM         18     67    1995  34    -16       46
  MINIMUM          8    -15    2005  12     -4       29
  AVERAGE         13                 23    -10       38

PRECIPITATION (IN)
  YESTERDAY        0.13   2.42 2006   0.09   0.04      T
  MONTH TO DATE    0.87               1.23  -0.36     0.37
  SINCE MAR 1      0.87               1.23  -0.36     0.37
  SINCE JAN 1      5.45               5.78  -0.33     4.99

SNOWFALL (IN)
  YESTERDAY        3.7   15.6  2006   1.2    2.5      0.0
  MONTH TO DATE   13.2               16.9   -3.7      2.4
  SINCE MAR 1     13.2               16.9   -3.7      2.4
  SINCE JUL 1    134.3              169.3  -35.0    102.5
  SNOW DEPTH       8

DEGREE DAYS
 HEATING
  YESTERDAY       52                 42     10       27
  MONTH TO DATE  602                573     29      474
  SINCE MAR 1    602                573     29      474
  SINCE JUL 1   6286               7197   -911     6241

 COOLING
  YESTERDAY        0                  0      0        0
  MONTH TO DATE    0                  0      0        0
  SINCE MAR 1      0                  0      0        0
  SINCE JAN 1      0                  0      0        0
...........................................................


WIND (MPH)
  RESULTANT WIND SPEED  MM   RESULTANT WIND DIRECTION  MM
  HIGHEST WIND SPEED    MM   HIGHEST WIND DIRECTION    MM
  HIGHEST GUST SPEED    15   HIGHEST GUST DIRECTION    NE (45)
  AVERAGE WIND SPEED    MM


SKY COVER
  POSSIBLE SUNSHINE  MM
  AVERAGE SKY COVER  MM


WEATHER CONDITIONS
 THE FOLLOWING WEATHER WAS RECORDED YESTERDAY.
  SNOW
  LIGHT SNOW


RELATIVE HUMIDITY (PERCENT)
 HIGHEST    MM
 LOWEST     MM
 AVERAGE    MM

..........................................................


THE MARQUETTE MI CLIMATE NORMALS FOR TODAY
                         NORMAL    RECORD    YEAR
 MAXIMUM TEMPERATURE (F)   34        63      2012
 MINIMUM TEMPERATURE (F)   13       -10      1992


SUNRISE AND SUNSET
MARCH 14 2017.........SUNRISE   804 AM EDT   SUNSET   755 PM EDT
MARCH 15 2017.........SUNRISE   802 AM EDT   SUNSET   756 PM EDT


-  INDICATES NEGATIVE NUMBERS.
R  INDICATES RECORD WAS SET OR TIED.
MM INDICATES DATA IS MISSING.
T  INDICATES TRACE AMOUNT.




$$
