000
CDUS43 KMQT 210536
CLIMQT


CLIMATE REPORT
NATIONAL WEATHER SERVICE MARQUETTE MI
1235 AM EST FRI NOV 21 2014


...................................

...THE MARQUETTE MI CLIMATE SUMMARY FOR NOVEMBER 20 2014...

CLIMATE NORMAL PERIOD 1981 TO 2010
CLIMATE RECORD PERIOD 1961 TO 2014


WEATHER ITEM   OBSERVED RECORD YEAR NORMAL DEPARTURE LAST
                VALUE   VALUE       VALUE  FROM      YEAR
                                           NORMAL
...........................................................
TEMPERATURE (F)
 YESTERDAY
  MAXIMUM         14     57    1982  35    -21       39
  MINIMUM         -4R     1    1964  21    -25       30
  AVERAGE          5                 28    -23       35

PRECIPITATION (IN)
  YESTERDAY        0.06   1.06 2000   0.11  -0.05     0.01
  MONTH TO DATE    4.29               2.12   2.17     2.44
  SINCE SEP 1     14.88               9.68   5.20     8.84
  SINCE JAN 1     41.62              32.05   9.57    36.59

SNOWFALL (IN)
  YESTERDAY        1.3   17.0  2000   0.9    0.4       T
  MONTH TO DATE   46.1               13.4   32.7      6.8
  SINCE SEP 1     49.3               19.5   29.8     10.3
  SINCE JUL 1     49.3               19.5   29.8     10.3
  SNOW DEPTH      19

DEGREE DAYS
 HEATING
  YESTERDAY       60                 37     23       30
  MONTH TO DATE  839                649    190      610
  SINCE SEP 1   1824               1625    199     1497
  SINCE JUL 1   2071               1810    261     1711

 COOLING
  YESTERDAY        0                  0      0        0
  MONTH TO DATE    0                  0      0        0
  SINCE SEP 1      5                 22    -17       10
  SINCE JAN 1    152                242    -90      280
...........................................................


WIND (MPH)
  RESULTANT WIND SPEED  MM   RESULTANT WIND DIRECTION  MM
  HIGHEST WIND SPEED    MM   HIGHEST WIND DIRECTION    MM
  HIGHEST GUST SPEED    21   HIGHEST GUST DIRECTION    NW (315)
  AVERAGE WIND SPEED    MM


SKY COVER
  POSSIBLE SUNSHINE  MM
  AVERAGE SKY COVER  MM


WEATHER CONDITIONS
 THE FOLLOWING WEATHER WAS RECORDED YESTERDAY.
  LIGHT SNOW


RELATIVE HUMIDITY (PERCENT)
 HIGHEST    MM
 LOWEST     MM
 AVERAGE    MM

..........................................................


THE MARQUETTE MI CLIMATE NORMALS FOR TODAY
                         NORMAL    RECORD    YEAR
 MAXIMUM TEMPERATURE (F)   35        56      1990
 MINIMUM TEMPERATURE (F)   21        -4      1984


SUNRISE AND SUNSET
NOVEMBER 21 2014......SUNRISE   801 AM EST   SUNSET   511 PM EST
NOVEMBER 22 2014......SUNRISE   802 AM EST   SUNSET   510 PM EST


-  INDICATES NEGATIVE NUMBERS.
R  INDICATES RECORD WAS SET OR TIED.
MM INDICATES DATA IS MISSING.
T  INDICATES TRACE AMOUNT.




$$
