000
CDUS43 KMQT 250517
CLIMQT


CLIMATE REPORT
NATIONAL WEATHER SERVICE MARQUETTE MI
116 AM EDT TUE APR 25 2017


...................................

...THE MARQUETTE MI CLIMATE SUMMARY FOR APRIL 24 2017...

CLIMATE NORMAL PERIOD 1981 TO 2010
CLIMATE RECORD PERIOD 1961 TO 2017


WEATHER ITEM   OBSERVED RECORD YEAR NORMAL DEPARTURE LAST
                VALUE   VALUE       VALUE  FROM      YEAR
                                           NORMAL
...........................................................
TEMPERATURE (F)
 YESTERDAY
  MAXIMUM         63     86    1990  52     11       39
  MINIMUM         27     18    2015  32     -5       33
                               2013
  AVERAGE         45                 42      3       36

PRECIPITATION (IN)
  YESTERDAY        0.00   0.53 2002   0.09  -0.09     0.13
  MONTH TO DATE    3.94               2.45   1.49     2.75
  SINCE MAR 1      5.78               5.48   0.30     6.09
  SINCE JAN 1     10.36              10.03   0.33    10.71

SNOWFALL (IN)
  YESTERDAY        0.0    4.3  1980   0.3   -0.3       T
  MONTH TO DATE   11.6               13.1   -1.5     40.9
  SINCE MAR 1     31.5               48.0  -16.5     59.7
  SINCE JUL 1    152.6              200.4  -47.8    159.8
  SNOW DEPTH       0

DEGREE DAYS
 HEATING
  YESTERDAY       20                 23     -3       29
  MONTH TO DATE  596                684    -88      761
  SINCE MAR 1   1848               1947    -99     1857
  SINCE JUL 1   7532               8571  -1039     7624

 COOLING
  YESTERDAY        0                  0      0        0
  MONTH TO DATE    0                  0      0        0
  SINCE MAR 1      0                  0      0        0
  SINCE JAN 1      0                  0      0        0
...........................................................


WIND (MPH)
  HIGHEST WIND SPEED    MM   HIGHEST WIND DIRECTION    MM
  HIGHEST GUST SPEED    18   HIGHEST GUST DIRECTION     S (180)
  AVERAGE WIND SPEED    MM


SKY COVER
  POSSIBLE SUNSHINE  MM
  AVERAGE SKY COVER  MM


WEATHER CONDITIONS
 THE FOLLOWING WEATHER WAS RECORDED YESTERDAY.
  NO SIGNIFICANT WEATHER WAS OBSERVED.


RELATIVE HUMIDITY (PERCENT)
 HIGHEST    MM
 LOWEST     MM
 AVERAGE    MM

..........................................................


THE MARQUETTE MI CLIMATE NORMALS FOR TODAY
                         NORMAL    RECORD    YEAR
 MAXIMUM TEMPERATURE (F)   53        89      1990
 MINIMUM TEMPERATURE (F)   33         9      1972


SUNRISE AND SUNSET
APRIL 25 2017.........SUNRISE   645 AM EDT   SUNSET   852 PM EDT
APRIL 26 2017.........SUNRISE   643 AM EDT   SUNSET   853 PM EDT


-  INDICATES NEGATIVE NUMBERS.
R  INDICATES RECORD WAS SET OR TIED.
MM INDICATES DATA IS MISSING.
T  INDICATES TRACE AMOUNT.




$$
JLA
