000
CDUS43 KMQT 090513
CLIMQT


CLIMATE REPORT
NATIONAL WEATHER SERVICE MARQUETTE MI
1213 AM EST MON JAN 9 2017


...................................

...THE MARQUETTE MI CLIMATE SUMMARY FOR JANUARY 8 2017...

CLIMATE NORMAL PERIOD 1981 TO 2010
CLIMATE RECORD PERIOD 1961 TO 2017


WEATHER ITEM   OBSERVED RECORD YEAR NORMAL DEPARTURE LAST
                VALUE   VALUE       VALUE  FROM      YEAR
                                           NORMAL
...........................................................
TEMPERATURE (F)
 YESTERDAY
  MAXIMUM         14     48    2003  22     -8       34
  MINIMUM          2    -25    1968   6     -4       30
  AVERAGE          8                 14     -6       32

PRECIPITATION (IN)
  YESTERDAY        0.01   0.33 2011   0.08  -0.07     0.26
  MONTH TO DATE    0.13               0.62  -0.49     0.69
  SINCE DEC 1      2.32               3.19  -0.87     5.56
  SINCE JAN 1      0.13               0.62  -0.49     0.69

SNOWFALL (IN)
  YESTERDAY        0.5    8.0  2011   1.3   -0.8      2.1
  MONTH TO DATE    3.5               10.8   -7.3     10.7
  SINCE DEC 1     45.5               53.6   -8.1     29.6
  SINCE JUL 1     59.7               84.1  -24.4     37.5
  SNOW DEPTH       9

DEGREE DAYS
 HEATING
  YESTERDAY       57                 51      6       33
  MONTH TO DATE  439                404     35      329
  SINCE DEC 1   1872               1844     28     1439
  SINCE JUL 1   3497               4046   -549     3271

 COOLING
  YESTERDAY        0                  0      0        0
  MONTH TO DATE    0                  0      0        0
  SINCE DEC 1      0                  0      0        0
  SINCE JAN 1      0                  0      0        0
...........................................................


WIND (MPH)
  RESULTANT WIND SPEED  MM   RESULTANT WIND DIRECTION  MM
  HIGHEST WIND SPEED    MM   HIGHEST WIND DIRECTION    MM
  HIGHEST GUST SPEED    27   HIGHEST GUST DIRECTION     S (180)
  AVERAGE WIND SPEED    MM


SKY COVER
  POSSIBLE SUNSHINE  MM
  AVERAGE SKY COVER  MM


WEATHER CONDITIONS
 THE FOLLOWING WEATHER WAS RECORDED YESTERDAY.
  LIGHT SNOW
  BLOWING SNOW


RELATIVE HUMIDITY (PERCENT)
 HIGHEST    MM
 LOWEST     MM
 AVERAGE    MM

..........................................................


THE MARQUETTE MI CLIMATE NORMALS FOR TODAY
                         NORMAL    RECORD    YEAR
 MAXIMUM TEMPERATURE (F)   22        44      2002
 MINIMUM TEMPERATURE (F)    6       -32      1977


SUNRISE AND SUNSET
JANUARY  9 2017.......SUNRISE   833 AM EST   SUNSET   523 PM EST
JANUARY 10 2017.......SUNRISE   832 AM EST   SUNSET   524 PM EST


-  INDICATES NEGATIVE NUMBERS.
R  INDICATES RECORD WAS SET OR TIED.
MM INDICATES DATA IS MISSING.
T  INDICATES TRACE AMOUNT.




$$
