255
CDUS43 KMQT 242115
CLIMQT


CLIMATE REPORT
NATIONAL WEATHER SERVICE MARQUETTE MI
514 PM EDT SUN APR 24 2016


...................................

...THE MARQUETTE MI CLIMATE SUMMARY FOR APRIL 24 2016...
VALID TODAY AS OF 0500 PM LOCAL TIME.

CLIMATE NORMAL PERIOD 1981 TO 2010
CLIMATE RECORD PERIOD 1961 TO 2016


WEATHER ITEM   OBSERVED RECORD YEAR NORMAL DEPARTURE LAST
                VALUE   VALUE       VALUE  FROM      YEAR
                                           NORMAL
...........................................................
TEMPERATURE (F)
 TODAY
  MAXIMUM         39     86    1990  52    -13       43
  MINIMUM         35     18    2015  32      3       18
                               2013
  AVERAGE         37                 42     -5       31

PRECIPITATION (IN)
  TODAY            0.07   0.53 2002   0.09  -0.02     0.00
  MONTH TO DATE    2.69               2.45   0.24     2.50
  SINCE MAR 1      6.03               5.48   0.55     3.76
  SINCE JAN 1     10.65              10.03   0.62     6.68

SNOWFALL (IN)
  TODAY            T      4.3  1980   0.3   -0.3      0.0
  MONTH TO DATE   40.9               13.1   27.8     13.1
  SINCE MAR 1     59.7               48.0   11.7     24.4
  SINCE JUL 1    159.8              200.4  -40.6    178.4
  SNOW DEPTH       0

DEGREE DAYS
 HEATING
  TODAY           28                 23      5       34
  MONTH TO DATE  760                684     76      660
  SINCE MAR 1   1856               1947    -91     1909
  SINCE JUL 1   7623               8571   -948     9220

 COOLING
  TODAY            0                  0      0        0
  MONTH TO DATE    0                  0      0        0
  SINCE MAR 1      0                  0      0        0
  SINCE JAN 1      0                  0      0        0
...........................................................


WIND (MPH)
  HIGHEST WIND SPEED    MM   HIGHEST WIND DIRECTION    MM
  HIGHEST GUST SPEED    12   HIGHEST GUST DIRECTION    NE (45)
  AVERAGE WIND SPEED    MM


SKY COVER
  POSSIBLE SUNSHINE  MM
  AVERAGE SKY COVER  MM


WEATHER CONDITIONS
 THE FOLLOWING WEATHER WAS RECORDED TODAY.
  LIGHT RAIN
  SLEET


RELATIVE HUMIDITY (PERCENT)
 HIGHEST    MM
 LOWEST     MM
 AVERAGE    MM

..........................................................


THE MARQUETTE MI CLIMATE NORMALS FOR TOMORROW
                         NORMAL    RECORD    YEAR
 MAXIMUM TEMPERATURE (F)   53        89      1990
 MINIMUM TEMPERATURE (F)   33         9      1972


SUNRISE AND SUNSET
APRIL 24 2016.........SUNRISE   646 AM EDT   SUNSET   851 PM EDT
APRIL 25 2016.........SUNRISE   645 AM EDT   SUNSET   852 PM EDT


-  INDICATES NEGATIVE NUMBERS.
R  INDICATES RECORD WAS SET OR TIED.
MM INDICATES DATA IS MISSING.
T  INDICATES TRACE AMOUNT.




$$
