000
CDUS43 KMQT 150548
CLIMQT


CLIMATE REPORT
NATIONAL WEATHER SERVICE MARQUETTE MI
1248 AM EST MON DEC 15 2014


...................................

...THE MARQUETTE MI CLIMATE SUMMARY FOR DECEMBER 14 2014...

CLIMATE NORMAL PERIOD 1981 TO 2010
CLIMATE RECORD PERIOD 1961 TO 2014


WEATHER ITEM   OBSERVED RECORD YEAR NORMAL DEPARTURE LAST
                VALUE   VALUE       VALUE  FROM      YEAR
                                           NORMAL
...........................................................
TEMPERATURE (F)
 YESTERDAY
  MAXIMUM         42     50    1998  26     16       13
  MINIMUM         34    -14    1985  12     22        3
  AVERAGE         38                 19     19        8

PRECIPITATION (IN)
  YESTERDAY        T      1.10 1988   0.08  -0.08     0.07
  MONTH TO DATE    0.20               1.27  -1.07     1.02
  SINCE DEC 1      0.20               1.27  -1.07     1.02
  SINCE JAN 1     42.75              34.38   8.37    38.20

SNOWFALL (IN)
  YESTERDAY        0.0   20.8  1988   1.4   -1.4      1.8
  MONTH TO DATE    3.5               19.0  -15.5      9.2
  SINCE DEC 1      3.5               19.0  -15.5      9.2
  SINCE JUL 1     59.7               49.5   10.2     31.7
  SNOW DEPTH      14

DEGREE DAYS
 HEATING
  YESTERDAY       27                 46    -19       57
  MONTH TO DATE  620                617      3      752
  SINCE DEC 1    620                617      3      752
  SINCE JUL 1   3150               2819    331     2921

 COOLING
  YESTERDAY        0                  0      0        0
  MONTH TO DATE    0                  0      0        0
  SINCE DEC 1      0                  0      0        0
  SINCE JAN 1    152                242    -90      280
...........................................................


WIND (MPH)
  RESULTANT WIND SPEED  MM   RESULTANT WIND DIRECTION  MM
  HIGHEST WIND SPEED    MM   HIGHEST WIND DIRECTION    MM
  HIGHEST GUST SPEED    10   HIGHEST GUST DIRECTION     W (270)
  AVERAGE WIND SPEED    MM


SKY COVER
  POSSIBLE SUNSHINE  MM
  AVERAGE SKY COVER  MM


WEATHER CONDITIONS
 THE FOLLOWING WEATHER WAS RECORDED YESTERDAY.
  LIGHT RAIN
  FOG


RELATIVE HUMIDITY (PERCENT)
 HIGHEST    MM
 LOWEST     MM
 AVERAGE    MM

..........................................................


THE MARQUETTE MI CLIMATE NORMALS FOR TODAY
                         NORMAL    RECORD    YEAR
 MAXIMUM TEMPERATURE (F)   26        51      1997
 MINIMUM TEMPERATURE (F)   11       -10      2007
                                             1972
                                             1961


SUNRISE AND SUNSET
DECEMBER 15 2014......SUNRISE   827 AM EST   SUNSET   503 PM EST
DECEMBER 16 2014......SUNRISE   828 AM EST   SUNSET   504 PM EST


-  INDICATES NEGATIVE NUMBERS.
R  INDICATES RECORD WAS SET OR TIED.
MM INDICATES DATA IS MISSING.
T  INDICATES TRACE AMOUNT.




$$
