000
CDUS43 KMQT 170506
CLIMQT


CLIMATE REPORT
NATIONAL WEATHER SERVICE MARQUETTE MI
104 AM EDT TUE MAY 17 2016


...................................

...THE MARQUETTE MI CLIMATE SUMMARY FOR MAY 16 2016...

CLIMATE NORMAL PERIOD 1981 TO 2010
CLIMATE RECORD PERIOD 1961 TO 2016


WEATHER ITEM   OBSERVED RECORD YEAR NORMAL DEPARTURE LAST
                VALUE   VALUE       VALUE  FROM      YEAR
                                           NORMAL
...........................................................
TEMPERATURE (F)
 YESTERDAY
  MAXIMUM         51     90    1962  62    -11       68
  MINIMUM         32     23    1983  40     -8       47
  AVERAGE         42                 51     -9       58

PRECIPITATION (IN)
  YESTERDAY        0.01   1.36 1976   0.10  -0.09     0.00
  MONTH TO DATE    0.45               1.44  -0.99     1.32
  SINCE MAR 1      7.62               7.48   0.14     5.08
  SINCE JAN 1     12.24              12.03   0.21     8.00

SNOWFALL (IN)
  YESTERDAY        0.0    3.2  1997   0.0    0.0      0.0
  MONTH TO DATE    1.1                1.5   -0.4       T
  SINCE MAR 1     60.8               50.9    9.9     24.4
  SINCE JUL 1    160.9              203.3  -42.4    178.4
  SNOW DEPTH       0

DEGREE DAYS
 HEATING
  YESTERDAY       23                 14      9        7
  MONTH TO DATE  303                272     31      229
  SINCE MAR 1   2326               2350    -24     2291
  SINCE JUL 1   8093               8974   -881     9602

 COOLING
  YESTERDAY        0                  0      0        0
  MONTH TO DATE    0                  0      0        2
  SINCE MAR 1      0                  1     -1        2
  SINCE JAN 1      0                  1     -1        2
...........................................................


WIND (MPH)
  RESULTANT WIND SPEED  MM   RESULTANT WIND DIRECTION  MM
  HIGHEST WIND SPEED    MM   HIGHEST WIND DIRECTION    MM
  HIGHEST GUST SPEED    26   HIGHEST GUST DIRECTION     W (270)
  AVERAGE WIND SPEED    MM


SKY COVER
  POSSIBLE SUNSHINE  MM
  AVERAGE SKY COVER  MM


WEATHER CONDITIONS
 THE FOLLOWING WEATHER WAS RECORDED YESTERDAY.
  LIGHT RAIN


RELATIVE HUMIDITY (PERCENT)
 HIGHEST    MM
 LOWEST     MM
 AVERAGE    MM

..........................................................


THE MARQUETTE MI CLIMATE NORMALS FOR TODAY
                         NORMAL    RECORD    YEAR
 MAXIMUM TEMPERATURE (F)   62        88      1962
 MINIMUM TEMPERATURE (F)   40        21      1983


SUNRISE AND SUNSET
MAY 17 2016...........SUNRISE   613 AM EDT   SUNSET   920 PM EDT
MAY 18 2016...........SUNRISE   612 AM EDT   SUNSET   922 PM EDT


-  INDICATES NEGATIVE NUMBERS.
R  INDICATES RECORD WAS SET OR TIED.
MM INDICATES DATA IS MISSING.
T  INDICATES TRACE AMOUNT.


$$

Titus
