000
CDUS43 KMQT 192105
CLIMQT


CLIMATE REPORT
NATIONAL WEATHER SERVICE MARQUETTE MI
503 PM EDT SAT JUL 19 2014


...................................

...THE MARQUETTE MI CLIMATE SUMMARY FOR JULY 19 2014...
VALID TODAY AS OF 500 PM LOCAL TIME.

CLIMATE NORMAL PERIOD 1981 TO 2010
CLIMATE RECORD PERIOD 1961 TO 2014


WEATHER ITEM   OBSERVED RECORD YEAR NORMAL DEPARTURE LAST
                VALUE   VALUE       VALUE  FROM      YEAR
                                           NORMAL
...........................................................
TEMPERATURE (F)
 TODAY
  MAXIMUM         77     99    1977  77      0       79
  MINIMUM         57     36    2000  55      2       61
  AVERAGE         67                 66      1       70

PRECIPITATION (IN)
  TODAY            0.00   1.65 1970   0.09  -0.09     0.44
  MONTH TO DATE    3.22               1.70   1.52     2.82
  SINCE JUN 1      8.85               4.54   4.31     6.13
  SINCE JAN 1     21.31              18.18   3.13    23.47

SNOWFALL (IN)
  TODAY            0.0   MM      MM   0.0    0.0      0.0
  MONTH TO DATE    T                  0.0    0.0      0.0
  SINCE JUN 1      T                  0.0    0.0      0.0
  SINCE JUL 1      T                  0.0    0.0      0.0
  SNOW DEPTH       0

DEGREE DAYS
 HEATING
  TODAY            0                  2     -2        0
  MONTH TO DATE   78                 50     28       30
  SINCE JUN 1    241                232      9      228
  SINCE JUL 1     78                 50     28       30

 COOLING
  TODAY            2                  3     -1        5
  MONTH TO DATE   16                 57    -41      123
  SINCE JUN 1     70                105    -35      162
  SINCE JAN 1     90                117    -27      175
...........................................................


WIND (MPH)
  HIGHEST WIND SPEED    MM   HIGHEST WIND DIRECTION    MM
  HIGHEST GUST SPEED    24   HIGHEST GUST DIRECTION    SW (225)
  AVERAGE WIND SPEED    MM


SKY COVER
  POSSIBLE SUNSHINE  MM
  AVERAGE SKY COVER  MM


WEATHER CONDITIONS
 THE FOLLOWING WEATHER WAS RECORDED TODAY.
  NO SIGNIFICANT WEATHER WAS OBSERVED.


RELATIVE HUMIDITY (PERCENT)
 HIGHEST    MM
 LOWEST     MM
 AVERAGE    MM

..........................................................


THE MARQUETTE MI CLIMATE NORMALS FOR TOMORROW
                         NORMAL    RECORD    YEAR
 MAXIMUM TEMPERATURE (F)   77        94      2011
 MINIMUM TEMPERATURE (F)   55        39      1992


SUNRISE AND SUNSET
JULY 19 2014..........SUNRISE   616 AM EDT   SUNSET   936 PM EDT
JULY 20 2014..........SUNRISE   617 AM EDT   SUNSET   935 PM EDT


-  INDICATES NEGATIVE NUMBERS.
R  INDICATES RECORD WAS SET OR TIED.
MM INDICATES DATA IS MISSING.
T  INDICATES TRACE AMOUNT.




$$
