259
CDUS43 KMQT 060537
CLIMQT


CLIMATE REPORT
NATIONAL WEATHER SERVICE MARQUETTE MI
1237 AM EST SAT FEB 6 2016


...................................

...THE MARQUETTE MI CLIMATE SUMMARY FOR FEBRUARY 5 2016...

CLIMATE NORMAL PERIOD 1981 TO 2010
CLIMATE RECORD PERIOD 1961 TO 2016


WEATHER ITEM   OBSERVED RECORD YEAR NORMAL DEPARTURE LAST
                VALUE   VALUE       VALUE  FROM      YEAR
                                           NORMAL
...........................................................
TEMPERATURE (F)
 YESTERDAY
  MAXIMUM         23     50    2005  23      0       15
  MINIMUM         -1    -18    1972   4     -5      -16
  AVERAGE         11                 14     -3        0

PRECIPITATION (IN)
  YESTERDAY        T      1.37 1971   0.07  -0.07      T
  MONTH TO DATE    0.90               0.37   0.53     0.17
  SINCE DEC 1      7.73               5.35   2.38     3.70
  SINCE JAN 1      2.86               2.78   0.08     1.42

SNOWFALL (IN)
  YESTERDAY        0.3   16.7  1984   1.3   -1.0       T
  MONTH TO DATE   10.7                6.7    4.0      4.0
  SINCE DEC 1     67.1               92.7  -25.6     61.1
  SINCE JUL 1     75.0              123.2  -48.2    117.3
  SNOW DEPTH      22

DEGREE DAYS
 HEATING
  YESTERDAY       54                 51      3       65
  MONTH TO DATE  223                258    -35      304
  SINCE DEC 1   2811               3293   -482     3338
  SINCE JUL 1   4643               5495   -852     5868

 COOLING
  YESTERDAY        0                  0      0        0
  MONTH TO DATE    0                  0      0        0
  SINCE DEC 1      0                  0      0        0
  SINCE JAN 1      0                  0      0        0
...........................................................


WIND (MPH)
  RESULTANT WIND SPEED  MM   RESULTANT WIND DIRECTION  MM
  HIGHEST WIND SPEED    MM   HIGHEST WIND DIRECTION    MM
  HIGHEST GUST SPEED    21   HIGHEST GUST DIRECTION     W (270)
  AVERAGE WIND SPEED    MM


SKY COVER
  POSSIBLE SUNSHINE  MM
  AVERAGE SKY COVER  MM


WEATHER CONDITIONS
 THE FOLLOWING WEATHER WAS RECORDED YESTERDAY.
  LIGHT SNOW


RELATIVE HUMIDITY (PERCENT)
 HIGHEST    MM
 LOWEST     MM
 AVERAGE    MM

..........................................................


THE MARQUETTE MI CLIMATE NORMALS FOR TODAY
                         NORMAL    RECORD    YEAR
 MAXIMUM TEMPERATURE (F)   23        46      2002
 MINIMUM TEMPERATURE (F)    4       -18      1982


SUNRISE AND SUNSET
FEBRUARY  6 2016......SUNRISE   808 AM EST   SUNSET   601 PM EST
FEBRUARY  7 2016......SUNRISE   807 AM EST   SUNSET   603 PM EST


-  INDICATES NEGATIVE NUMBERS.
R  INDICATES RECORD WAS SET OR TIED.
MM INDICATES DATA IS MISSING.
T  INDICATES TRACE AMOUNT.




$$
