000
CDUS43 KMQT 190503
CLIMQT

CLIMATE REPORT
NATIONAL WEATHER SERVICE MARQUETTE MI
102 AM EDT MON JUN 19 2017


...................................

...THE MARQUETTE MI CLIMATE SUMMARY FOR JUNE 18 2017...

CLIMATE NORMAL PERIOD 1981 TO 2010
CLIMATE RECORD PERIOD 1961 TO 2017


WEATHER ITEM   OBSERVED RECORD YEAR NORMAL DEPARTURE LAST
                VALUE   VALUE       VALUE  FROM      YEAR
                                           NORMAL
...........................................................
TEMPERATURE (F)
 YESTERDAY
  MAXIMUM         60     96    1995  73    -13       87
  MINIMUM         53     36    2013  50      3       59
  AVERAGE         57                 61     -4       73

PRECIPITATION (IN)
  YESTERDAY        1.10R  0.90 1971   0.09   1.01     0.00
  MONTH TO DATE    3.87               1.78   2.09     2.11
  SINCE JUN 1      3.87               1.78   2.09     2.11
  SINCE JAN 1     18.71              15.42   3.29    18.32

SNOWFALL (IN)
  YESTERDAY        0.0   MM      MM   0.0    0.0      0.0
  MONTH TO DATE    0.0                0.0    0.0       T
  SINCE JUN 1      0.0                0.0    0.0       T
  SINCE JUL 1    154.0              203.3  -49.3    160.9
  SNOW DEPTH       0

DEGREE DAYS
 HEATING
  YESTERDAY        8                  6      2        0
  MONTH TO DATE   71                132    -61      133
  SINCE JUN 1     71                132    -61      133
  SINCE JUL 1   8304               9284   -980     8337

 COOLING
  YESTERDAY        0                  2     -2        8
  MONTH TO DATE   21                 21      0       11
  SINCE JUN 1     21                 21      0       11
  SINCE JAN 1     21                 33    -12       22
...........................................................


WIND (MPH)
  RESULTANT WIND SPEED  MM   RESULTANT WIND DIRECTION  MM
  HIGHEST WIND SPEED    MM   HIGHEST WIND DIRECTION    MM
  HIGHEST GUST SPEED    19   HIGHEST GUST DIRECTION    NW (315)
  AVERAGE WIND SPEED    MM


SKY COVER
  POSSIBLE SUNSHINE  MM
  AVERAGE SKY COVER  MM


WEATHER CONDITIONS
 THE FOLLOWING WEATHER WAS RECORDED YESTERDAY.
  RAIN
  LIGHT RAIN


RELATIVE HUMIDITY (PERCENT)
 HIGHEST    MM
 LOWEST     MM
 AVERAGE    MM

..........................................................


THE MARQUETTE MI CLIMATE NORMALS FOR TODAY
                         NORMAL    RECORD    YEAR
 MAXIMUM TEMPERATURE (F)   73        93      1995
 MINIMUM TEMPERATURE (F)   51        36      2015
                                             1970


SUNRISE AND SUNSET
JUNE 19 2017..........SUNRISE   557 AM EDT   SUNSET   946 PM EDT
JUNE 20 2017..........SUNRISE   557 AM EDT   SUNSET   947 PM EDT


-  INDICATES NEGATIVE NUMBERS.
R  INDICATES RECORD WAS SET OR TIED.
MM INDICATES DATA IS MISSING.
T  INDICATES TRACE AMOUNT.




$$
