000
CDUS43 KMQT 090536
CLIMQT


CLIMATE REPORT
NATIONAL WEATHER SERVICE MARQUETTE MI
1236 AM EST FRI FEB 9 2018


...................................

...THE MARQUETTE MI CLIMATE SUMMARY FOR FEBRUARY 8 2018...

CLIMATE NORMAL PERIOD 1981 TO 2010
CLIMATE RECORD PERIOD 1961 TO 2018


WEATHER ITEM   OBSERVED RECORD YEAR NORMAL DEPARTURE LAST
                VALUE   VALUE       VALUE  FROM      YEAR
                                           NORMAL
...........................................................
TEMPERATURE (F)
 YESTERDAY
  MAXIMUM         11     53    1991  24    -13       13
  MINIMUM        -18    -32    1962   4    -22        2
  AVERAGE         -3                 14    -17        8

PRECIPITATION (IN)
  YESTERDAY        0.00   0.59 1987   0.08  -0.08     0.01
  MONTH TO DATE    0.24               0.59  -0.35     1.03
  SINCE DEC 1      5.10               5.57  -0.47     4.96
  SINCE JAN 1      2.96               3.00  -0.04     2.77

SNOWFALL (IN)
  YESTERDAY        0.0    9.2  2015   1.2   -1.2      1.0
  MONTH TO DATE    3.4               10.4   -7.0     15.6
  SINCE DEC 1     78.2               96.4  -18.2     87.8
  SINCE JUL 1    103.2              126.9  -23.7    102.0
  SNOW DEPTH      19

DEGREE DAYS
 HEATING
  YESTERDAY       68                 51     17       57
  MONTH TO DATE  505                411     94      422
  SINCE DEC 1   3634               3446    188     3286
  SINCE JUL 1   5761               5648    113     4911

 COOLING
  YESTERDAY        0                  0      0        0
  MONTH TO DATE    0                  0      0        0
  SINCE DEC 1      0                  0      0        0
  SINCE JAN 1      0                  0      0        0
...........................................................


WIND (MPH)
  RESULTANT WIND SPEED  MM   RESULTANT WIND DIRECTION  MM
  HIGHEST WIND SPEED    MM   HIGHEST WIND DIRECTION    MM
  HIGHEST GUST SPEED    19   HIGHEST GUST DIRECTION     W (270)
  AVERAGE WIND SPEED    MM


SKY COVER
  POSSIBLE SUNSHINE  MM
  AVERAGE SKY COVER  MM


WEATHER CONDITIONS
 THE FOLLOWING WEATHER WAS RECORDED YESTERDAY.
  NO SIGNIFICANT WEATHER WAS OBSERVED.


RELATIVE HUMIDITY (PERCENT)
 HIGHEST    MM
 LOWEST     MM
 AVERAGE    MM

..........................................................


THE MARQUETTE MI CLIMATE NORMALS FOR TODAY
                         NORMAL    RECORD    YEAR
 MAXIMUM TEMPERATURE (F)   24        41      1998
                                             1991
                                             1966
 MINIMUM TEMPERATURE (F)    4       -23      1994


SUNRISE AND SUNSET
FEBRUARY  9 2018......SUNRISE   803 AM EST   SUNSET   606 PM EST
FEBRUARY 10 2018......SUNRISE   801 AM EST   SUNSET   608 PM EST


-  INDICATES NEGATIVE NUMBERS.
R  INDICATES RECORD WAS SET OR TIED.
MM INDICATES DATA IS MISSING.
T  INDICATES TRACE AMOUNT.




$$
