878
CDUS43 KMQT 222105
CLIMQT


CLIMATE REPORT
NATIONAL WEATHER SERVICE MARQUETTE MI
504 PM EDT WED MAR 22 2017


...................................

...THE MARQUETTE MI CLIMATE SUMMARY FOR MARCH 22 2017...
VALID TODAY AS OF 0500 PM LOCAL TIME.

CLIMATE NORMAL PERIOD 1981 TO 2010
CLIMATE RECORD PERIOD 1961 TO 2017


WEATHER ITEM   OBSERVED RECORD YEAR NORMAL DEPARTURE LAST
                VALUE   VALUE       VALUE  FROM      YEAR
                                           NORMAL
...........................................................
TEMPERATURE (F)
 TODAY
  MAXIMUM         33     60    1987  37     -4       29
  MINIMUM         12    -16    2004  16     -4       23
  AVERAGE         23                 26     -3       26

PRECIPITATION (IN)
  TODAY            T      0.95 1984   0.10  -0.10     0.08
  MONTH TO DATE    1.21               2.12  -0.91     2.41
  SINCE MAR 1      1.21               2.12  -0.91     2.41
  SINCE JAN 1      5.79               6.67  -0.88     7.03

SNOWFALL (IN)
  TODAY            T     11.2  1984   1.0   -1.0      1.6
  MONTH TO DATE   19.9               26.8   -6.9     14.8
  SINCE MAR 1     19.9               26.8   -6.9     14.8
  SINCE JUL 1    141.0              179.2  -38.2    114.9
  SNOW DEPTH       8

DEGREE DAYS
 HEATING
  TODAY           42                 39      3       39
  MONTH TO DATE  962                935     27      797
  SINCE MAR 1    962                935     27      797
  SINCE JUL 1   6646               7559   -913     6564

 COOLING
  TODAY            0                  0      0        0
  MONTH TO DATE    0                  0      0        0
  SINCE MAR 1      0                  0      0        0
  SINCE JAN 1      0                  0      0        0
...........................................................


WIND (MPH)
  HIGHEST WIND SPEED    MM   HIGHEST WIND DIRECTION    MM
  HIGHEST GUST SPEED    25   HIGHEST GUST DIRECTION     N (360)
  AVERAGE WIND SPEED    MM


SKY COVER
  POSSIBLE SUNSHINE  MM
  AVERAGE SKY COVER  MM


WEATHER CONDITIONS
 THE FOLLOWING WEATHER WAS RECORDED TODAY.
  LIGHT SNOW


RELATIVE HUMIDITY (PERCENT)
 HIGHEST    MM
 LOWEST     MM
 AVERAGE    MM

..........................................................


THE MARQUETTE MI CLIMATE NORMALS FOR TOMORROW
                         NORMAL    RECORD    YEAR
 MAXIMUM TEMPERATURE (F)   37        62      2000
                                             1987
 MINIMUM TEMPERATURE (F)   17       -18      1965


SUNRISE AND SUNSET
MARCH 22 2017.........SUNRISE   749 AM EDT   SUNSET   806 PM EDT
MARCH 23 2017.........SUNRISE   747 AM EDT   SUNSET   807 PM EDT


-  INDICATES NEGATIVE NUMBERS.
R  INDICATES RECORD WAS SET OR TIED.
MM INDICATES DATA IS MISSING.
T  INDICATES TRACE AMOUNT.




$$
