992
CDUS43 KMQT 202124
CLIMQT


CLIMATE REPORT
NATIONAL WEATHER SERVICE MARQUETTE MI
519 PM EDT FRI MAY 20 2016


...................................

...THE MARQUETTE MI CLIMATE SUMMARY FOR MAY 20 2016...
VALID TODAY AS OF 500 PM LOCAL TIME.

CLIMATE NORMAL PERIOD 1981 TO 2010
CLIMATE RECORD PERIOD 1961 TO 2016


WEATHER ITEM   OBSERVED RECORD YEAR NORMAL DEPARTURE LAST
                VALUE   VALUE       VALUE  FROM      YEAR
                                           NORMAL
...........................................................
TEMPERATURE (F)
 TODAY
  MAXIMUM         72     89    2009  64      8       60
  MINIMUM         43     24    2002  41      2       28
  AVERAGE         58                 52      6       44

PRECIPITATION (IN)
  TODAY            0.00   0.87 2012   0.11  -0.11     0.00
  MONTH TO DATE    0.45               1.86  -1.41     1.56
  SINCE MAR 1      7.62               7.90  -0.28     5.32
  SINCE JAN 1     12.24              12.45  -0.21     8.24

SNOWFALL (IN)
  TODAY            0.0    T    2012   0.0    0.0      0.0
                               2008
                               1997
  MONTH TO DATE    1.1                1.5   -0.4      0.3
  SINCE MAR 1     60.8               50.9    9.9     24.7
  SINCE JUL 1    160.9              203.3  -42.4    178.7
  SNOW DEPTH       0

DEGREE DAYS
 HEATING
  TODAY            7                 13     -6       21
  MONTH TO DATE  361                326     35      301
  SINCE MAR 1   2384               2404    -20     2363
  SINCE JUL 1   8151               9028   -877     9674

 COOLING
  TODAY            0                  0      0        0
  MONTH TO DATE    0                  0      0        2
  SINCE MAR 1      0                  1     -1        2
  SINCE JAN 1      0                  1     -1        2
...........................................................


WIND (MPH)
  HIGHEST WIND SPEED    MM   HIGHEST WIND DIRECTION    MM
  HIGHEST GUST SPEED    16   HIGHEST GUST DIRECTION     E (90)
  AVERAGE WIND SPEED    MM


SKY COVER
  POSSIBLE SUNSHINE  MM
  AVERAGE SKY COVER  MM


WEATHER CONDITIONS
 THE FOLLOWING WEATHER WAS RECORDED TODAY.
  NO SIGNIFICANT WEATHER WAS OBSERVED.


RELATIVE HUMIDITY (PERCENT)
 HIGHEST    MM
 LOWEST     MM
 AVERAGE    MM

..........................................................


THE MARQUETTE MI CLIMATE NORMALS FOR TOMORROW
                         NORMAL    RECORD    YEAR
 MAXIMUM TEMPERATURE (F)   64        90      1994
 MINIMUM TEMPERATURE (F)   42        25      2002


SUNRISE AND SUNSET
MAY 20 2016...........SUNRISE   610 AM EDT   SUNSET   924 PM EDT
MAY 21 2016...........SUNRISE   609 AM EDT   SUNSET   925 PM EDT


-  INDICATES NEGATIVE NUMBERS.
R  INDICATES RECORD WAS SET OR TIED.
MM INDICATES DATA IS MISSING.
T  INDICATES TRACE AMOUNT.




$$
