000
CDUS43 KMQT 260530
CLIMQT


CLIMATE REPORT
NATIONAL WEATHER SERVICE MARQUETTE MI
1228 AM EST MON JAN 26 2015


...................................

...THE MARQUETTE MI CLIMATE SUMMARY FOR JANUARY 25 2015...

CLIMATE NORMAL PERIOD 1981 TO 2010
CLIMATE RECORD PERIOD 1961 TO 2015


WEATHER ITEM   OBSERVED RECORD YEAR NORMAL DEPARTURE LAST
                VALUE   VALUE       VALUE  FROM      YEAR
                                           NORMAL
...........................................................
TEMPERATURE (F)
 YESTERDAY
  MAXIMUM         17     49    1973  22     -5       19
  MINIMUM         -7    -19    1963   4    -11       -6
  AVERAGE          5                 13     -8        7

PRECIPITATION (IN)
  YESTERDAY        0.03   0.78 1975   0.08  -0.05     0.15
  MONTH TO DATE    0.96               1.95  -0.99     1.77
  SINCE DEC 1      3.24               4.52  -1.28     4.35
  SINCE JAN 1      0.96               1.95  -0.99     1.77

SNOWFALL (IN)
  YESTERDAY        1.1   14.8  1988   1.4   -0.3      2.8
  MONTH TO DATE   22.3               35.0  -12.7     33.5
  SINCE DEC 1     49.3               77.8  -28.5     80.4
  SINCE JUL 1    105.5              108.3   -2.8    102.9
  SNOW DEPTH      24

DEGREE DAYS
 HEATING
  YESTERDAY       60                 52      8       58
  MONTH TO DATE 1366               1283     83     1439
  SINCE DEC 1   2731               2723      8     3110
  SINCE JUL 1   5261               4925    336     5279

 COOLING
  YESTERDAY        0                  0      0        0
  MONTH TO DATE    0                  0      0        0
  SINCE DEC 1      0                  0      0        0
  SINCE JAN 1      0                  0      0        0
...........................................................


WIND (MPH)
  RESULTANT WIND SPEED  MM   RESULTANT WIND DIRECTION  MM
  HIGHEST WIND SPEED    MM   HIGHEST WIND DIRECTION    MM
  HIGHEST GUST SPEED    17   HIGHEST GUST DIRECTION    NE (45)
  AVERAGE WIND SPEED    MM


SKY COVER
  POSSIBLE SUNSHINE  MM
  AVERAGE SKY COVER  MM


WEATHER CONDITIONS
 THE FOLLOWING WEATHER WAS RECORDED YESTERDAY.
  LIGHT SNOW


RELATIVE HUMIDITY (PERCENT)
 HIGHEST    MM
 LOWEST     MM
 AVERAGE    MM

..........................................................


THE MARQUETTE MI CLIMATE NORMALS FOR TODAY
                         NORMAL    RECORD    YEAR
 MAXIMUM TEMPERATURE (F)   22        53      1973
 MINIMUM TEMPERATURE (F)    4       -30      1963


SUNRISE AND SUNSET
JANUARY 26 2015.......SUNRISE   821 AM EST   SUNSET   545 PM EST
JANUARY 27 2015.......SUNRISE   820 AM EST   SUNSET   546 PM EST


-  INDICATES NEGATIVE NUMBERS.
R  INDICATES RECORD WAS SET OR TIED.
MM INDICATES DATA IS MISSING.
T  INDICATES TRACE AMOUNT.




$$
