000
CDUS43 KMQT 090457
CLIMQT


CLIMATE REPORT
NATIONAL WEATHER SERVICE MARQUETTE MI
1254 AM EDT TUE SEP 9 2014


...................................

...THE MARQUETTE MI CLIMATE SUMMARY FOR SEPTEMBER 8 2014...

CLIMATE NORMAL PERIOD 1981 TO 2010
CLIMATE RECORD PERIOD 1961 TO 2014


WEATHER ITEM   OBSERVED RECORD YEAR NORMAL DEPARTURE LAST
                VALUE   VALUE       VALUE  FROM      YEAR
                                           NORMAL
...........................................................
TEMPERATURE (F)
 YESTERDAY
  MAXIMUM         74     91    2002  69      5       67
  MINIMUM         52     34    1995  49      3       51
  AVERAGE         63                 59      4       59

PRECIPITATION (IN)
  YESTERDAY        0.00   1.10 1968   0.12  -0.12     0.00
  MONTH TO DATE    0.56               0.89  -0.33     0.40
  SINCE SEP 1      0.56               0.89  -0.33     0.40
  SINCE JAN 1     27.30              23.26   4.04    28.15

SNOWFALL (IN)
  YESTERDAY        0.0   MM      MM   0.0    0.0      0.0
  MONTH TO DATE    0.0                0.0    0.0      0.0
  SINCE SEP 1      0.0                0.0    0.0      0.0
  SINCE JUL 1      T                  0.0    0.0      0.0
  SNOW DEPTH       0

DEGREE DAYS
 HEATING
  YESTERDAY        2                  7     -5        6
  MONTH TO DATE   22                 52    -30       46
  SINCE SEP 1     22                 52    -30       46
  SINCE JUL 1    269                237     32      260

 COOLING
  YESTERDAY        0                  1     -1        0
  MONTH TO DATE    1                 11    -10        2
  SINCE SEP 1      1                 11    -10        2
  SINCE JAN 1    148                231    -83      272
...........................................................


WIND (MPH)
  RESULTANT WIND SPEED  MM   RESULTANT WIND DIRECTION  MM
  HIGHEST WIND SPEED    MM   HIGHEST WIND DIRECTION    MM
  HIGHEST GUST SPEED    26   HIGHEST GUST DIRECTION    SW (225)
  AVERAGE WIND SPEED    MM


SKY COVER
  POSSIBLE SUNSHINE  MM
  AVERAGE SKY COVER  MM


WEATHER CONDITIONS
 THE FOLLOWING WEATHER WAS RECORDED YESTERDAY.
  NO SIGNIFICANT WEATHER WAS OBSERVED.


RELATIVE HUMIDITY (PERCENT)
 HIGHEST    MM
 LOWEST     MM
 AVERAGE    MM

..........................................................


THE MARQUETTE MI CLIMATE NORMALS FOR TODAY
                         NORMAL    RECORD    YEAR
 MAXIMUM TEMPERATURE (F)   69        93      2002
 MINIMUM TEMPERATURE (F)   48        30      1975
                                             1967


SUNRISE AND SUNSET
SEPTEMBER  9 2014.....SUNRISE   720 AM EDT   SUNSET   814 PM EDT
SEPTEMBER 10 2014.....SUNRISE   722 AM EDT   SUNSET   812 PM EDT


-  INDICATES NEGATIVE NUMBERS.
R  INDICATES RECORD WAS SET OR TIED.
MM INDICATES DATA IS MISSING.
T  INDICATES TRACE AMOUNT.

$$
