000
CDUS43 KMQT 152106
CLIMQT


CLIMATE REPORT
NATIONAL WEATHER SERVICE MARQUETTE MI
506 PM EDT FRI SEP 15 2017


...................................

...THE MARQUETTE MI CLIMATE SUMMARY FOR SEPTEMBER 15 2017...
VALID TODAY AS OF 0500 PM LOCAL TIME.

CLIMATE NORMAL PERIOD 1981 TO 2010
CLIMATE RECORD PERIOD 1961 TO 2017


WEATHER ITEM   OBSERVED RECORD YEAR NORMAL DEPARTURE LAST
                VALUE   VALUE       VALUE  FROM      YEAR
                                           NORMAL
...........................................................
TEMPERATURE (F)
 TODAY
  MAXIMUM         73     84    2015  66      7       71
  MINIMUM         60     31    2011  46     14       44
                               2007
  AVERAGE         67                 56     11       58

PRECIPITATION (IN)
  TODAY            T      0.80 2010   0.13  -0.13     0.00
  MONTH TO DATE    1.22               1.73  -0.51     3.37
  SINCE SEP 1      1.22               1.73  -0.51     3.37
  SINCE JAN 1     28.55              24.10   4.45    31.14

SNOWFALL (IN)
  TODAY            0.0   MM      MM   0.0    0.0      0.0
  MONTH TO DATE    0.0                0.0    0.0      0.0
  SINCE SEP 1      0.0                0.0    0.0      0.0
  SINCE JUL 1      T                  0.0    0.0       T
  SNOW DEPTH       0

DEGREE DAYS
 HEATING
  TODAY            0                  9     -9        7
  MONTH TO DATE  124                111     13       65
  SINCE SEP 1    124                111     13       65
  SINCE JUL 1    389                296     93      165

 COOLING
  TODAY            2                  1      1        0
  MONTH TO DATE    6                 18    -12       10
  SINCE SEP 1      6                 18    -12       10
  SINCE JAN 1     99                238   -139      246
...........................................................


WIND (MPH)
  HIGHEST WIND SPEED    MM   HIGHEST WIND DIRECTION    MM
  HIGHEST GUST SPEED    15   HIGHEST GUST DIRECTION     S (180)
  AVERAGE WIND SPEED    MM


SKY COVER
  POSSIBLE SUNSHINE  MM
  AVERAGE SKY COVER  MM


WEATHER CONDITIONS
 THE FOLLOWING WEATHER WAS RECORDED TODAY.
  LIGHT RAIN


RELATIVE HUMIDITY (PERCENT)
 HIGHEST    MM
 LOWEST     MM
 AVERAGE    MM

..........................................................


THE MARQUETTE MI CLIMATE NORMALS FOR TOMORROW
                         NORMAL    RECORD    YEAR
 MAXIMUM TEMPERATURE (F)   66        81      2015
 MINIMUM TEMPERATURE (F)   46        29      2011


SUNRISE AND SUNSET
SEPTEMBER 15 2017.....SUNRISE   728 AM EDT   SUNSET   801 PM EDT
SEPTEMBER 16 2017.....SUNRISE   730 AM EDT   SUNSET   759 PM EDT


-  INDICATES NEGATIVE NUMBERS.
R  INDICATES RECORD WAS SET OR TIED.
MM INDICATES DATA IS MISSING.
T  INDICATES TRACE AMOUNT.




$$
