000
CDUS43 KMQT 230522
CLIMQT


CLIMATE REPORT
NATIONAL WEATHER SERVICE MARQUETTE MI
1219 AM EST SUN NOV 23 2014


...................................

...THE MARQUETTE MI CLIMATE SUMMARY FOR NOVEMBER 22 2014...

CLIMATE NORMAL PERIOD 1981 TO 2010
CLIMATE RECORD PERIOD 1961 TO 2014


WEATHER ITEM   OBSERVED RECORD YEAR NORMAL DEPARTURE LAST
                VALUE   VALUE       VALUE  FROM      YEAR
                                           NORMAL
...........................................................
TEMPERATURE (F)
 YESTERDAY
  MAXIMUM         37     58    2012  34      3       27
  MINIMUM         23     -2    1978  20      3       16
  AVERAGE         30                 27      3       22

PRECIPITATION (IN)
  YESTERDAY        0.00   0.35 1963   0.11  -0.11     0.08
  MONTH TO DATE    4.29               2.33   1.96     2.58
  SINCE SEP 1     14.88               9.89   4.99     8.98
  SINCE JAN 1     41.62              32.26   9.36    36.73

SNOWFALL (IN)
  YESTERDAY        0.0    4.2  2000   1.0   -1.0      1.3
  MONTH TO DATE   46.2               15.4   30.8      8.6
  SINCE SEP 1     49.4               21.5   27.9     12.1
  SINCE JUL 1     49.4               21.5   27.9     12.1
  SNOW DEPTH      17

DEGREE DAYS
 HEATING
  YESTERDAY       35                 38     -3       43
  MONTH TO DATE  926                724    202      688
  SINCE SEP 1   1911               1700    211     1575
  SINCE JUL 1   2158               1885    273     1789

 COOLING
  YESTERDAY        0                  0      0        0
  MONTH TO DATE    0                  0      0        0
  SINCE SEP 1      5                 22    -17       10
  SINCE JAN 1    152                242    -90      280
...........................................................


WIND (MPH)
  HIGHEST WIND SPEED    MM   HIGHEST WIND DIRECTION    MM
  HIGHEST GUST SPEED    35   HIGHEST GUST DIRECTION    SW (225)
  AVERAGE WIND SPEED    MM


SKY COVER
  POSSIBLE SUNSHINE  MM
  AVERAGE SKY COVER  MM


WEATHER CONDITIONS
 THE FOLLOWING WEATHER WAS RECORDED YESTERDAY.
  NO SIGNIFICANT WEATHER WAS OBSERVED.


RELATIVE HUMIDITY (PERCENT)
 HIGHEST    MM
 LOWEST     MM
 AVERAGE    MM

..........................................................


THE MARQUETTE MI CLIMATE NORMALS FOR TODAY
                         NORMAL    RECORD    YEAR
 MAXIMUM TEMPERATURE (F)   34        54      2001
 MINIMUM TEMPERATURE (F)   20         1      1981


SUNRISE AND SUNSET
NOVEMBER 23 2014......SUNRISE   803 AM EST   SUNSET   510 PM EST
NOVEMBER 24 2014......SUNRISE   805 AM EST   SUNSET   509 PM EST


-  INDICATES NEGATIVE NUMBERS.
R  INDICATES RECORD WAS SET OR TIED.
MM INDICATES DATA IS MISSING.
T  INDICATES TRACE AMOUNT.




$$
