000
CDUS43 KMQT 150533
CLIMQT


CLIMATE REPORT
NATIONAL WEATHER SERVICE MARQUETTE MI
133 AM EDT SAT JUL 15 2017


...................................

...THE MARQUETTE MI CLIMATE SUMMARY FOR JULY 14 2017...

CLIMATE NORMAL PERIOD 1981 TO 2010
CLIMATE RECORD PERIOD 1961 TO 2017


WEATHER ITEM   OBSERVED RECORD YEAR NORMAL DEPARTURE LAST
                VALUE   VALUE       VALUE  FROM      YEAR
                                           NORMAL
...........................................................
TEMPERATURE (F)
 YESTERDAY
  MAXIMUM         71     95    1983  77     -6       68
  MINIMUM         50     43    1990  55     -5       53
                               1989
                               1987
  AVERAGE         61                 66     -5       61

PRECIPITATION (IN)
  YESTERDAY        0.07   2.47 1977   0.09  -0.02     0.34
  MONTH TO DATE    1.34               1.25   0.09     1.38
  SINCE JUN 1      7.31               4.09   3.22     4.92
  SINCE JAN 1     22.15              17.73   4.42    21.13

SNOWFALL (IN)
  YESTERDAY        0.0   MM      MM   0.0    0.0      0.0
  MONTH TO DATE    T                  0.0    0.0      0.0
  SINCE JUN 1      T                  0.0    0.0       T
  SINCE JUL 1      T                  0.0    0.0      0.0
  SNOW DEPTH       0

DEGREE DAYS
 HEATING
  YESTERDAY        4                  2      2        4
  MONTH TO DATE   43                 40      3       22
  SINCE JUN 1    184                222    -38      204
  SINCE JUL 1     43                 40      3       22

 COOLING
  YESTERDAY        0                  3     -3        0
  MONTH TO DATE   15                 42    -27       33
  SINCE JUN 1     36                 90    -54       74
  SINCE JAN 1     36                102    -66       85
...........................................................


WIND (MPH)
  RESULTANT WIND SPEED  MM   RESULTANT WIND DIRECTION  MM
  HIGHEST WIND SPEED    MM   HIGHEST WIND DIRECTION    MM
  HIGHEST GUST SPEED    17   HIGHEST GUST DIRECTION    NW (315)
  AVERAGE WIND SPEED    MM


SKY COVER
  POSSIBLE SUNSHINE  MM
  AVERAGE SKY COVER  MM


WEATHER CONDITIONS
 THE FOLLOWING WEATHER WAS RECORDED YESTERDAY.
  LIGHT RAIN
  FOG


RELATIVE HUMIDITY (PERCENT)
 HIGHEST    MM
 LOWEST     MM
 AVERAGE    MM

..........................................................


THE MARQUETTE MI CLIMATE NORMALS FOR TODAY
                         NORMAL    RECORD    YEAR
 MAXIMUM TEMPERATURE (F)   77        96      2006
 MINIMUM TEMPERATURE (F)   55        36      1989


SUNRISE AND SUNSET
JULY 15 2017..........SUNRISE   612 AM EDT   SUNSET   939 PM EDT
JULY 16 2017..........SUNRISE   613 AM EDT   SUNSET   939 PM EDT


-  INDICATES NEGATIVE NUMBERS.
R  INDICATES RECORD WAS SET OR TIED.
MM INDICATES DATA IS MISSING.
T  INDICATES TRACE AMOUNT.




$$
