000
CDUS43 KMQT 170509
CLIMQT


CLIMATE REPORT
NATIONAL WEATHER SERVICE MARQUETTE MI
108 AM EDT MON APR 17 2017


...................................

...THE MARQUETTE MI CLIMATE SUMMARY FOR APRIL 16 2017...

CLIMATE NORMAL PERIOD 1981 TO 2010
CLIMATE RECORD PERIOD 1961 TO 2017


WEATHER ITEM   OBSERVED RECORD YEAR NORMAL DEPARTURE LAST
                VALUE   VALUE       VALUE  FROM      YEAR
                                           NORMAL
...........................................................
TEMPERATURE (F)
 YESTERDAY
  MAXIMUM         53     83    2002  48      5       76
  MINIMUM         27     -5    2014  28     -1       41
  AVERAGE         40                 38      2       59

PRECIPITATION (IN)
  YESTERDAY        0.03   1.23 2012   0.10  -0.07     0.00
  MONTH TO DATE    2.67               1.71   0.96     2.59
  SINCE MAR 1      4.51               4.74  -0.23     5.93
  SINCE JAN 1      9.09               9.29  -0.20    10.55

SNOWFALL (IN)
  YESTERDAY        0.1   12.6  1993   0.5   -0.4      0.0
  MONTH TO DATE    9.1               10.3   -1.2     40.8
  SINCE MAR 1     29.0               45.2  -16.2     59.6
  SINCE JUL 1    150.1              197.6  -47.5    159.7
  SNOW DEPTH       0

DEGREE DAYS
 HEATING
  YESTERDAY       25                 27     -2        6
  MONTH TO DATE  384                488   -104      595
  SINCE MAR 1   1636               1751   -115     1691
  SINCE JUL 1   7320               8375  -1055     7458

 COOLING
  YESTERDAY        0                  0      0        0
  MONTH TO DATE    0                  0      0        0
  SINCE MAR 1      0                  0      0        0
  SINCE JAN 1      0                  0      0        0
...........................................................


WIND (MPH)
  RESULTANT WIND SPEED  MM   RESULTANT WIND DIRECTION  MM
  HIGHEST WIND SPEED    MM   HIGHEST WIND DIRECTION    MM
  HIGHEST GUST SPEED    28   HIGHEST GUST DIRECTION     W (270)
  AVERAGE WIND SPEED    MM


SKY COVER
  POSSIBLE SUNSHINE  MM
  AVERAGE SKY COVER  MM


WEATHER CONDITIONS
 THE FOLLOWING WEATHER WAS RECORDED YESTERDAY.
  LIGHT RAIN
  FREEZING RAIN
  LIGHT SNOW
  FOG
  FOG W/VISIBILITY <= 1/4 MILE


RELATIVE HUMIDITY (PERCENT)
 HIGHEST    MM
 LOWEST     MM
 AVERAGE    MM

..........................................................


THE MARQUETTE MI CLIMATE NORMALS FOR TODAY
                         NORMAL    RECORD    YEAR
 MAXIMUM TEMPERATURE (F)   49        78      2016
 MINIMUM TEMPERATURE (F)   29        15      1983


SUNRISE AND SUNSET
APRIL 17 2017.........SUNRISE   659 AM EDT   SUNSET   841 PM EDT
APRIL 18 2017.........SUNRISE   657 AM EDT   SUNSET   843 PM EDT


-  INDICATES NEGATIVE NUMBERS.
R  INDICATES RECORD WAS SET OR TIED.
MM INDICATES DATA IS MISSING.
T  INDICATES TRACE AMOUNT.

$$

TITUS
