000
CDUS43 KMQT 150515
CLIMQT


CLIMATE REPORT
NATIONAL WEATHER SERVICE MARQUETTE MI
113 AM EDT MON SEP 15 2014


...................................

...THE MARQUETTE MI CLIMATE SUMMARY FOR SEPTEMBER 14 2014...

CLIMATE NORMAL PERIOD 1981 TO 2010
CLIMATE RECORD PERIOD 1961 TO 2014


WEATHER ITEM   OBSERVED RECORD YEAR NORMAL DEPARTURE LAST
                VALUE   VALUE       VALUE  FROM      YEAR
                                           NORMAL
...........................................................
TEMPERATURE (F)
 YESTERDAY
  MAXIMUM         62     81    1997  67     -5       69
  MINIMUM         40     29    1975  47     -7       39
  AVERAGE         51                 57     -6       54

PRECIPITATION (IN)
  YESTERDAY        T      1.61 2003   0.12  -0.12      T
  MONTH TO DATE    3.15               1.60   1.55     0.71
  SINCE SEP 1      3.15               1.60   1.55     0.71
  SINCE JAN 1     29.89              23.97   5.92    28.46

SNOWFALL (IN)
  YESTERDAY        0.0   MM      MM   0.0    0.0      0.0
  MONTH TO DATE    0.0                0.0    0.0      0.0
  SINCE SEP 1      0.0                0.0    0.0      0.0
  SINCE JUL 1      T                  0.0    0.0      0.0
  SNOW DEPTH       0

DEGREE DAYS
 HEATING
  YESTERDAY       14                  9      5       11
  MONTH TO DATE  118                102     16       93
  SINCE SEP 1    118                102     16       93
  SINCE JUL 1    365                287     78      307

 COOLING
  YESTERDAY        0                  1     -1        0
  MONTH TO DATE    2                 17    -15        7
  SINCE SEP 1      2                 17    -15        7
  SINCE JAN 1    149                237    -88      277
...........................................................


WIND (MPH)
  RESULTANT WIND SPEED  MM   RESULTANT WIND DIRECTION  MM
  HIGHEST WIND SPEED    MM   HIGHEST WIND DIRECTION    MM
  HIGHEST GUST SPEED    36   HIGHEST GUST DIRECTION     S (180)
  AVERAGE WIND SPEED    MM


SKY COVER
  POSSIBLE SUNSHINE  MM
  AVERAGE SKY COVER  MM


WEATHER CONDITIONS
 THE FOLLOWING WEATHER WAS RECORDED YESTERDAY.
  LIGHT RAIN


RELATIVE HUMIDITY (PERCENT)
 HIGHEST    MM
 LOWEST     MM
 AVERAGE    MM

..........................................................


THE MARQUETTE MI CLIMATE NORMALS FOR TODAY
                         NORMAL    RECORD    YEAR
 MAXIMUM TEMPERATURE (F)   66        82      1991
 MINIMUM TEMPERATURE (F)   46        31      2011
                                             2007


SUNRISE AND SUNSET
SEPTEMBER 15 2014.....SUNRISE   728 AM EDT   SUNSET   802 PM EDT
SEPTEMBER 16 2014.....SUNRISE   729 AM EDT   SUNSET   800 PM EDT


-  INDICATES NEGATIVE NUMBERS.
R  INDICATES RECORD WAS SET OR TIED.
MM INDICATES DATA IS MISSING.
T  INDICATES TRACE AMOUNT.

$$

TITUS
