000
CDUS43 KMQT 130455
CLIMQT


CLIMATE REPORT
NATIONAL WEATHER SERVICE MARQUETTE MI
1255 AM EDT SAT MAY 13 2017


...................................

...THE MARQUETTE MI CLIMATE SUMMARY FOR MAY 12 2017...

CLIMATE NORMAL PERIOD 1981 TO 2010
CLIMATE RECORD PERIOD 1961 TO 2017


WEATHER ITEM   OBSERVED RECORD YEAR NORMAL DEPARTURE LAST
                VALUE   VALUE       VALUE  FROM      YEAR
                                           NORMAL
...........................................................
TEMPERATURE (F)
 YESTERDAY
  MAXIMUM         61     85    1977  61      0       59
  MINIMUM         31     24    1963  39     -8       50
  AVERAGE         46                 50     -4       55

PRECIPITATION (IN)
  YESTERDAY        T      1.27 2003   0.09  -0.09     0.16
  MONTH TO DATE    0.66               1.06  -0.40     0.37
  SINCE MAR 1      7.90               7.10   0.80     7.54
  SINCE JAN 1     12.48              11.65   0.83    12.16

SNOWFALL (IN)
  YESTERDAY        0.0    2.7  1997   0.1   -0.1      0.0
  MONTH TO DATE    0.9                1.2   -0.3       T
  SINCE MAR 1     32.9               50.6  -17.7     59.7
  SINCE JUL 1    154.0              203.0  -49.0    159.8
  SNOW DEPTH       0

DEGREE DAYS
 HEATING
  YESTERDAY       19                 16      3       10
  MONTH TO DATE  269                213     56      202
  SINCE MAR 1   2269               2291    -22     2225
  SINCE JUL 1   7953               8915   -962     7992

 COOLING
  YESTERDAY        0                  0      0        0
  MONTH TO DATE    0                  0      0        0
  SINCE MAR 1      0                  1     -1        0
  SINCE JAN 1      0                  1     -1        0
...........................................................


WIND (MPH)
  RESULTANT WIND SPEED  MM   RESULTANT WIND DIRECTION  MM
  HIGHEST WIND SPEED    MM   HIGHEST WIND DIRECTION    MM
  HIGHEST GUST SPEED    16   HIGHEST GUST DIRECTION    NE (45)
  AVERAGE WIND SPEED    MM


SKY COVER
  POSSIBLE SUNSHINE  MM
  AVERAGE SKY COVER  MM


WEATHER CONDITIONS
 THE FOLLOWING WEATHER WAS RECORDED YESTERDAY.
  LIGHT RAIN


RELATIVE HUMIDITY (PERCENT)
 HIGHEST    MM
 LOWEST     MM
 AVERAGE    MM

..........................................................


THE MARQUETTE MI CLIMATE NORMALS FOR TODAY
                         NORMAL    RECORD    YEAR
 MAXIMUM TEMPERATURE (F)   61        86      1991
 MINIMUM TEMPERATURE (F)   39        25      2013
                                             1966


SUNRISE AND SUNSET
MAY 13 2017...........SUNRISE   619 AM EDT   SUNSET   915 PM EDT
MAY 14 2017...........SUNRISE   617 AM EDT   SUNSET   917 PM EDT


-  INDICATES NEGATIVE NUMBERS.
R  INDICATES RECORD WAS SET OR TIED.
MM INDICATES DATA IS MISSING.
T  INDICATES TRACE AMOUNT.

$$
