000
CDUS43 KMQT 092211
CLIMQT


CLIMATE REPORT
NATIONAL WEATHER SERVICE MARQUETTE MI
507 PM EST SUN NOV 9 2014


...................................

...THE MARQUETTE MI CLIMATE SUMMARY FOR NOVEMBER 9 2014...
VALID TODAY AS OF 500 PM LOCAL TIME.

CLIMATE NORMAL PERIOD 1981 TO 2010
CLIMATE RECORD PERIOD 1961 TO 2014


WEATHER ITEM   OBSERVED RECORD YEAR NORMAL DEPARTURE LAST
                VALUE   VALUE       VALUE  FROM      YEAR
                                           NORMAL
...........................................................
TEMPERATURE (F)
 TODAY
  MAXIMUM         31     73    1999  41    -10       36
  MINIMUM         25     10    1995  26     -1       32
  AVERAGE         28                 33     -5       34

PRECIPITATION (IN)
  TODAY            T      2.14 1983   0.10  -0.10     0.25
  MONTH TO DATE    0.72               0.93  -0.21     1.59
  SINCE SEP 1     11.31               8.49   2.82     7.99
  SINCE JAN 1     38.05              30.86   7.19    35.74

SNOWFALL (IN)
  TODAY            0.2   12.2  1983   0.6   -0.4       T
  MONTH TO DATE    5.3                4.7    0.6      1.6
  SINCE SEP 1      8.5               10.8   -2.3      5.1
  SINCE JUL 1      8.5               10.8   -2.3      5.1
  SNOW DEPTH       3

DEGREE DAYS
 HEATING
  TODAY           37                 32      5       31
  MONTH TO DATE  284                270     14      258
  SINCE SEP 1   1269               1246     23     1145
  SINCE JUL 1   1516               1431     85     1359

 COOLING
  TODAY            0                  0      0        0
  MONTH TO DATE    0                  0      0        0
  SINCE SEP 1      5                 22    -17       10
  SINCE JAN 1    152                242    -90      280
...........................................................


WIND (MPH)
  HIGHEST WIND SPEED    MM   HIGHEST WIND DIRECTION    MM
  HIGHEST GUST SPEED    24   HIGHEST GUST DIRECTION     W (270)
  AVERAGE WIND SPEED    MM


SKY COVER
  POSSIBLE SUNSHINE  MM
  AVERAGE SKY COVER  MM


WEATHER CONDITIONS
 THE FOLLOWING WEATHER WAS RECORDED TODAY.
  LIGHT SNOW


RELATIVE HUMIDITY (PERCENT)
 HIGHEST    MM
 LOWEST     MM
 AVERAGE    MM

..........................................................


THE MARQUETTE MI CLIMATE NORMALS FOR TOMORROW
                         NORMAL    RECORD    YEAR
 MAXIMUM TEMPERATURE (F)   40        57      2010
 MINIMUM TEMPERATURE (F)   25         1      1979


SUNRISE AND SUNSET
NOVEMBER  9 2014......SUNRISE   743 AM EST   SUNSET   524 PM EST
NOVEMBER 10 2014......SUNRISE   745 AM EST   SUNSET   523 PM EST


-  INDICATES NEGATIVE NUMBERS.
R  INDICATES RECORD WAS SET OR TIED.
MM INDICATES DATA IS MISSING.
T  INDICATES TRACE AMOUNT.




$$
