000
CDUS43 KMQT 182202
CLIMQT


CLIMATE REPORT
NATIONAL WEATHER SERVICE MARQUETTE MI
502 PM EST THU JAN 18 2018


...................................

...THE MARQUETTE MI CLIMATE SUMMARY FOR JANUARY 18 2018...
VALID TODAY AS OF 0500 PM LOCAL TIME.

CLIMATE NORMAL PERIOD 1981 TO 2010
CLIMATE RECORD PERIOD 1961 TO 2018


WEATHER ITEM   OBSERVED RECORD YEAR NORMAL DEPARTURE LAST
                VALUE   VALUE       VALUE  FROM      YEAR
                                           NORMAL
...........................................................
TEMPERATURE (F)
 TODAY
  MAXIMUM         30     45    2017  22      8       45
  MINIMUM          8    -25    1994   5      3       19
  AVERAGE         19                 13      6       32

PRECIPITATION (IN)
  TODAY            0.00   1.33 1996   0.08  -0.08     0.00
  MONTH TO DATE    1.32               1.41  -0.09     0.98
  SINCE DEC 1      3.46               3.98  -0.52     3.17
  SINCE JAN 1      1.32               1.41  -0.09     0.98

SNOWFALL (IN)
  TODAY            0.0    7.8  1985   1.4   -1.4      0.0
  MONTH TO DATE   22.9               25.2   -2.3     16.4
  SINCE DEC 1     60.9               68.0   -7.1     58.4
  SINCE JUL 1     85.9               98.5  -12.6     72.6
  SNOW DEPTH      15

DEGREE DAYS
 HEATING
  TODAY           46                 52     -6       33
  MONTH TO DATE  992                919     73      915
  SINCE DEC 1   2571               2359    212     2348
  SINCE JUL 1   4698               4561    137     3973

 COOLING
  TODAY            0                  0      0        0
  MONTH TO DATE    0                  0      0        0
  SINCE DEC 1      0                  0      0        0
  SINCE JAN 1      0                  0      0        0
...........................................................


WIND (MPH)
  HIGHEST WIND SPEED    MM   HIGHEST WIND DIRECTION    MM
  HIGHEST GUST SPEED    19   HIGHEST GUST DIRECTION     W (270)
  AVERAGE WIND SPEED    MM


SKY COVER
  POSSIBLE SUNSHINE  MM
  AVERAGE SKY COVER  MM


WEATHER CONDITIONS
 THE FOLLOWING WEATHER WAS RECORDED TODAY.
  NO SIGNIFICANT WEATHER WAS OBSERVED.


RELATIVE HUMIDITY (PERCENT)
 HIGHEST    MM
 LOWEST     MM
 AVERAGE    MM

..........................................................


THE MARQUETTE MI CLIMATE NORMALS FOR TOMORROW
                         NORMAL    RECORD    YEAR
 MAXIMUM TEMPERATURE (F)   22        46      1981
 MINIMUM TEMPERATURE (F)    5       -27      1994


SUNRISE AND SUNSET
JANUARY 18 2018.......SUNRISE   828 AM EST   SUNSET   534 PM EST
JANUARY 19 2018.......SUNRISE   827 AM EST   SUNSET   535 PM EST


-  INDICATES NEGATIVE NUMBERS.
R  INDICATES RECORD WAS SET OR TIED.
MM INDICATES DATA IS MISSING.
T  INDICATES TRACE AMOUNT.




$$
