000
CDUS43 KMQT 230503
CLIMQT

CLIMATE REPORT
NATIONAL WEATHER SERVICE MARQUETTE MI
102 AM EDT THU OCT 23 2014


...................................

...THE MARQUETTE MI CLIMATE SUMMARY FOR OCTOBER 22 2014...

CLIMATE NORMAL PERIOD 1981 TO 2010
CLIMATE RECORD PERIOD 1961 TO 2014


WEATHER ITEM   OBSERVED RECORD YEAR NORMAL DEPARTURE LAST
                VALUE   VALUE       VALUE  FROM      YEAR
                                           NORMAL
...........................................................
TEMPERATURE (F)
 YESTERDAY
  MAXIMUM         52     73    1973  49      3       36
  MINIMUM         23     21    2008  32     -9       29
                               1969
  AVERAGE         38                 41     -3       33

PRECIPITATION (IN)
  YESTERDAY        0.00   2.13 1979   0.12  -0.12     0.53
  MONTH TO DATE    5.24               2.86   2.38     3.54
  SINCE SEP 1      9.34               6.58   2.76     5.56
  SINCE JAN 1     36.08              28.95   7.13    33.31

SNOWFALL (IN)
  YESTERDAY        0.0    5.5  2002   0.2   -0.2      2.2
  MONTH TO DATE    T                  3.2   -3.2      2.3
  SINCE SEP 1      T                  3.3   -3.3      2.3
  SINCE JUL 1      T                  3.3   -3.3      2.3
  SNOW DEPTH       0

DEGREE DAYS
 HEATING
  YESTERDAY       27                 24      3       32
  MONTH TO DATE  494                443     51      365
  SINCE SEP 1    774                740     34      616
  SINCE JUL 1   1021                925     96      830

 COOLING
  YESTERDAY        0                  0      0        0
  MONTH TO DATE    0                  0      0        0
  SINCE SEP 1      5                 21    -16       10
  SINCE JAN 1    152                241    -89      280
...........................................................


WIND (MPH)
  RESULTANT WIND SPEED  MM   RESULTANT WIND DIRECTION  MM
  HIGHEST WIND SPEED    MM   HIGHEST WIND DIRECTION    MM
  HIGHEST GUST SPEED    22   HIGHEST GUST DIRECTION     S (180)
  AVERAGE WIND SPEED    MM


SKY COVER
  POSSIBLE SUNSHINE  MM
  AVERAGE SKY COVER  MM


WEATHER CONDITIONS
 THE FOLLOWING WEATHER WAS RECORDED YESTERDAY.
  FOG


RELATIVE HUMIDITY (PERCENT)
 HIGHEST    MM
 LOWEST     MM
 AVERAGE    MM

..........................................................


THE MARQUETTE MI CLIMATE NORMALS FOR TODAY
                         NORMAL    RECORD    YEAR
 MAXIMUM TEMPERATURE (F)   49        79      1963
 MINIMUM TEMPERATURE (F)   32         9      1969


SUNRISE AND SUNSET
OCTOBER 23 2014.......SUNRISE   819 AM EDT   SUNSET   649 PM EDT
OCTOBER 24 2014.......SUNRISE   820 AM EDT   SUNSET   648 PM EDT


-  INDICATES NEGATIVE NUMBERS.
R  INDICATES RECORD WAS SET OR TIED.
MM INDICATES DATA IS MISSING.
T  INDICATES TRACE AMOUNT.




$$
