000
CDUS43 KMQT 212101
CLIMQT


CLIMATE REPORT
NATIONAL WEATHER SERVICE MARQUETTE MI
501 PM EDT THU AUG 21 2014


...................................

...THE MARQUETTE MI CLIMATE SUMMARY FOR AUGUST 21 2014...
VALID TODAY AS OF 0500 PM LOCAL TIME.

CLIMATE NORMAL PERIOD 1981 TO 2010
CLIMATE RECORD PERIOD 1961 TO 2014


WEATHER ITEM   OBSERVED RECORD YEAR NORMAL DEPARTURE LAST
                VALUE   VALUE       VALUE  FROM      YEAR
                                           NORMAL
...........................................................
TEMPERATURE (F)
 TODAY
  MAXIMUM         73     91    1976  74     -1       89
  MINIMUM         58     36    1969  53      5       63
  AVERAGE         66                 63      3       76

PRECIPITATION (IN)
  TODAY            T      1.36 1975   0.10  -0.10     0.01
  MONTH TO DATE    3.04               2.06   0.98     0.58
  SINCE JUN 1     12.85               7.74   5.11     8.67
  SINCE JAN 1     25.31              21.38   3.93    26.01

SNOWFALL (IN)
  TODAY            0.0   MM      MM   0.0    0.0      0.0
  MONTH TO DATE    0.0                0.0    0.0      0.0
  SINCE JUN 1      T                  0.0    0.0      0.0
  SINCE JUL 1      T                  0.0    0.0      0.0
  SNOW DEPTH       0

DEGREE DAYS
 HEATING
  TODAY            0                  3     -3        0
  MONTH TO DATE   91                 63     28       97
  SINCE JUN 1    375                324     51      407
  SINCE JUL 1    212                142     70      209

 COOLING
  TODAY            1                  2     -1       11
  MONTH TO DATE   10                 46    -36       33
  SINCE JUN 1    106                188    -82      200
  SINCE JAN 1    126                200    -74      213
...........................................................


WIND (MPH)
  HIGHEST WIND SPEED    MM   HIGHEST WIND DIRECTION    MM
  HIGHEST GUST SPEED    11   HIGHEST GUST DIRECTION     E (90)
  AVERAGE WIND SPEED    MM


SKY COVER
  POSSIBLE SUNSHINE  MM
  AVERAGE SKY COVER  MM


WEATHER CONDITIONS
 THE FOLLOWING WEATHER WAS RECORDED TODAY.
  LIGHT RAIN
  FOG


RELATIVE HUMIDITY (PERCENT)
 HIGHEST    MM
 LOWEST     MM
 AVERAGE    MM

..........................................................


THE MARQUETTE MI CLIMATE NORMALS FOR TOMORROW
                         NORMAL    RECORD    YEAR
 MAXIMUM TEMPERATURE (F)   74        91      1969
 MINIMUM TEMPERATURE (F)   53        34      1967


SUNRISE AND SUNSET
AUGUST 21 2014........SUNRISE   656 AM EDT   SUNSET   850 PM EDT
AUGUST 22 2014........SUNRISE   657 AM EDT   SUNSET   848 PM EDT


-  INDICATES NEGATIVE NUMBERS.
R  INDICATES RECORD WAS SET OR TIED.
MM INDICATES DATA IS MISSING.
T  INDICATES TRACE AMOUNT.




$$
