000
CDUS43 KMQT 200521
CLIMQT


CLIMATE REPORT
NATIONAL WEATHER SERVICE MARQUETTE MI
110 AM EDT THU JUL 20 2017


...................................

...THE MARQUETTE MI CLIMATE SUMMARY FOR JULY 19 2017...

CLIMATE NORMAL PERIOD 1981 TO 2010
CLIMATE RECORD PERIOD 1961 TO 2017


WEATHER ITEM   OBSERVED RECORD YEAR NORMAL DEPARTURE LAST
                VALUE   VALUE       VALUE  FROM      YEAR
                                           NORMAL
...........................................................
TEMPERATURE (F)
 YESTERDAY
  MAXIMUM         80     99    1977  77      3       75
  MINIMUM         54     36    2000  55     -1       48
  AVERAGE         67                 66      1       62

PRECIPITATION (IN)
  YESTERDAY        0.00   1.65 1970   0.09  -0.09     0.00
  MONTH TO DATE    1.61               1.70  -0.09     2.80
  SINCE JUN 1      7.58               4.54   3.04     6.34
  SINCE JAN 1     22.42              18.18   4.24    22.55

SNOWFALL (IN)
  YESTERDAY        0.0   MM      MM   0.0    0.0      0.0
  MONTH TO DATE    T                  0.0    0.0       T
  SINCE JUN 1      T                  0.0    0.0       T
  SINCE JUL 1      T                  0.0    0.0       T
  SNOW DEPTH       0

DEGREE DAYS
 HEATING
  YESTERDAY        0                  2     -2        3
  MONTH TO DATE   61                 50     11       47
  SINCE JUN 1    202                232    -30      229
  SINCE JUL 1     61                 50     11       47

 COOLING
  YESTERDAY        2                  3     -1        0
  MONTH TO DATE   24                 57    -33       34
  SINCE JUN 1     45                105    -60       75
  SINCE JAN 1     45                117    -72       86
...........................................................


WIND (MPH)
  RESULTANT WIND SPEED  MM   RESULTANT WIND DIRECTION  MM
  HIGHEST WIND SPEED    MM   HIGHEST WIND DIRECTION    MM
  HIGHEST GUST SPEED    17   HIGHEST GUST DIRECTION    NW (315)
  AVERAGE WIND SPEED    MM


SKY COVER
  POSSIBLE SUNSHINE  MM
  AVERAGE SKY COVER  MM


WEATHER CONDITIONS
 THE FOLLOWING WEATHER WAS RECORDED YESTERDAY.
  NO SIGNIFICANT WEATHER WAS OBSERVED.


RELATIVE HUMIDITY (PERCENT)
 HIGHEST    MM
 LOWEST     MM
 AVERAGE    MM

..........................................................


THE MARQUETTE MI CLIMATE NORMALS FOR TODAY
                         NORMAL    RECORD    YEAR
 MAXIMUM TEMPERATURE (F)   77        94      2011
 MINIMUM TEMPERATURE (F)   55        39      1992


SUNRISE AND SUNSET
JULY 20 2017..........SUNRISE   618 AM EDT   SUNSET   935 PM EDT
JULY 21 2017..........SUNRISE   619 AM EDT   SUNSET   934 PM EDT


-  INDICATES NEGATIVE NUMBERS.
R  INDICATES RECORD WAS SET OR TIED.
MM INDICATES DATA IS MISSING.
T  INDICATES TRACE AMOUNT.




$$
