000
CDUS43 KMQT 242129
CLIMQT


CLIMATE REPORT
NATIONAL WEATHER SERVICE MARQUETTE MI
512 PM EDT WED MAY 24 2017


...................................

...THE MARQUETTE MI CLIMATE SUMMARY FOR MAY 24 2017...
VALID TODAY AS OF 0500 PM LOCAL TIME.

CLIMATE NORMAL PERIOD 1981 TO 2010
CLIMATE RECORD PERIOD 1961 TO 2017


WEATHER ITEM   OBSERVED RECORD YEAR NORMAL DEPARTURE LAST
                VALUE   VALUE       VALUE  FROM      YEAR
                                           NORMAL
...........................................................
TEMPERATURE (F)
 TODAY
  MAXIMUM         48     91    2010  65    -17       67
  MINIMUM         41     29    2013  42     -1       44
  AVERAGE         45                 54     -9       56

PRECIPITATION (IN)
  TODAY            0.16   1.85 2016   0.11   0.05     1.85
  MONTH TO DATE    2.54               2.29   0.25     2.30
  SINCE MAR 1      9.78               8.33   1.45     9.47
  SINCE JAN 1     14.36              12.88   1.48    14.09

SNOWFALL (IN)
  TODAY            0.0    0.1  2002   0.0    0.0      0.0
  MONTH TO DATE    0.9                1.5   -0.6      1.1
  SINCE MAR 1     32.9               50.9  -18.0     60.8
  SINCE JUL 1    154.0              203.3  -49.3    160.9
  SNOW DEPTH       0

DEGREE DAYS
 HEATING
  TODAY           20                 12      8        9
  MONTH TO DATE  482                375    107      379
  SINCE MAR 1   2482               2453     29     2402
  SINCE JUL 1   8166               9077   -911     8169

 COOLING
  TODAY            0                  1     -1        0
  MONTH TO DATE    0                  4     -4        7
  SINCE MAR 1      0                  5     -5        7
  SINCE JAN 1      0                  5     -5        7
...........................................................


WIND (MPH)
  HIGHEST WIND SPEED    MM   HIGHEST WIND DIRECTION    MM
  HIGHEST GUST SPEED    16   HIGHEST GUST DIRECTION     N (360)
  AVERAGE WIND SPEED    MM


SKY COVER
  POSSIBLE SUNSHINE  MM
  AVERAGE SKY COVER  MM


WEATHER CONDITIONS
 THE FOLLOWING WEATHER WAS RECORDED TODAY.
  LIGHT RAIN


RELATIVE HUMIDITY (PERCENT)
 HIGHEST    MM
 LOWEST     MM
 AVERAGE    MM

..........................................................


THE MARQUETTE MI CLIMATE NORMALS FOR TOMORROW
                         NORMAL    RECORD    YEAR
 MAXIMUM TEMPERATURE (F)   65        88      2010
 MINIMUM TEMPERATURE (F)   43        28      2002


SUNRISE AND SUNSET
MAY 24 2017...........SUNRISE   607 AM EDT   SUNSET   928 PM EDT
MAY 25 2017...........SUNRISE   606 AM EDT   SUNSET   929 PM EDT


-  INDICATES NEGATIVE NUMBERS.
R  INDICATES RECORD WAS SET OR TIED.
MM INDICATES DATA IS MISSING.
T  INDICATES TRACE AMOUNT.




$$

TITUS
