000
CDUS43 KMQT 250533
CLIMQT


CLIMATE REPORT
NATIONAL WEATHER SERVICE MARQUETTE MI
1233 AM EST WED FEB 25 2015


...................................

...THE MARQUETTE MI CLIMATE SUMMARY FOR FEBRUARY 24 2015...

CLIMATE NORMAL PERIOD 1981 TO 2010
CLIMATE RECORD PERIOD 1961 TO 2015


WEATHER ITEM   OBSERVED RECORD YEAR NORMAL DEPARTURE LAST
                VALUE   VALUE       VALUE  FROM      YEAR
                                           NORMAL
...........................................................
TEMPERATURE (F)
 YESTERDAY
  MAXIMUM         22     57    1976  28     -6       10
  MINIMUM         -3    -24    1963   7    -10        1
  AVERAGE         10                 18     -8        6

PRECIPITATION (IN)
  YESTERDAY        0.08   0.62 2002   0.09  -0.01      T
  MONTH TO DATE    1.66               1.80  -0.14     1.22
  SINCE DEC 1      5.19               6.78  -1.59     5.98
  SINCE JAN 1      2.91               4.21  -1.30     3.40

SNOWFALL (IN)
  YESTERDAY        1.9    7.0  1994   1.3    0.6      0.1
  MONTH TO DATE   40.2               30.7    9.5     18.4
  SINCE DEC 1     97.3              116.7  -19.4    104.5
  SINCE JUL 1    153.5              147.2    6.3    127.0
  SNOW DEPTH      33

DEGREE DAYS
 HEATING
  YESTERDAY       55                 48      7       59
  MONTH TO DATE 1490               1200    290     1367
  SINCE DEC 1   4524               4235    289     4865
  SINCE JUL 1   7054               6437    617     7034

 COOLING
  YESTERDAY        0                  0      0        0
  MONTH TO DATE    0                  0      0        0
  SINCE DEC 1      0                  0      0        0
  SINCE JAN 1      0                  0      0        0
...........................................................


WIND (MPH)
  RESULTANT WIND SPEED  MM   RESULTANT WIND DIRECTION  MM
  HIGHEST WIND SPEED    MM   HIGHEST WIND DIRECTION    MM
  HIGHEST GUST SPEED    34   HIGHEST GUST DIRECTION    NW (315)
  AVERAGE WIND SPEED    MM


SKY COVER
  POSSIBLE SUNSHINE  MM
  AVERAGE SKY COVER  MM


WEATHER CONDITIONS
 THE FOLLOWING WEATHER WAS RECORDED YESTERDAY.
  LIGHT SNOW
  BLOWING SNOW


RELATIVE HUMIDITY (PERCENT)
 HIGHEST    MM
 LOWEST     MM
 AVERAGE    MM

..........................................................


THE MARQUETTE MI CLIMATE NORMALS FOR TODAY
                         NORMAL    RECORD    YEAR
 MAXIMUM TEMPERATURE (F)   29        49      1976
 MINIMUM TEMPERATURE (F)    7       -29      2003


SUNRISE AND SUNSET
FEBRUARY 25 2015......SUNRISE   737 AM EST   SUNSET   630 PM EST
FEBRUARY 26 2015......SUNRISE   735 AM EST   SUNSET   631 PM EST


-  INDICATES NEGATIVE NUMBERS.
R  INDICATES RECORD WAS SET OR TIED.
MM INDICATES DATA IS MISSING.
T  INDICATES TRACE AMOUNT.




$$
