000
CDUS43 KMQT 062103
CLIMQT


CLIMATE REPORT
NATIONAL WEATHER SERVICE MARQUETTE MI
501 PM EDT FRI OCT 6 2017


...................................

...THE MARQUETTE MI CLIMATE SUMMARY FOR OCTOBER 6 2017...
VALID TODAY AS OF 0500 PM LOCAL TIME.

CLIMATE NORMAL PERIOD 1981 TO 2010
CLIMATE RECORD PERIOD 1961 TO 2017


WEATHER ITEM   OBSERVED RECORD YEAR NORMAL DEPARTURE LAST
                VALUE   VALUE       VALUE  FROM      YEAR
                                           NORMAL
...........................................................
TEMPERATURE (F)
 TODAY
  MAXIMUM         65     79    1961  57      8       68
  MINIMUM         34     23    2003  38     -4       44
  AVERAGE         50                 47      3       56

PRECIPITATION (IN)
  TODAY            0.00   1.50 2009   0.13  -0.13      T
  MONTH TO DATE    0.07               0.81  -0.74     0.45
  SINCE SEP 1      3.32               4.53  -1.21     6.15
  SINCE JAN 1     30.65              26.90   3.75    33.92

SNOWFALL (IN)
  TODAY            0.0    4.2  2001   0.1   -0.1      0.0
  MONTH TO DATE    0.0                0.6   -0.6      0.0
  SINCE SEP 1      T                  0.7   -0.7      0.0
  SINCE JUL 1      T                  0.7   -0.7       T
  SNOW DEPTH       0

DEGREE DAYS
 HEATING
  TODAY           15                 18     -3        9
  MONTH TO DATE   59                102    -43       53
  SINCE SEP 1    275                399   -124      226
  SINCE JUL 1    540                584    -44      326

 COOLING
  TODAY            0                  0      0        0
  MONTH TO DATE    3                  0      3        0
  SINCE SEP 1     52                 21     31       10
  SINCE JAN 1    145                241    -96      246
...........................................................


WIND (MPH)
  HIGHEST WIND SPEED    MM   HIGHEST WIND DIRECTION    MM
  HIGHEST GUST SPEED    18   HIGHEST GUST DIRECTION     W (270)
  AVERAGE WIND SPEED    MM


SKY COVER
  POSSIBLE SUNSHINE  MM
  AVERAGE SKY COVER  MM


WEATHER CONDITIONS
 THE FOLLOWING WEATHER WAS RECORDED TODAY.
  NO SIGNIFICANT WEATHER WAS OBSERVED.


RELATIVE HUMIDITY (PERCENT)
 HIGHEST    MM
 LOWEST     MM
 AVERAGE    MM

..........................................................


THE MARQUETTE MI CLIMATE NORMALS FOR TOMORROW
                         NORMAL    RECORD    YEAR
 MAXIMUM TEMPERATURE (F)   56        84      2007
 MINIMUM TEMPERATURE (F)   37        24      1989


SUNRISE AND SUNSET
OCTOBER  6 2017.......SUNRISE   756 AM EDT   SUNSET   720 PM EDT
OCTOBER  7 2017.......SUNRISE   757 AM EDT   SUNSET   718 PM EDT


-  INDICATES NEGATIVE NUMBERS.
R  INDICATES RECORD WAS SET OR TIED.
MM INDICATES DATA IS MISSING.
T  INDICATES TRACE AMOUNT.




$$
