000
CDUS43 KMQT 130415
CLIMQT


CLIMATE REPORT
NATIONAL WEATHER SERVICE MARQUETTE MI
1214 AM EDT MON MAR 13 2017


...................................

...THE MARQUETTE MI CLIMATE SUMMARY FOR MARCH 12 2017...

CLIMATE NORMAL PERIOD 1981 TO 2010
CLIMATE RECORD PERIOD 1961 TO 2017


WEATHER ITEM   OBSERVED RECORD YEAR NORMAL DEPARTURE LAST
                VALUE   VALUE       VALUE  FROM      YEAR
                                           NORMAL
...........................................................
TEMPERATURE (F)
 YESTERDAY
  MAXIMUM         18     61    2016  33    -15       61
                               1995
  MINIMUM          2    -22    1984  12    -10       30
  AVERAGE         10                 23    -13       46

PRECIPITATION (IN)
  YESTERDAY        0.01   1.88 1977   0.10  -0.09     0.00
  MONTH TO DATE    0.74               1.14  -0.40     0.37
  SINCE MAR 1      0.74               1.14  -0.40     0.37
  SINCE JAN 1      5.32               5.69  -0.37     4.99

SNOWFALL (IN)
  YESTERDAY        0.2   15.2  1976   1.3   -1.1      0.0
  MONTH TO DATE    9.5               15.7   -6.2      2.4
  SINCE MAR 1      9.5               15.7   -6.2      2.4
  SINCE JUL 1    130.6              168.1  -37.5    102.5
  SNOW DEPTH       8

DEGREE DAYS
 HEATING
  YESTERDAY       55                 42     13       19
  MONTH TO DATE  550                531     19      447
  SINCE MAR 1    550                531     19      447
  SINCE JUL 1   6234               7155   -921     6214

 COOLING
  YESTERDAY        0                  0      0        0
  MONTH TO DATE    0                  0      0        0
  SINCE MAR 1      0                  0      0        0
  SINCE JAN 1      0                  0      0        0
...........................................................


WIND (MPH)
  RESULTANT WIND SPEED  MM   RESULTANT WIND DIRECTION  MM
  HIGHEST WIND SPEED    MM   HIGHEST WIND DIRECTION    MM
  HIGHEST GUST SPEED    14   HIGHEST GUST DIRECTION    NE (45)
  AVERAGE WIND SPEED    MM


SKY COVER
  POSSIBLE SUNSHINE  MM
  AVERAGE SKY COVER  MM


WEATHER CONDITIONS
 THE FOLLOWING WEATHER WAS RECORDED YESTERDAY.
  LIGHT SNOW


RELATIVE HUMIDITY (PERCENT)
 HIGHEST    MM
 LOWEST     MM
 AVERAGE    MM

..........................................................


THE MARQUETTE MI CLIMATE NORMALS FOR TODAY
                         NORMAL    RECORD    YEAR
 MAXIMUM TEMPERATURE (F)   34        67      1995
 MINIMUM TEMPERATURE (F)   12       -15      2005


SUNRISE AND SUNSET
MARCH 13 2017.........SUNRISE   806 AM EDT   SUNSET   754 PM EDT
MARCH 14 2017.........SUNRISE   804 AM EDT   SUNSET   755 PM EDT


-  INDICATES NEGATIVE NUMBERS.
R  INDICATES RECORD WAS SET OR TIED.
MM INDICATES DATA IS MISSING.
T  INDICATES TRACE AMOUNT.




$$
