000
CDUS43 KMQT 100545
CLIMQT


CLIMATE REPORT
NATIONAL WEATHER SERVICE MARQUETTE MI
1237 AM EST FRI MAR 10 2017


...................................

...THE MARQUETTE MI CLIMATE SUMMARY FOR MARCH 9 2017...

CLIMATE NORMAL PERIOD 1981 TO 2010
CLIMATE RECORD PERIOD 1961 TO 2017


WEATHER ITEM   OBSERVED RECORD YEAR NORMAL DEPARTURE LAST
                VALUE   VALUE       VALUE  FROM      YEAR
                                           NORMAL
...........................................................
TEMPERATURE (F)
 YESTERDAY
  MAXIMUM         28     56    2010  32     -4       51
  MINIMUM         13    -22    1984  11      2       26
  AVERAGE         21                 22     -1       39

PRECIPITATION (IN)
  YESTERDAY        T      0.96 2002   0.09  -0.09      T
  MONTH TO DATE    0.70               0.84  -0.14     0.37
  SINCE MAR 1      0.70               0.84  -0.14     0.37
  SINCE JAN 1      5.28               5.39  -0.11     4.99

SNOWFALL (IN)
  YESTERDAY        T     10.8  1983   1.3   -1.3       T
  MONTH TO DATE    9.0               11.8   -2.8      2.4
  SINCE MAR 1      9.0               11.8   -2.8      2.4
  SINCE JUL 1    130.1              164.2  -34.1    102.5
  SNOW DEPTH       8

DEGREE DAYS
 HEATING
  YESTERDAY       44                 43      1       26
  MONTH TO DATE  382                403    -21      361
  SINCE MAR 1    382                403    -21      361
  SINCE JUL 1   6066               7027   -961     6128

 COOLING
  YESTERDAY        0                  0      0        0
  MONTH TO DATE    0                  0      0        0
  SINCE MAR 1      0                  0      0        0
  SINCE JAN 1      0                  0      0        0
...........................................................


WIND (MPH)
  RESULTANT WIND SPEED  MM   RESULTANT WIND DIRECTION  MM
  HIGHEST WIND SPEED    MM   HIGHEST WIND DIRECTION    MM
  HIGHEST GUST SPEED    27   HIGHEST GUST DIRECTION     W (270)
  AVERAGE WIND SPEED    MM


SKY COVER
  POSSIBLE SUNSHINE  MM
  AVERAGE SKY COVER  MM


WEATHER CONDITIONS
 THE FOLLOWING WEATHER WAS RECORDED YESTERDAY.
  LIGHT SNOW
  BLOWING SNOW


RELATIVE HUMIDITY (PERCENT)
 HIGHEST    MM
 LOWEST     MM
 AVERAGE    MM

..........................................................


THE MARQUETTE MI CLIMATE NORMALS FOR TODAY
                         NORMAL    RECORD    YEAR
 MAXIMUM TEMPERATURE (F)   33        58      2015
 MINIMUM TEMPERATURE (F)   11       -16      1972


SUNRISE AND SUNSET
MARCH 10 2017.........SUNRISE   712 AM EST   SUNSET   649 PM EST
MARCH 11 2017.........SUNRISE   710 AM EST   SUNSET   651 PM EST


-  INDICATES NEGATIVE NUMBERS.
R  INDICATES RECORD WAS SET OR TIED.
MM INDICATES DATA IS MISSING.
T  INDICATES TRACE AMOUNT.




$$
