000
CDUS43 KMQT 180512
CLIMQT


CLIMATE REPORT
NATIONAL WEATHER SERVICE MARQUETTE MI
110 AM EDT SUN SEP 18 2016


...................................

...THE MARQUETTE MI CLIMATE SUMMARY FOR SEPTEMBER 17 2016...

CLIMATE NORMAL PERIOD 1981 TO 2010
CLIMATE RECORD PERIOD 1961 TO 2016


WEATHER ITEM   OBSERVED RECORD YEAR NORMAL DEPARTURE LAST
                VALUE   VALUE       VALUE  FROM      YEAR
                                           NORMAL
...........................................................
TEMPERATURE (F)
 YESTERDAY
  MAXIMUM         70     82    2002  65      5       79
  MINIMUM         57     31    1973  45     12       62
  AVERAGE         64                 55      9       71

PRECIPITATION (IN)
  YESTERDAY        0.00   1.42 2012   0.13  -0.13      T
  MONTH TO DATE    4.65               1.98   2.67     1.32
  SINCE SEP 1      4.65               1.98   2.67     1.32
  SINCE JAN 1     32.42              24.35   8.07    19.53

SNOWFALL (IN)
  YESTERDAY        0.0   MM      MM   0.0    0.0      0.0
  MONTH TO DATE    0.0                0.0    0.0      0.0
  SINCE SEP 1      0.0                0.0    0.0      0.0
  SINCE JUL 1      T                  0.0    0.0      0.0
  SNOW DEPTH       0

DEGREE DAYS
 HEATING
  YESTERDAY        1                 10     -9        0
  MONTH TO DATE   69                131    -62       63
  SINCE SEP 1     69                131    -62       63
  SINCE JUL 1    169                316   -147      231

 COOLING
  YESTERDAY        0                  1     -1        6
  MONTH TO DATE   10                 20    -10       64
  SINCE SEP 1     10                 20    -10       64
  SINCE JAN 1    246                240      6      246
...........................................................

WIND (MPH)
  RESULTANT WIND SPEED  MM   RESULTANT WIND DIRECTION  MM
  HIGHEST WIND SPEED    MM   HIGHEST WIND DIRECTION    MM
  HIGHEST GUST SPEED    21   HIGHEST GUST DIRECTION    SW (225)
  AVERAGE WIND SPEED    MM

SKY COVER
  POSSIBLE SUNSHINE  MM
  AVERAGE SKY COVER  MM

WEATHER CONDITIONS
 THE FOLLOWING WEATHER WAS RECORDED YESTERDAY.
  FOG
  FOG W/VISIBILITY <= 1/4 MILE

RELATIVE HUMIDITY (PERCENT)
 HIGHEST    MM
 LOWEST     MM
 AVERAGE    MM
..........................................................

THE MARQUETTE MI CLIMATE NORMALS FOR TODAY
                         NORMAL    RECORD    YEAR
 MAXIMUM TEMPERATURE (F)   65        86      2000
 MINIMUM TEMPERATURE (F)   45        30      1974


SUNRISE AND SUNSET
SEPTEMBER 18 2016.....SUNRISE   733 AM EDT   SUNSET   755 PM EDT
SEPTEMBER 19 2016.....SUNRISE   734 AM EDT   SUNSET   753 PM EDT


-  INDICATES NEGATIVE NUMBERS.
R  INDICATES RECORD WAS SET OR TIED.
MM INDICATES DATA IS MISSING.
T  INDICATES TRACE AMOUNT.




$$
