000
CDUS43 KMQT 180507
CLIMQT


CLIMATE REPORT
NATIONAL WEATHER SERVICE MARQUETTE MI
1205 AM EST SUN JAN 18 2015


...................................

...THE MARQUETTE MI CLIMATE SUMMARY FOR JANUARY 17 2015...

CLIMATE NORMAL PERIOD 1981 TO 2010
CLIMATE RECORD PERIOD 1961 TO 2015


WEATHER ITEM   OBSERVED RECORD YEAR NORMAL DEPARTURE LAST
                VALUE   VALUE       VALUE  FROM      YEAR
                                           NORMAL
...........................................................
TEMPERATURE (F)
 YESTERDAY
  MAXIMUM         31     43    1988  22      9       25
                               1986
  MINIMUM         13    -25    1982   5      8        8
  AVERAGE         22                 13      9       17

PRECIPITATION (IN)
  YESTERDAY        T      0.51 2008   0.07  -0.07     0.29
  MONTH TO DATE    0.79               1.33  -0.54     1.09
  SINCE DEC 1      3.07               3.90  -0.83     3.67
  SINCE JAN 1      0.79               1.33  -0.54     1.09

SNOWFALL (IN)
  YESTERDAY        0.1    8.7  2012   1.4   -1.3      5.7
  MONTH TO DATE   15.8               23.8   -8.0     21.8
  SINCE DEC 1     42.8               66.6  -23.8     68.7
  SINCE JUL 1     99.0               97.1    1.9     91.2
  SNOW DEPTH      24

DEGREE DAYS
 HEATING
  YESTERDAY       43                 52     -9       48
  MONTH TO DATE  984                867    117      956
  SINCE DEC 1   2349               2307     42     2627
  SINCE JUL 1   4879               4509    370     4796

 COOLING
  YESTERDAY        0                  0      0        0
  MONTH TO DATE    0                  0      0        0
  SINCE DEC 1      0                  0      0        0
  SINCE JAN 1      0                  0      0        0
...........................................................


WIND (MPH)
  RESULTANT WIND SPEED  MM   RESULTANT WIND DIRECTION  MM
  HIGHEST WIND SPEED    MM   HIGHEST WIND DIRECTION    MM
  HIGHEST GUST SPEED    26   HIGHEST GUST DIRECTION     S (180)
  AVERAGE WIND SPEED    MM


SKY COVER
  POSSIBLE SUNSHINE  MM
  AVERAGE SKY COVER  MM


WEATHER CONDITIONS
 THE FOLLOWING WEATHER WAS RECORDED YESTERDAY.
  LT FREEZING RAIN
  LIGHT SNOW
  FOG


RELATIVE HUMIDITY (PERCENT)
 HIGHEST    MM
 LOWEST     MM
 AVERAGE    MM

..........................................................


THE MARQUETTE MI CLIMATE NORMALS FOR TODAY
                         NORMAL    RECORD    YEAR
 MAXIMUM TEMPERATURE (F)   22        44      1996
                                             1981
                                             1973
 MINIMUM TEMPERATURE (F)    5       -25      1994


SUNRISE AND SUNSET
JANUARY 18 2015.......SUNRISE   828 AM EST   SUNSET   534 PM EST
JANUARY 19 2015.......SUNRISE   827 AM EST   SUNSET   535 PM EST


-  INDICATES NEGATIVE NUMBERS.
R  INDICATES RECORD WAS SET OR TIED.
MM INDICATES DATA IS MISSING.
T  INDICATES TRACE AMOUNT.




$$
