000
CDUS43 KMQT 270514
CLIMQT


CLIMATE REPORT
NATIONAL WEATHER SERVICE MARQUETTE MI
112 AM EDT THU AUG 27 2015


...................................

...THE MARQUETTE MI CLIMATE SUMMARY FOR AUGUST 26 2015...

CLIMATE NORMAL PERIOD 1981 TO 2010
CLIMATE RECORD PERIOD 1961 TO 2015


WEATHER ITEM   OBSERVED RECORD YEAR NORMAL DEPARTURE LAST
                VALUE   VALUE       VALUE  FROM      YEAR
                                           NORMAL
...........................................................
TEMPERATURE (F)
 YESTERDAY
  MAXIMUM         63     92    1991  73    -10       69
  MINIMUM         44     39    1968  52     -8       49
                               1963
  AVERAGE         54                 62     -8       59

PRECIPITATION (IN)
  YESTERDAY        T      0.81 2013   0.10  -0.10     0.00
  MONTH TO DATE    2.70               2.55   0.15     4.03
  SINCE JUN 1      6.89               8.23  -1.34    13.84
  SINCE JAN 1     18.21              21.87  -3.66    26.30

SNOWFALL (IN)
  YESTERDAY        0.0   MM      MM   0.0    0.0      0.0
  MONTH TO DATE    0.0                0.0    0.0      0.0
  SINCE JUN 1      0.0                0.0    0.0       T
  SINCE JUL 1      0.0                0.0    0.0       T
  SNOW DEPTH       0

DEGREE DAYS
 HEATING
  YESTERDAY       11                  4      7        6
  MONTH TO DATE   91                 83      8       97
  SINCE JUN 1    361                344     17      381
  SINCE JUL 1    159                162     -3      218

 COOLING
  YESTERDAY        0                  2     -2        0
  MONTH TO DATE   61                 56      5       31
  SINCE JUN 1    167                198    -31      127
  SINCE JAN 1    169                210    -41      147
...........................................................


WIND (MPH)
  RESULTANT WIND SPEED  MM   RESULTANT WIND DIRECTION  MM
  HIGHEST WIND SPEED    MM   HIGHEST WIND DIRECTION    MM
  HIGHEST GUST SPEED    16   HIGHEST GUST DIRECTION     N (360)
  AVERAGE WIND SPEED    MM


SKY COVER
  POSSIBLE SUNSHINE  MM
  AVERAGE SKY COVER  MM


WEATHER CONDITIONS
 THE FOLLOWING WEATHER WAS RECORDED YESTERDAY.
  LIGHT RAIN


RELATIVE HUMIDITY (PERCENT)
 HIGHEST    MM
 LOWEST     MM
 AVERAGE    MM

..........................................................


THE MARQUETTE MI CLIMATE NORMALS FOR TODAY
                         NORMAL    RECORD    YEAR
 MAXIMUM TEMPERATURE (F)   73        95      1973
 MINIMUM TEMPERATURE (F)   52        35      1968


SUNRISE AND SUNSET
AUGUST 27 2015........SUNRISE   703 AM EDT   SUNSET   839 PM EDT
AUGUST 28 2015........SUNRISE   705 AM EDT   SUNSET   837 PM EDT


-  INDICATES NEGATIVE NUMBERS.
R  INDICATES RECORD WAS SET OR TIED.
MM INDICATES DATA IS MISSING.
T  INDICATES TRACE AMOUNT.




$$
