000
CDUS43 KMQT 080524
CLIMQT


CLIMATE REPORT
NATIONAL WEATHER SERVICE MARQUETTE MI
124 AM EDT MON MAY 8 2017


...................................

...THE MARQUETTE MI CLIMATE SUMMARY FOR MAY 7 2017...

CLIMATE NORMAL PERIOD 1981 TO 2010
CLIMATE RECORD PERIOD 1961 TO 2017


WEATHER ITEM   OBSERVED RECORD YEAR NORMAL DEPARTURE LAST
                VALUE   VALUE       VALUE  FROM      YEAR
                                           NORMAL
...........................................................
TEMPERATURE (F)
 YESTERDAY
  MAXIMUM         42     83    2015  58    -16       56
  MINIMUM         29     18    1974  37     -8       40
  AVERAGE         36                 48    -12       48

PRECIPITATION (IN)
  YESTERDAY        0.00   1.06 1973   0.09  -0.09     0.00
  MONTH TO DATE    0.62               0.62   0.00     0.21
  SINCE MAR 1      7.86               6.66   1.20     7.38
  SINCE JAN 1     12.44              11.21   1.23    12.00

SNOWFALL (IN)
  YESTERDAY        0.0    2.4  2010   0.1   -0.1      0.0
  MONTH TO DATE    0.9                0.7    0.2       T
  SINCE MAR 1     32.9               50.1  -17.2     59.7
  SINCE JUL 1    154.0              202.5  -48.5    159.8
  SNOW DEPTH       0

DEGREE DAYS
 HEATING
  YESTERDAY       29                 18     11       17
  MONTH TO DATE  173                131     42      125
  SINCE MAR 1   2173               2209    -36     2148
  SINCE JUL 1   7857               8833   -976     7915

 COOLING
  YESTERDAY        0                  0      0        0
  MONTH TO DATE    0                  0      0        0
  SINCE MAR 1      0                  1     -1        0
  SINCE JAN 1      0                  1     -1        0
...........................................................


WIND (MPH)
  RESULTANT WIND SPEED  MM   RESULTANT WIND DIRECTION  MM
  HIGHEST WIND SPEED    MM   HIGHEST WIND DIRECTION    MM
  HIGHEST GUST SPEED    27   HIGHEST GUST DIRECTION     N (360)
  AVERAGE WIND SPEED    MM


SKY COVER
  POSSIBLE SUNSHINE  MM
  AVERAGE SKY COVER  MM


WEATHER CONDITIONS
 THE FOLLOWING WEATHER WAS RECORDED YESTERDAY.
  NO SIGNIFICANT WEATHER WAS OBSERVED.


RELATIVE HUMIDITY (PERCENT)
 HIGHEST    MM
 LOWEST     MM
 AVERAGE    MM

..........................................................


THE MARQUETTE MI CLIMATE NORMALS FOR TODAY
                         NORMAL    RECORD    YEAR
 MAXIMUM TEMPERATURE (F)   59        82      1992
 MINIMUM TEMPERATURE (F)   37        22      1983


SUNRISE AND SUNSET
MAY  8 2017...........SUNRISE   625 AM EDT   SUNSET   909 PM EDT
MAY  9 2017...........SUNRISE   624 AM EDT   SUNSET   910 PM EDT


-  INDICATES NEGATIVE NUMBERS.
R  INDICATES RECORD WAS SET OR TIED.
MM INDICATES DATA IS MISSING.
T  INDICATES TRACE AMOUNT.




$$
