000
CDUS43 KMQT 040501
CLIMQT

CLIMATE REPORT
NATIONAL WEATHER SERVICE MARQUETTE MI
101 AM EDT FRI AUG 4 2017


...................................

...THE MARQUETTE MI CLIMATE SUMMARY FOR AUGUST 3 2017...

CLIMATE NORMAL PERIOD 1981 TO 2010
CLIMATE RECORD PERIOD 1961 TO 2017


WEATHER ITEM   OBSERVED RECORD YEAR NORMAL DEPARTURE LAST
                VALUE   VALUE       VALUE  FROM      YEAR
                                           NORMAL
...........................................................
TEMPERATURE (F)
 YESTERDAY
  MAXIMUM         58     93    2005  76    -18       85
  MINIMUM         49     40    1972  54     -5       64
  AVERAGE         54                 65    -11       75

PRECIPITATION (IN)
  YESTERDAY        0.70   2.39 1974   0.10   0.60     0.00
  MONTH TO DATE    0.80               0.29   0.51     0.04
  SINCE JUN 1      8.75               5.97   2.78     7.07
  SINCE JAN 1     23.59              19.61   3.98    23.28

SNOWFALL (IN)
  YESTERDAY        0.0   MM      MM   0.0    0.0      0.0
  MONTH TO DATE    0.0                0.0    0.0      0.0
  SINCE JUN 1      T                  0.0    0.0       T
  SINCE JUL 1      T                  0.0    0.0       T
  SNOW DEPTH       0

DEGREE DAYS
 HEATING
  YESTERDAY       11                  3      8        0
  MONTH TO DATE   20                  9     11        0
  SINCE JUN 1    240                270    -30      237
  SINCE JUL 1     99                 88     11       55

 COOLING
  YESTERDAY        0                  3     -3       10
  MONTH TO DATE    9                  9      0       20
  SINCE JUN 1     86                151    -65      163
  SINCE JAN 1     86                163    -77      174
...........................................................


WIND (MPH)
  RESULTANT WIND SPEED  MM   RESULTANT WIND DIRECTION  MM
  HIGHEST WIND SPEED    MM   HIGHEST WIND DIRECTION    MM
  HIGHEST GUST SPEED    17   HIGHEST GUST DIRECTION     N (360)
  AVERAGE WIND SPEED    MM


SKY COVER
  POSSIBLE SUNSHINE  MM
  AVERAGE SKY COVER  MM


WEATHER CONDITIONS
 THE FOLLOWING WEATHER WAS RECORDED YESTERDAY.
  RAIN
  LIGHT RAIN
  FOG
  FOG W/VISIBILITY <= 1/4 MILE


RELATIVE HUMIDITY (PERCENT)
 HIGHEST    MM
 LOWEST     MM
 AVERAGE    MM

..........................................................


THE MARQUETTE MI CLIMATE NORMALS FOR TODAY
                         NORMAL    RECORD    YEAR
 MAXIMUM TEMPERATURE (F)   76        91      1989
 MINIMUM TEMPERATURE (F)   54        36      1972


SUNRISE AND SUNSET
AUGUST  4 2017........SUNRISE   635 AM EDT   SUNSET   917 PM EDT
AUGUST  5 2017........SUNRISE   636 AM EDT   SUNSET   915 PM EDT


-  INDICATES NEGATIVE NUMBERS.
R  INDICATES RECORD WAS SET OR TIED.
MM INDICATES DATA IS MISSING.
T  INDICATES TRACE AMOUNT.




$$
