000
CDUS43 KMQT 212104
CLIMQT


CLIMATE REPORT
NATIONAL WEATHER SERVICE MARQUETTE MI
503 PM EDT TUE JUL 21 2015


...................................

...THE MARQUETTE MI CLIMATE SUMMARY FOR JULY 21 2015...
VALID TODAY AS OF 0500 PM LOCAL TIME.

CLIMATE NORMAL PERIOD 1981 TO 2010
CLIMATE RECORD PERIOD 1961 TO 2015


WEATHER ITEM   OBSERVED RECORD YEAR NORMAL DEPARTURE LAST
                VALUE   VALUE       VALUE  FROM      YEAR
                                           NORMAL
...........................................................
TEMPERATURE (F)
 TODAY
  MAXIMUM         73     91    2002  77     -4       86
  MINIMUM         52     37    1992  55     -3       65
  AVERAGE         63                 66     -3       76

PRECIPITATION (IN)
  TODAY            0.00   1.07 2002   0.09  -0.09     0.00
  MONTH TO DATE    1.66               1.89  -0.23     3.23
  SINCE JUN 1      4.15               4.73  -0.58     8.86
  SINCE JAN 1     15.47              18.37  -2.90    21.32

SNOWFALL (IN)
  TODAY            0.0   MM      MM   0.0    0.0      0.0
  MONTH TO DATE    0.0                0.0    0.0       T
  SINCE JUN 1      0.0                0.0    0.0       T
  SINCE JUL 1      0.0                0.0    0.0       T
  SNOW DEPTH       0

DEGREE DAYS
 HEATING
  TODAY            2                  2      0        0
  MONTH TO DATE   63                 54      9       78
  SINCE JUN 1    265                236     29      241
  SINCE JUL 1     63                 54      9       78

 COOLING
  TODAY            0                  3     -3       11
  MONTH TO DATE   46                 63    -17       35
  SINCE JUN 1     46                111    -65       89
  SINCE JAN 1     48                123    -75      109
...........................................................


WIND (MPH)
  HIGHEST WIND SPEED    MM   HIGHEST WIND DIRECTION    MM
  HIGHEST GUST SPEED    24   HIGHEST GUST DIRECTION     W (270)
  AVERAGE WIND SPEED    MM


SKY COVER
  POSSIBLE SUNSHINE  MM
  AVERAGE SKY COVER  MM


WEATHER CONDITIONS
 THE FOLLOWING WEATHER WAS RECORDED TODAY.
  NO SIGNIFICANT WEATHER WAS OBSERVED.


RELATIVE HUMIDITY (PERCENT)
 HIGHEST    MM
 LOWEST     MM
 AVERAGE    MM

..........................................................


THE MARQUETTE MI CLIMATE NORMALS FOR TOMORROW
                         NORMAL    RECORD    YEAR
 MAXIMUM TEMPERATURE (F)   77        90      1999
 MINIMUM TEMPERATURE (F)   55        40      1981


SUNRISE AND SUNSET
JULY 21 2015..........SUNRISE   618 AM EDT   SUNSET   934 PM EDT
JULY 22 2015..........SUNRISE   619 AM EDT   SUNSET   933 PM EDT


-  INDICATES NEGATIVE NUMBERS.
R  INDICATES RECORD WAS SET OR TIED.
MM INDICATES DATA IS MISSING.
T  INDICATES TRACE AMOUNT.




$$
