000
CDUS43 KMQT 010513
CLIMQT


CLIMATE REPORT
NATIONAL WEATHER SERVICE MARQUETTE MI
113 AM EDT SUN OCT 1 2017


...................................

...THE MARQUETTE MI CLIMATE SUMMARY FOR SEPTEMBER 30 2017...

CLIMATE NORMAL PERIOD 1981 TO 2010
CLIMATE RECORD PERIOD 1961 TO 2017


WEATHER ITEM   OBSERVED RECORD YEAR NORMAL DEPARTURE LAST
                VALUE   VALUE       VALUE  FROM      YEAR
                                           NORMAL
...........................................................
TEMPERATURE (F)
 YESTERDAY
  MAXIMUM         62     80    2000  59      3       63
  MINIMUM         32     24    1993  40     -8       52
  AVERAGE         47                 50     -3       58

PRECIPITATION (IN)
  YESTERDAY        0.00   1.11 1985   0.13  -0.13     0.00
  MONTH TO DATE    3.25               3.72  -0.47     5.70
  SINCE SEP 1      3.25               3.72  -0.47     5.70
  SINCE JAN 1     30.58              26.09   4.49    33.47

SNOWFALL (IN)
  YESTERDAY        0.0    0.1  2003   0.1   -0.1      0.0
  MONTH TO DATE    T                  0.1   -0.1      0.0
  SINCE SEP 1      T                  0.1   -0.1      0.0
  SINCE JUL 1      T                  0.1   -0.1       T
  SNOW DEPTH       0

DEGREE DAYS
 HEATING
  YESTERDAY       18                 15      3        7
  MONTH TO DATE  216                297    -81      173
  SINCE SEP 1    216                297    -81      173
  SINCE JUL 1    481                482     -1      273

 COOLING
  YESTERDAY        0                  0      0        0
  MONTH TO DATE   49                 21     28       10
  SINCE SEP 1     49                 21     28       10
  SINCE JAN 1    142                241    -99      246
...........................................................


WIND (MPH)
  RESULTANT WIND SPEED  MM   RESULTANT WIND DIRECTION  MM
  HIGHEST WIND SPEED    MM   HIGHEST WIND DIRECTION    MM
  HIGHEST GUST SPEED    16   HIGHEST GUST DIRECTION     S (180)
  AVERAGE WIND SPEED    MM


SKY COVER
  POSSIBLE SUNSHINE  MM
  AVERAGE SKY COVER  MM


WEATHER CONDITIONS
 THE FOLLOWING WEATHER WAS RECORDED YESTERDAY.
  NO SIGNIFICANT WEATHER WAS OBSERVED.


RELATIVE HUMIDITY (PERCENT)
 HIGHEST    MM
 LOWEST     MM
 AVERAGE    MM

..........................................................


THE MARQUETTE MI CLIMATE NORMALS FOR TODAY
                         NORMAL    RECORD    YEAR
 MAXIMUM TEMPERATURE (F)   59        83      1976
 MINIMUM TEMPERATURE (F)   40        26      2009


SUNRISE AND SUNSET
OCTOBER  1 2017.......SUNRISE   749 AM EDT   SUNSET   730 PM EDT
OCTOBER  2 2017.......SUNRISE   750 AM EDT   SUNSET   728 PM EDT


-  INDICATES NEGATIVE NUMBERS.
R  INDICATES RECORD WAS SET OR TIED.
MM INDICATES DATA IS MISSING.
T  INDICATES TRACE AMOUNT.


$$

TITUS
