000
CDUS43 KMQT 190516
CLIMQT


CLIMATE REPORT
NATIONAL WEATHER SERVICE MARQUETTE MI
115 AM EDT TUE AUG 19 2014


...................................

...THE MARQUETTE MI CLIMATE SUMMARY FOR AUGUST 18 2014...

CLIMATE NORMAL PERIOD 1981 TO 2010
CLIMATE RECORD PERIOD 1961 TO 2014


WEATHER ITEM   OBSERVED RECORD YEAR NORMAL DEPARTURE LAST
                VALUE   VALUE       VALUE  FROM      YEAR
                                           NORMAL
...........................................................
TEMPERATURE (F)
 YESTERDAY
  MAXIMUM         61     88    2003  74    -13       80
                               1995
  MINIMUM         43     32    1968  53    -10       55
  AVERAGE         52                 64    -12       68

PRECIPITATION (IN)
  YESTERDAY        0.25   0.61 2012   0.09   0.16     0.00
  MONTH TO DATE    1.10               1.78  -0.68     0.57
  SINCE JUN 1     10.91               7.46   3.45     8.66
  SINCE JAN 1     23.37              21.10   2.27    26.00

SNOWFALL (IN)
  YESTERDAY        0.0   MM      MM   0.0    0.0      0.0
  MONTH TO DATE    0.0                0.0    0.0      0.0
  SINCE JUN 1      T                  0.0    0.0      0.0
  SINCE JUL 1      T                  0.0    0.0      0.0
  SNOW DEPTH       0

DEGREE DAYS
 HEATING
  YESTERDAY       13                  3     10        0
  MONTH TO DATE   86                 54     32       97
  SINCE JUN 1    370                315     55      407
  SINCE JUL 1    207                133     74      209

 COOLING
  YESTERDAY        0                  2     -2        3
  MONTH TO DATE    9                 40    -31        7
  SINCE JUN 1    105                182    -77      174
  SINCE JAN 1    125                194    -69      187
...........................................................


WIND (MPH)
  RESULTANT WIND SPEED  MM   RESULTANT WIND DIRECTION  MM
  HIGHEST WIND SPEED    MM   HIGHEST WIND DIRECTION    MM
  HIGHEST GUST SPEED    17   HIGHEST GUST DIRECTION    SW (225)
  AVERAGE WIND SPEED    MM


SKY COVER
  POSSIBLE SUNSHINE  MM
  AVERAGE SKY COVER  MM


WEATHER CONDITIONS
 THE FOLLOWING WEATHER WAS RECORDED YESTERDAY.
  LIGHT RAIN
  FOG


RELATIVE HUMIDITY (PERCENT)
 HIGHEST    MM
 LOWEST     MM
 AVERAGE    MM

..........................................................


THE MARQUETTE MI CLIMATE NORMALS FOR TODAY
                         NORMAL    RECORD    YEAR
 MAXIMUM TEMPERATURE (F)   74        95      1976
 MINIMUM TEMPERATURE (F)   53        35      1967


SUNRISE AND SUNSET
AUGUST 19 2014........SUNRISE   654 AM EDT   SUNSET   853 PM EDT
AUGUST 20 2014........SUNRISE   655 AM EDT   SUNSET   851 PM EDT


-  INDICATES NEGATIVE NUMBERS.
R  INDICATES RECORD WAS SET OR TIED.
MM INDICATES DATA IS MISSING.
T  INDICATES TRACE AMOUNT.

$$

TITUS
