000
CDUS43 KMQT 080526
CLIMQT


CLIMATE REPORT
NATIONAL WEATHER SERVICE MARQUETTE MI
1225 AM EST SUN JAN 8 2017


...................................

...THE MARQUETTE MI CLIMATE SUMMARY FOR JANUARY 7 2017...

CLIMATE NORMAL PERIOD 1981 TO 2010
CLIMATE RECORD PERIOD 1961 TO 2017


WEATHER ITEM   OBSERVED RECORD YEAR NORMAL DEPARTURE LAST
                VALUE   VALUE       VALUE  FROM      YEAR
                                           NORMAL
...........................................................
TEMPERATURE (F)
 YESTERDAY
  MAXIMUM          7     43    2003  22    -15       33
                               1990
  MINIMUM         -8    -22    1968   6    -14       26
  AVERAGE          0                 14    -14       30

PRECIPITATION (IN)
  YESTERDAY        0.02   1.60 1970   0.08  -0.06     0.04
  MONTH TO DATE    0.12               0.54  -0.42     0.43
  SINCE DEC 1      2.31               3.11  -0.80     5.30
  SINCE JAN 1      0.12               0.54  -0.42     0.43

SNOWFALL (IN)
  YESTERDAY        0.6    9.6  1967   1.4   -0.8      0.6
  MONTH TO DATE    3.0                9.5   -6.5      8.6
  SINCE DEC 1     45.0               52.3   -7.3     27.5
  SINCE JUL 1     59.2               82.8  -23.6     35.4
  SNOW DEPTH       9

DEGREE DAYS
 HEATING
  YESTERDAY       65                 51     14       35
  MONTH TO DATE  382                353     29      296
  SINCE DEC 1   1815               1793     22     1406
  SINCE JUL 1   3440               3995   -555     3238

 COOLING
  YESTERDAY        0                  0      0        0
  MONTH TO DATE    0                  0      0        0
  SINCE DEC 1      0                  0      0        0
  SINCE JAN 1      0                  0      0        0
...........................................................


WIND (MPH)
  RESULTANT WIND SPEED  MM   RESULTANT WIND DIRECTION  MM
  HIGHEST WIND SPEED    MM   HIGHEST WIND DIRECTION    MM
  HIGHEST GUST SPEED    30   HIGHEST GUST DIRECTION    NW (330)
  AVERAGE WIND SPEED    MM


SKY COVER
  POSSIBLE SUNSHINE  MM
  AVERAGE SKY COVER  MM


WEATHER CONDITIONS
 THE FOLLOWING WEATHER WAS RECORDED YESTERDAY.
  LIGHT SNOW
  BLOWING SNOW


RELATIVE HUMIDITY (PERCENT)
 HIGHEST    MM
 LOWEST     MM
 AVERAGE    MM

..........................................................


THE MARQUETTE MI CLIMATE NORMALS FOR TODAY
                         NORMAL    RECORD    YEAR
 MAXIMUM TEMPERATURE (F)   22        48      2003
 MINIMUM TEMPERATURE (F)    6       -25      1968


SUNRISE AND SUNSET
JANUARY  8 2017.......SUNRISE   833 AM EST   SUNSET   521 PM EST
JANUARY  9 2017.......SUNRISE   833 AM EST   SUNSET   523 PM EST


-  INDICATES NEGATIVE NUMBERS.
R  INDICATES RECORD WAS SET OR TIED.
MM INDICATES DATA IS MISSING.
T  INDICATES TRACE AMOUNT.




$$
