000
CDUS43 KMQT 110516
CLIMQT


CLIMATE REPORT
NATIONAL WEATHER SERVICE MARQUETTE MI
1215 AM EST THU DEC 11 2014


...................................

...THE MARQUETTE MI CLIMATE SUMMARY FOR DECEMBER 10 2014...

CLIMATE NORMAL PERIOD 1981 TO 2010
CLIMATE RECORD PERIOD 1961 TO 2014


WEATHER ITEM   OBSERVED RECORD YEAR NORMAL DEPARTURE LAST
                VALUE   VALUE       VALUE  FROM      YEAR
                                           NORMAL
...........................................................
TEMPERATURE (F)
 YESTERDAY
  MAXIMUM         31     44    2006  27      4       12
  MINIMUM         10    -14    2000  13     -3       -8
  AVERAGE         21                 20      1        2

PRECIPITATION (IN)
  YESTERDAY        T      1.28 2003   0.09  -0.09      T
  MONTH TO DATE    0.20               0.93  -0.73     0.94
  SINCE DEC 1      0.20               0.93  -0.73     0.94
  SINCE JAN 1     42.75              34.04   8.71    38.12

SNOWFALL (IN)
  YESTERDAY        T     11.5  2003   1.4   -1.4       T
  MONTH TO DATE    3.5               13.4   -9.9      6.9
  SINCE DEC 1      3.5               13.4   -9.9      6.9
  SINCE JUL 1     59.7               43.9   15.8     29.4
  SNOW DEPTH      15

DEGREE DAYS
 HEATING
  YESTERDAY       44                 45     -1       63
  MONTH TO DATE  478                434     44      505
  SINCE DEC 1    478                434     44      505
  SINCE JUL 1   3008               2636    372     2674

 COOLING
  YESTERDAY        0                  0      0        0
  MONTH TO DATE    0                  0      0        0
  SINCE DEC 1      0                  0      0        0
  SINCE JAN 1    152                242    -90      280
...........................................................

WIND (MPH)
  RESULTANT WIND SPEED  MM   RESULTANT WIND DIRECTION  MM
  HIGHEST WIND SPEED    MM   HIGHEST WIND DIRECTION    MM
  HIGHEST GUST SPEED    10   HIGHEST GUST DIRECTION     E (90)
  AVERAGE WIND SPEED    MM

SKY COVER
  POSSIBLE SUNSHINE  MM
  AVERAGE SKY COVER  MM

WEATHER CONDITIONS
 THE FOLLOWING WEATHER WAS RECORDED YESTERDAY.
  LIGHT SNOW

RELATIVE HUMIDITY (PERCENT)
 HIGHEST    MM
 LOWEST     MM
 AVERAGE    MM
..........................................................


THE MARQUETTE MI CLIMATE NORMALS FOR TODAY
                         NORMAL    RECORD    YEAR
 MAXIMUM TEMPERATURE (F)   27        45      2002
 MINIMUM TEMPERATURE (F)   13       -21      1977


SUNRISE AND SUNSET
DECEMBER 11 2014......SUNRISE   824 AM EST   SUNSET   503 PM EST
DECEMBER 12 2014......SUNRISE   825 AM EST   SUNSET   503 PM EST


-  INDICATES NEGATIVE NUMBERS.
R  INDICATES RECORD WAS SET OR TIED.
MM INDICATES DATA IS MISSING.
T  INDICATES TRACE AMOUNT.




$$
