000
CDUS43 KMQT 180517
CLIMQT


CLIMATE REPORT
NATIONAL WEATHER SERVICE MARQUETTE MI
1217 AM EST MON DEC 18 2017


...................................

...THE MARQUETTE MI CLIMATE SUMMARY FOR DECEMBER 17 2017...

CLIMATE NORMAL PERIOD 1981 TO 2010
CLIMATE RECORD PERIOD 1961 TO 2017


WEATHER ITEM   OBSERVED RECORD YEAR NORMAL DEPARTURE LAST
                VALUE   VALUE       VALUE  FROM      YEAR
                                           NORMAL
...........................................................
TEMPERATURE (F)
 YESTERDAY
  MAXIMUM         MM     38    1977  25     MM       17
  MINIMUM         MM    -19    1973  11     MM        4
  AVERAGE         MM                 18     MM       11

PRECIPITATION (IN)
  YESTERDAY       MM      0.59 2016   0.08  MM        0.59
  MONTH TO DATE    1.61               1.50   0.11     1.44
  SINCE DEC 1      1.61               1.50   0.11     1.44
  SINCE JAN 1     42.18              34.61   7.57    39.52

SNOWFALL (IN)
  YESTERDAY       MM     13.7  2016   1.4   MM       13.7
  MONTH TO DATE   22.9               23.2   -0.3     30.7
  SINCE DEC 1     22.9               23.2   -0.3     30.7
  SINCE JUL 1     47.9               53.7   -5.8     44.9
  SNOW DEPTH      MM

DEGREE DAYS
 HEATING
  YESTERDAY       MM                 47     MM       54
  MONTH TO DATE  728                758    -30      802
  SINCE DEC 1    728                758    -30      802
  SINCE JUL 1   2855               2960   -105     2427

 COOLING
  YESTERDAY       MM                  0     MM        0
  MONTH TO DATE    0                  0      0        0
  SINCE DEC 1      0                  0      0        0
  SINCE JAN 1    145                242    -97      246
...........................................................


WIND (MPH)
  RESULTANT WIND SPEED  MM   RESULTANT WIND DIRECTION  MM
  HIGHEST WIND SPEED    MM   HIGHEST WIND DIRECTION    MM
  HIGHEST GUST SPEED    MM   HIGHEST GUST DIRECTION    MM
  AVERAGE WIND SPEED    MM


SKY COVER
  POSSIBLE SUNSHINE  MM
  AVERAGE SKY COVER  MM


WEATHER CONDITIONS
 THE FOLLOWING WEATHER WAS RECORDED YESTERDAY.
  NO SIGNIFICANT WEATHER WAS OBSERVED.


RELATIVE HUMIDITY (PERCENT)
 HIGHEST    MM
 LOWEST     MM
 AVERAGE    MM

..........................................................


THE MARQUETTE MI CLIMATE NORMALS FOR TODAY
                         NORMAL    RECORD    YEAR
 MAXIMUM TEMPERATURE (F)   25        45      1997
 MINIMUM TEMPERATURE (F)   10       -19      1983


SUNRISE AND SUNSET
DECEMBER 18 2017......SUNRISE   830 AM EST   SUNSET   504 PM EST
DECEMBER 19 2017......SUNRISE   830 AM EST   SUNSET   505 PM EST


-  INDICATES NEGATIVE NUMBERS.
R  INDICATES RECORD WAS SET OR TIED.
MM INDICATES DATA IS MISSING.
T  INDICATES TRACE AMOUNT.




$$
