000
CDUS43 KMQT 100516
CLIMQT


CLIMATE REPORT
NATIONAL WEATHER SERVICE MARQUETTE MI
115 AM EDT THU JUL 10 2014


...................................

...THE MARQUETTE MI CLIMATE SUMMARY FOR JULY 9 2014...

CLIMATE NORMAL PERIOD 1981 TO 2010
CLIMATE RECORD PERIOD 1961 TO 2014


WEATHER ITEM   OBSERVED RECORD YEAR NORMAL DEPARTURE LAST
                VALUE   VALUE       VALUE  FROM      YEAR
                                           NORMAL
...........................................................
TEMPERATURE (F)
 YESTERDAY
  MAXIMUM         66     90    1989  76    -10       74
  MINIMUM         47     37    1968  55     -8       61
  AVERAGE         57                 66     -9       68

PRECIPITATION (IN)
  YESTERDAY        T      1.05 1999   0.09  -0.09     0.14
  MONTH TO DATE    2.38               0.81   1.57     0.75
  SINCE JUN 1      8.01               3.65   4.36     4.06
  SINCE JAN 1     20.47              17.29   3.18    21.40

SNOWFALL (IN)
  YESTERDAY        0.0   MM      MM   0.0    0.0      0.0
  MONTH TO DATE    0.0                0.0    0.0      0.0
  SINCE JUN 1      0.0                0.0    0.0      0.0
  SINCE JUL 1      0.0                0.0    0.0      0.0
  SNOW DEPTH       0

DEGREE DAYS
 HEATING
  YESTERDAY        8                  3      5        0
  MONTH TO DATE   37                 27     10       28
  SINCE JUN 1    200                209     -9      226
  SINCE JUL 1     37                 27     10       28

 COOLING
  YESTERDAY        0                  3     -3        3
  MONTH TO DATE    9                 27    -18       35
  SINCE JUN 1     63                 75    -12       74
  SINCE JAN 1     83                 87     -4       87
...........................................................


WIND (MPH)
  RESULTANT WIND SPEED  MM   RESULTANT WIND DIRECTION  MM
  HIGHEST WIND SPEED    MM   HIGHEST WIND DIRECTION    MM
  HIGHEST GUST SPEED    19   HIGHEST GUST DIRECTION    NW (315)
  AVERAGE WIND SPEED    MM


SKY COVER
  POSSIBLE SUNSHINE  MM
  AVERAGE SKY COVER  MM


WEATHER CONDITIONS
 THE FOLLOWING WEATHER WAS RECORDED YESTERDAY.
  LIGHT RAIN


RELATIVE HUMIDITY (PERCENT)
 HIGHEST    MM
 LOWEST     MM
 AVERAGE    MM

..........................................................


THE MARQUETTE MI CLIMATE NORMALS FOR TODAY
                         NORMAL    RECORD    YEAR
 MAXIMUM TEMPERATURE (F)   77        94      1966
 MINIMUM TEMPERATURE (F)   55        34      1968


SUNRISE AND SUNSET
JULY 10 2014..........SUNRISE   608 AM EDT   SUNSET   943 PM EDT
JULY 11 2014..........SUNRISE   608 AM EDT   SUNSET   942 PM EDT


-  INDICATES NEGATIVE NUMBERS.
R  INDICATES RECORD WAS SET OR TIED.
MM INDICATES DATA IS MISSING.
T  INDICATES TRACE AMOUNT.


$$

TITUS
