635
CDUS43 KMQT 130510
CLIMQT


CLIMATE REPORT
NATIONAL WEATHER SERVICE MARQUETTE MI
1210 AM EST SAT FEB 13 2016


...................................

...THE MARQUETTE MI CLIMATE SUMMARY FOR FEBRUARY 12 2016...

CLIMATE NORMAL PERIOD 1981 TO 2010
CLIMATE RECORD PERIOD 1961 TO 2016


WEATHER ITEM   OBSERVED RECORD YEAR NORMAL DEPARTURE LAST
                VALUE   VALUE       VALUE  FROM      YEAR
                                           NORMAL
...........................................................
TEMPERATURE (F)
 YESTERDAY
  MAXIMUM          7     42    1976  25    -18        5
  MINIMUM         -5    -32    1981   5    -10      -17
  AVERAGE          1                 15    -14       -6

PRECIPITATION (IN)
  YESTERDAY        0.09   1.28 1984   0.07   0.02     0.19
  MONTH TO DATE    1.51               0.87   0.64     0.96
  SINCE DEC 1      8.34               5.85   2.49     4.49
  SINCE JAN 1      3.47               3.28   0.19     2.21

SNOWFALL (IN)
  YESTERDAY        1.4   13.5  1965   1.2    0.2      3.6
  MONTH TO DATE   22.9               15.3    7.6     26.5
  SINCE DEC 1     79.3              101.3  -22.0     83.6
  SINCE JUL 1     87.2              131.8  -44.6    139.8
  SNOW DEPTH      24

DEGREE DAYS
 HEATING
  YESTERDAY       64                 50     14       71
  MONTH TO DATE  579                613    -34      677
  SINCE DEC 1   3167               3648   -481     3711
  SINCE JUL 1   4999               5850   -851     6241

 COOLING
  YESTERDAY        0                  0      0        0
  MONTH TO DATE    0                  0      0        0
  SINCE DEC 1      0                  0      0        0
  SINCE JAN 1      0                  0      0        0
...........................................................


WIND (MPH)
  RESULTANT WIND SPEED  MM   RESULTANT WIND DIRECTION  MM
  HIGHEST WIND SPEED    MM   HIGHEST WIND DIRECTION    MM
  HIGHEST GUST SPEED    30   HIGHEST GUST DIRECTION    NW (315)
  AVERAGE WIND SPEED    MM


SKY COVER
  POSSIBLE SUNSHINE  MM
  AVERAGE SKY COVER  MM


WEATHER CONDITIONS
 THE FOLLOWING WEATHER WAS RECORDED YESTERDAY.
  LIGHT SNOW
  BLOWING SNOW


RELATIVE HUMIDITY (PERCENT)
 HIGHEST    MM
 LOWEST     MM
 AVERAGE    MM

..........................................................


THE MARQUETTE MI CLIMATE NORMALS FOR TODAY
                         NORMAL    RECORD    YEAR
 MAXIMUM TEMPERATURE (F)   25        43      1984
 MINIMUM TEMPERATURE (F)    5       -22      2003


SUNRISE AND SUNSET
FEBRUARY 13 2016......SUNRISE   758 AM EST   SUNSET   612 PM EST
FEBRUARY 14 2016......SUNRISE   756 AM EST   SUNSET   613 PM EST


-  INDICATES NEGATIVE NUMBERS.
R  INDICATES RECORD WAS SET OR TIED.
MM INDICATES DATA IS MISSING.
T  INDICATES TRACE AMOUNT.

$$
