000
CDUS43 KMQT 190515
CLIMQT


CLIMATE REPORT
NATIONAL WEATHER SERVICE MARQUETTE MI
1213 AM EST THU JAN 19 2017


...................................

...THE MARQUETTE MI CLIMATE SUMMARY FOR JANUARY 18 2017...

CLIMATE NORMAL PERIOD 1981 TO 2010
CLIMATE RECORD PERIOD 1961 TO 2017


WEATHER ITEM   OBSERVED RECORD YEAR NORMAL DEPARTURE LAST
                VALUE   VALUE       VALUE  FROM      YEAR
                                           NORMAL
...........................................................
TEMPERATURE (F)
 YESTERDAY
  MAXIMUM         45R    44    1996  22     23        9
                               1981
                               1973
  MINIMUM         19    -25    1994   5     14        3
  AVERAGE         32                 13     19        6

PRECIPITATION (IN)
  YESTERDAY        0.00   1.33 1996   0.08  -0.08     0.01
  MONTH TO DATE    0.98               1.41  -0.43     1.20
  SINCE DEC 1      3.17               3.98  -0.81     6.07
  SINCE JAN 1      0.98               1.41  -0.43     1.20

SNOWFALL (IN)
  YESTERDAY        0.0    7.8  1985   1.4   -1.4      0.3
  MONTH TO DATE   16.4               25.2   -8.8     22.7
  SINCE DEC 1     58.4               68.0   -9.6     41.6
  SINCE JUL 1     72.6               98.5  -25.9     49.5
  SNOW DEPTH      14

DEGREE DAYS
 HEATING
  YESTERDAY       33                 52    -19       59
  MONTH TO DATE  915                919     -4      891
  SINCE DEC 1   2348               2359    -11     2001
  SINCE JUL 1   3973               4561   -588     3833

 COOLING
  YESTERDAY        0                  0      0        0
  MONTH TO DATE    0                  0      0        0
  SINCE DEC 1      0                  0      0        0
  SINCE JAN 1      0                  0      0        0
...........................................................

WIND (MPH)
  RESULTANT WIND SPEED  MM   RESULTANT WIND DIRECTION  MM
  HIGHEST WIND SPEED    MM   HIGHEST WIND DIRECTION    MM
  HIGHEST GUST SPEED    29   HIGHEST GUST DIRECTION    SW (225)
  AVERAGE WIND SPEED    MM

SKY COVER
  POSSIBLE SUNSHINE  MM
  AVERAGE SKY COVER  MM

WEATHER CONDITIONS
 THE FOLLOWING WEATHER WAS RECORDED YESTERDAY.
  NO SIGNIFICANT WEATHER WAS OBSERVED.

RELATIVE HUMIDITY (PERCENT)
 HIGHEST    MM
 LOWEST     MM
 AVERAGE    MM
..........................................................

THE MARQUETTE MI CLIMATE NORMALS FOR TODAY
                         NORMAL    RECORD    YEAR
 MAXIMUM TEMPERATURE (F)   22        46      1981
 MINIMUM TEMPERATURE (F)    5       -27      1994


SUNRISE AND SUNSET
JANUARY 19 2017.......SUNRISE   827 AM EST   SUNSET   536 PM EST
JANUARY 20 2017.......SUNRISE   826 AM EST   SUNSET   537 PM EST


-  INDICATES NEGATIVE NUMBERS.
R  INDICATES RECORD WAS SET OR TIED.
MM INDICATES DATA IS MISSING.
T  INDICATES TRACE AMOUNT.




$$
