952
CDUS43 KMQT 220519
CLIMQT


CLIMATE REPORT
NATIONAL WEATHER SERVICE MARQUETTE MI
1219 AM EST MON JAN 22 2018


...................................

...THE MARQUETTE MI CLIMATE SUMMARY FOR JANUARY 21 2018...

CLIMATE NORMAL PERIOD 1981 TO 2010
CLIMATE RECORD PERIOD 1961 TO 2018


WEATHER ITEM   OBSERVED RECORD YEAR NORMAL DEPARTURE LAST
                VALUE   VALUE       VALUE  FROM      YEAR
                                           NORMAL
...........................................................
TEMPERATURE (F)
 YESTERDAY
  MAXIMUM         39     44    1981  22     17       36
  MINIMUM         23    -24    1984   5     18       31
  AVERAGE         31                 13     18       34

PRECIPITATION (IN)
  YESTERDAY        0.00   0.50 1995   0.08  -0.08     0.02
  MONTH TO DATE    1.32               1.64  -0.32     1.22
  SINCE DEC 1      3.46               4.21  -0.75     3.41
  SINCE JAN 1      1.32               1.64  -0.32     1.22

SNOWFALL (IN)
  YESTERDAY        0.0    6.9  1995   1.4   -1.4      0.0
  MONTH TO DATE   22.9               29.4   -6.5     16.4
  SINCE DEC 1     60.9               72.2  -11.3     58.4
  SINCE JUL 1     85.9              102.7  -16.8     72.6
  SNOW DEPTH      13

DEGREE DAYS
 HEATING
  YESTERDAY       34                 52    -18       31
  MONTH TO DATE 1093               1075     18     1019
  SINCE DEC 1   2672               2515    157     2452
  SINCE JUL 1   4799               4717     82     4077

 COOLING
  YESTERDAY        0                  0      0        0
  MONTH TO DATE    0                  0      0        0
  SINCE DEC 1      0                  0      0        0
  SINCE JAN 1      0                  0      0        0
...........................................................


WIND (MPH)
  RESULTANT WIND SPEED  MM   RESULTANT WIND DIRECTION  MM
  HIGHEST WIND SPEED    MM   HIGHEST WIND DIRECTION    MM
  HIGHEST GUST SPEED    15   HIGHEST GUST DIRECTION     N (360)
  AVERAGE WIND SPEED    MM


SKY COVER
  POSSIBLE SUNSHINE  MM
  AVERAGE SKY COVER  MM


WEATHER CONDITIONS
 THE FOLLOWING WEATHER WAS RECORDED YESTERDAY.
  FOG
  FOG W/VISIBILITY <= 1/4 MILE


RELATIVE HUMIDITY (PERCENT)
 HIGHEST    MM
 LOWEST     MM
 AVERAGE    MM

..........................................................


THE MARQUETTE MI CLIMATE NORMALS FOR TODAY
                         NORMAL    RECORD    YEAR
 MAXIMUM TEMPERATURE (F)   22        45      1989
 MINIMUM TEMPERATURE (F)    4       -24      1963


SUNRISE AND SUNSET
JANUARY 22 2018.......SUNRISE   825 AM EST   SUNSET   540 PM EST
JANUARY 23 2018.......SUNRISE   824 AM EST   SUNSET   541 PM EST


-  INDICATES NEGATIVE NUMBERS.
R  INDICATES RECORD WAS SET OR TIED.
MM INDICATES DATA IS MISSING.
T  INDICATES TRACE AMOUNT.




$$
