000
CDUS43 KMQT 210514
CLIMQT


CLIMATE REPORT
NATIONAL WEATHER SERVICE MARQUETTE MI
112 AM EDT SUN SEP 21 2014


...................................

...THE MARQUETTE MI CLIMATE SUMMARY FOR SEPTEMBER 20 2014...

CLIMATE NORMAL PERIOD 1981 TO 2010
CLIMATE RECORD PERIOD 1961 TO 2014


WEATHER ITEM   OBSERVED RECORD YEAR NORMAL DEPARTURE LAST
                VALUE   VALUE       VALUE  FROM      YEAR
                                           NORMAL
...........................................................
TEMPERATURE (F)
 YESTERDAY
  MAXIMUM         73     81    1994  64      9       70
  MINIMUM         52     29    1962  44      8       49
  AVERAGE         63                 54      9       60

PRECIPITATION (IN)
  YESTERDAY        0.00   1.73 2002   0.13  -0.13     0.01
  MONTH TO DATE    3.15               2.36   0.79     1.87
  SINCE SEP 1      3.15               2.36   0.79     1.87
  SINCE JAN 1     29.89              24.73   5.16    29.62

SNOWFALL (IN)
  YESTERDAY        0.0   MM      MM   0.0    0.0      0.0
  MONTH TO DATE    0.0                0.0    0.0      0.0
  SINCE SEP 1      0.0                0.0    0.0      0.0
  SINCE JUL 1      T                  0.0    0.0      0.0
  SNOW DEPTH       0

DEGREE DAYS
 HEATING
  YESTERDAY        2                 11     -9        5
  MONTH TO DATE  194                163     31      151
  SINCE SEP 1    194                163     31      151
  SINCE JUL 1    441                348     93      365

 COOLING
  YESTERDAY        0                  0      0        0
  MONTH TO DATE    2                 21    -19       10
  SINCE SEP 1      2                 21    -19       10
  SINCE JAN 1    149                241    -92      280
...........................................................


WIND (MPH)
  RESULTANT WIND SPEED  MM   RESULTANT WIND DIRECTION  MM
  HIGHEST WIND SPEED    MM   HIGHEST WIND DIRECTION    MM
  HIGHEST GUST SPEED    31   HIGHEST GUST DIRECTION     W (270)
  AVERAGE WIND SPEED    MM


SKY COVER
  POSSIBLE SUNSHINE  MM
  AVERAGE SKY COVER  MM


WEATHER CONDITIONS
 THE FOLLOWING WEATHER WAS RECORDED YESTERDAY.
  FOG


RELATIVE HUMIDITY (PERCENT)
 HIGHEST    MM
 LOWEST     MM
 AVERAGE    MM

..........................................................


THE MARQUETTE MI CLIMATE NORMALS FOR TODAY
                         NORMAL    RECORD    YEAR
 MAXIMUM TEMPERATURE (F)   64        82      1970
 MINIMUM TEMPERATURE (F)   44        29      1973


SUNRISE AND SUNSET
SEPTEMBER 21 2014.....SUNRISE   736 AM EDT   SUNSET   750 PM EDT
SEPTEMBER 22 2014.....SUNRISE   737 AM EDT   SUNSET   748 PM EDT


-  INDICATES NEGATIVE NUMBERS.
R  INDICATES RECORD WAS SET OR TIED.
MM INDICATES DATA IS MISSING.
T  INDICATES TRACE AMOUNT.




$$
