000
CDUS43 KMQT 112122
CLIMQT


CLIMATE REPORT
NATIONAL WEATHER SERVICE MARQUETTE MI
522 PM EDT THU AUG 11 2016


...................................

...THE MARQUETTE MI CLIMATE SUMMARY FOR AUGUST 11 2016...
VALID TODAY AS OF 0500 PM LOCAL TIME.

CLIMATE NORMAL PERIOD 1981 TO 2010
CLIMATE RECORD PERIOD 1961 TO 2016


WEATHER ITEM   OBSERVED RECORD YEAR NORMAL DEPARTURE LAST
                VALUE   VALUE       VALUE  FROM      YEAR
                                           NORMAL
...........................................................
TEMPERATURE (F)
 TODAY
  MAXIMUM         73     87    1965  75     -2       67
  MINIMUM         63     38    1967  54      9       53
  AVERAGE         68                 65      3       60

PRECIPITATION (IN)
  TODAY            0.57R  0.52 2004   0.11   0.46     0.00
  MONTH TO DATE    0.61               1.09  -0.48     1.53
  SINCE JUN 1      7.64               6.77   0.87     5.72
  SINCE JAN 1     23.85              20.41   3.44    17.04

SNOWFALL (IN)
  TODAY            0.0   MM      MM   0.0    0.0      0.0
  MONTH TO DATE    0.0                0.0    0.0      0.0
  SINCE JUN 1      T                  0.0    0.0      0.0
  SINCE JUL 1      T                  0.0    0.0      0.0
  SNOW DEPTH       0

DEGREE DAYS
 HEATING
  TODAY            0                  3     -3        5
  MONTH TO DATE    0                 33    -33       31
  SINCE JUN 1    237                294    -57      301
  SINCE JUL 1     55                112    -57       99

 COOLING
  TODAY            3                  2      1        0
  MONTH TO DATE   50                 26     24       12
  SINCE JUN 1    193                168     25      118
  SINCE JAN 1    204                180     24      120
...........................................................


WIND (MPH)
  HIGHEST WIND SPEED    MM   HIGHEST WIND DIRECTION    MM
  HIGHEST GUST SPEED    18   HIGHEST GUST DIRECTION    SE (135)
  AVERAGE WIND SPEED    MM


SKY COVER
  POSSIBLE SUNSHINE  MM
  AVERAGE SKY COVER  MM


WEATHER CONDITIONS
 THE FOLLOWING WEATHER WAS RECORDED TODAY.
  LIGHT RAIN
  FOG


RELATIVE HUMIDITY (PERCENT)
 HIGHEST    MM
 LOWEST     MM
 AVERAGE    MM

..........................................................


THE MARQUETTE MI CLIMATE NORMALS FOR TOMORROW
                         NORMAL    RECORD    YEAR
 MAXIMUM TEMPERATURE (F)   75        86      1975
 MINIMUM TEMPERATURE (F)   54        38      1992


SUNRISE AND SUNSET
AUGUST 11 2016........SUNRISE   644 AM EDT   SUNSET   906 PM EDT
AUGUST 12 2016........SUNRISE   645 AM EDT   SUNSET   904 PM EDT


-  INDICATES NEGATIVE NUMBERS.
R  INDICATES RECORD WAS SET OR TIED.
MM INDICATES DATA IS MISSING.
T  INDICATES TRACE AMOUNT.




$$
