000
CDUS43 KMQT 122108
CLIMQT


CLIMATE REPORT
NATIONAL WEATHER SERVICE MARQUETTE MI
508 PM EDT TUE APR 12 2016


...................................

...THE MARQUETTE MI CLIMATE SUMMARY FOR APRIL 12 2016...
VALID TODAY AS OF 0500 PM LOCAL TIME.

CLIMATE NORMAL PERIOD 1981 TO 2010
CLIMATE RECORD PERIOD 1961 TO 2016


WEATHER ITEM   OBSERVED RECORD YEAR NORMAL DEPARTURE LAST
                VALUE   VALUE       VALUE  FROM      YEAR
                                           NORMAL
...........................................................
TEMPERATURE (F)
 TODAY
  MAXIMUM         36     80    1968  46    -10       68
  MINIMUM         23      9    1992  26     -3       46
  AVERAGE         30                 36     -6       57

PRECIPITATION (IN)
  TODAY            T      1.21 1982   0.11  -0.11     0.00
  MONTH TO DATE    2.57               1.29   1.28     1.60
  SINCE MAR 1      5.91               4.32   1.59     2.86
  SINCE JAN 1     10.53               8.87   1.66     5.78

SNOWFALL (IN)
  TODAY            0.3    9.4  2013   0.6   -0.3      0.0
                               1972
  MONTH TO DATE   40.5                8.3   32.2      9.7
  SINCE MAR 1     59.3               43.2   16.1     21.0
  SINCE JUL 1    159.4              195.6  -36.2    175.0
  SNOW DEPTH      18

DEGREE DAYS
 HEATING
  TODAY           35                 29      6        8
  MONTH TO DATE  523                378    145      364
  SINCE MAR 1   1619               1641    -22     1613
  SINCE JUL 1   7386               8265   -879     8924

 COOLING
  TODAY            0                  0      0        0
  MONTH TO DATE    0                  0      0        0
  SINCE MAR 1      0                  0      0        0
  SINCE JAN 1      0                  0      0        0
...........................................................


WIND (MPH)
  HIGHEST WIND SPEED    MM   HIGHEST WIND DIRECTION    MM
  HIGHEST GUST SPEED    18   HIGHEST GUST DIRECTION     N (360)
  AVERAGE WIND SPEED    MM


SKY COVER
  POSSIBLE SUNSHINE  MM
  AVERAGE SKY COVER  MM


WEATHER CONDITIONS
 THE FOLLOWING WEATHER WAS RECORDED TODAY.
  LIGHT SNOW


RELATIVE HUMIDITY (PERCENT)
 HIGHEST    MM
 LOWEST     MM
 AVERAGE    MM

..........................................................


THE MARQUETTE MI CLIMATE NORMALS FOR TOMORROW
                         NORMAL    RECORD    YEAR
 MAXIMUM TEMPERATURE (F)   46        69      1998
 MINIMUM TEMPERATURE (F)   27         4      1992


SUNRISE AND SUNSET
APRIL 12 2016.........SUNRISE   708 AM EDT   SUNSET   835 PM EDT
APRIL 13 2016.........SUNRISE   706 AM EDT   SUNSET   836 PM EDT


-  INDICATES NEGATIVE NUMBERS.
R  INDICATES RECORD WAS SET OR TIED.
MM INDICATES DATA IS MISSING.
T  INDICATES TRACE AMOUNT.




$$
