000
CDUS43 KMQT 040558
CLIMQT


CLIMATE REPORT
NATIONAL WEATHER SERVICE MARQUETTE MI
157 AM EDT THU AUG 4 2016


...................................

...THE MARQUETTE MI CLIMATE SUMMARY FOR AUGUST 3 2016...

CLIMATE NORMAL PERIOD 1981 TO 2010
CLIMATE RECORD PERIOD 1961 TO 2016


WEATHER ITEM   OBSERVED RECORD YEAR NORMAL DEPARTURE LAST
                VALUE   VALUE       VALUE  FROM      YEAR
                                           NORMAL
...........................................................
TEMPERATURE (F)
 YESTERDAY
  MAXIMUM         85     93    2005  76      9       70
  MINIMUM         64     40    1972  54     10       52
  AVERAGE         75                 65     10       61

PRECIPITATION (IN)
  YESTERDAY        0.00   2.39 1974   0.10  -0.10      T
  MONTH TO DATE    0.04               0.29  -0.25     0.33
  SINCE JUN 1      7.07               5.97   1.10     4.52
  SINCE JAN 1     23.28              19.61   3.67    15.84

SNOWFALL (IN)
  YESTERDAY        0.0   MM      MM   0.0    0.0      0.0
  MONTH TO DATE    0.0                0.0    0.0      0.0
  SINCE JUN 1      T                  0.0    0.0      0.0
  SINCE JUL 1      T                  0.0    0.0      0.0
  SNOW DEPTH       0

DEGREE DAYS
 HEATING
  YESTERDAY        0                  3     -3        4
  MONTH TO DATE    0                  9     -9        5
  SINCE JUN 1    237                270    -33      275
  SINCE JUL 1     55                 88    -33       73

 COOLING
  YESTERDAY       10                  3      7        0
  MONTH TO DATE   20                  9     11        2
  SINCE JUN 1    163                151     12      108
  SINCE JAN 1    174                163     11      110
...........................................................


WIND (MPH)
  RESULTANT WIND SPEED  MM   RESULTANT WIND DIRECTION  MM
  HIGHEST WIND SPEED    MM   HIGHEST WIND DIRECTION    MM
  HIGHEST GUST SPEED    15   HIGHEST GUST DIRECTION    NE (45)
  AVERAGE WIND SPEED    MM


SKY COVER
  POSSIBLE SUNSHINE  MM
  AVERAGE SKY COVER  MM


WEATHER CONDITIONS
 THE FOLLOWING WEATHER WAS RECORDED YESTERDAY.
  NO SIGNIFICANT WEATHER WAS OBSERVED.


RELATIVE HUMIDITY (PERCENT)
 HIGHEST    MM
 LOWEST     MM
 AVERAGE    MM

..........................................................


THE MARQUETTE MI CLIMATE NORMALS FOR TODAY
                         NORMAL    RECORD    YEAR
 MAXIMUM TEMPERATURE (F)   76        91      1989
 MINIMUM TEMPERATURE (F)   54        36      1972


SUNRISE AND SUNSET
AUGUST  4 2016........SUNRISE   635 AM EDT   SUNSET   916 PM EDT
AUGUST  5 2016........SUNRISE   637 AM EDT   SUNSET   915 PM EDT


-  INDICATES NEGATIVE NUMBERS.
R  INDICATES RECORD WAS SET OR TIED.
MM INDICATES DATA IS MISSING.
T  INDICATES TRACE AMOUNT.




$$
