265
CDUS43 KMQT 132208
CLIMQT


CLIMATE REPORT
NATIONAL WEATHER SERVICE MARQUETTE MI
503 PM EST FRI JAN 13 2017


...................................

...THE MARQUETTE MI CLIMATE SUMMARY FOR JANUARY 13 2017...
VALID TODAY AS OF 500 PM LOCAL TIME.

CLIMATE NORMAL PERIOD 1981 TO 2010
CLIMATE RECORD PERIOD 1961 TO 2017


WEATHER ITEM   OBSERVED RECORD YEAR NORMAL DEPARTURE LAST
                VALUE   VALUE       VALUE  FROM      YEAR
                                           NORMAL
...........................................................
TEMPERATURE (F)
 TODAY
  MAXIMUM         10     43    1987  22    -12        7
  MINIMUM         -7    -19    1977   5    -12       -8
  AVERAGE          2                 14    -12        0

PRECIPITATION (IN)
  TODAY            T      0.70 1993   0.08  -0.08      T
  MONTH TO DATE    0.98               1.02  -0.04     0.94
  SINCE DEC 1      3.17               3.59  -0.42     5.81
  SINCE JAN 1      0.98               1.02  -0.04     0.94

SNOWFALL (IN)
  TODAY            T     10.4  1993   1.5   -1.5      0.2
  MONTH TO DATE   16.4               18.1   -1.7     16.1
  SINCE DEC 1     58.4               60.9   -2.5     35.0
  SINCE JUL 1     72.6               91.4  -18.8     42.9
  SNOW DEPTH      16

DEGREE DAYS
 HEATING
  TODAY           63                 51     12       65
  MONTH TO DATE  710                659     51      615
  SINCE DEC 1   2143               2099     44     1725
  SINCE JUL 1   3768               4301   -533     3557

 COOLING
  TODAY            0                  0      0        0
  MONTH TO DATE    0                  0      0        0
  SINCE DEC 1      0                  0      0        0
  SINCE JAN 1      0                  0      0        0
...........................................................


WIND (MPH)
  HIGHEST WIND SPEED    MM   HIGHEST WIND DIRECTION    MM
  HIGHEST GUST SPEED    27   HIGHEST GUST DIRECTION     W (270)
  AVERAGE WIND SPEED    MM


SKY COVER
  POSSIBLE SUNSHINE  MM
  AVERAGE SKY COVER  MM


WEATHER CONDITIONS
 THE FOLLOWING WEATHER WAS RECORDED TODAY.
  LIGHT SNOW


RELATIVE HUMIDITY (PERCENT)
 HIGHEST    MM
 LOWEST     MM
 AVERAGE    MM

..........................................................


THE MARQUETTE MI CLIMATE NORMALS FOR TOMORROW
                         NORMAL    RECORD    YEAR
 MAXIMUM TEMPERATURE (F)   22        41      1987
 MINIMUM TEMPERATURE (F)    5       -22      1965


SUNRISE AND SUNSET
JANUARY 13 2017.......SUNRISE   831 AM EST   SUNSET   528 PM EST
JANUARY 14 2017.......SUNRISE   830 AM EST   SUNSET   529 PM EST


-  INDICATES NEGATIVE NUMBERS.
R  INDICATES RECORD WAS SET OR TIED.
MM INDICATES DATA IS MISSING.
T  INDICATES TRACE AMOUNT.




$$
