000
CDUS43 KMQT 190530
CLIMQT


CLIMATE REPORT
NATIONAL WEATHER SERVICE MARQUETTE MI
130 AM EDT WED AUG 19 2015


...................................

...THE MARQUETTE MI CLIMATE SUMMARY FOR AUGUST 18 2015...

CLIMATE NORMAL PERIOD 1981 TO 2010
CLIMATE RECORD PERIOD 1961 TO 2015


WEATHER ITEM   OBSERVED RECORD YEAR NORMAL DEPARTURE LAST
                VALUE   VALUE       VALUE  FROM      YEAR
                                           NORMAL
...........................................................
TEMPERATURE (F)
 YESTERDAY
  MAXIMUM         66     88    2003  74     -8       61
                               1995
  MINIMUM         57     32    1968  53      4       43
  AVERAGE         62                 64     -2       52

PRECIPITATION (IN)
  YESTERDAY        0.01   0.61 2012   0.09  -0.08     0.25
  MONTH TO DATE    1.54               1.78  -0.24     1.10
  SINCE JUN 1      5.73               7.46  -1.73    10.91
  SINCE JAN 1     17.05              21.10  -4.05    23.37

SNOWFALL (IN)
  YESTERDAY        0.0   MM      MM   0.0    0.0      0.0
  MONTH TO DATE    0.0                0.0    0.0      0.0
  SINCE JUN 1      0.0                0.0    0.0       T
  SINCE JUL 1      0.0                0.0    0.0       T
  SNOW DEPTH       0

DEGREE DAYS
 HEATING
  YESTERDAY        3                  3      0       13
  MONTH TO DATE   34                 54    -20       86
  SINCE JUN 1    304                315    -11      370
  SINCE JUL 1    102                133    -31      207

 COOLING
  YESTERDAY        0                  2     -2        0
  MONTH TO DATE   54                 40     14        9
  SINCE JUN 1    160                182    -22      105
  SINCE JAN 1    162                194    -32      125
...........................................................


WIND (MPH)
  RESULTANT WIND SPEED  MM   RESULTANT WIND DIRECTION  MM
  HIGHEST WIND SPEED    MM   HIGHEST WIND DIRECTION    MM
  HIGHEST GUST SPEED    14   HIGHEST GUST DIRECTION     N (360)
  AVERAGE WIND SPEED    MM


SKY COVER
  POSSIBLE SUNSHINE  MM
  AVERAGE SKY COVER  MM


WEATHER CONDITIONS
 THE FOLLOWING WEATHER WAS RECORDED YESTERDAY.
  LIGHT RAIN
  FOG


RELATIVE HUMIDITY (PERCENT)
 HIGHEST    MM
 LOWEST     MM
 AVERAGE    MM

..........................................................


THE MARQUETTE MI CLIMATE NORMALS FOR TODAY
                         NORMAL    RECORD    YEAR
 MAXIMUM TEMPERATURE (F)   74        95      1976
 MINIMUM TEMPERATURE (F)   53        35      1967


SUNRISE AND SUNSET
AUGUST 19 2015........SUNRISE   653 AM EDT   SUNSET   854 PM EDT
AUGUST 20 2015........SUNRISE   655 AM EDT   SUNSET   852 PM EDT


-  INDICATES NEGATIVE NUMBERS.
R  INDICATES RECORD WAS SET OR TIED.
MM INDICATES DATA IS MISSING.
T  INDICATES TRACE AMOUNT.




$$
