067
CDUS43 KMQT 160539
CLIMQT


CLIMATE REPORT
NATIONAL WEATHER SERVICE MARQUETTE MI
138 AM EDT SUN JUL 16 2017


...................................

...THE MARQUETTE MI CLIMATE SUMMARY FOR JULY 15 2017...

CLIMATE NORMAL PERIOD 1981 TO 2010
CLIMATE RECORD PERIOD 1961 TO 2017


WEATHER ITEM   OBSERVED RECORD YEAR NORMAL DEPARTURE LAST
                VALUE   VALUE       VALUE  FROM      YEAR
                                           NORMAL
...........................................................
TEMPERATURE (F)
 YESTERDAY
  MAXIMUM         80     96    2006  77      3       61
  MINIMUM         49     36    1989  55     -6       44
  AVERAGE         65                 66     -1       53

PRECIPITATION (IN)
  YESTERDAY        0.00   1.23 1970   0.09  -0.09     0.06
  MONTH TO DATE    1.34               1.34   0.00     1.44
  SINCE JUN 1      7.31               4.18   3.13     4.98
  SINCE JAN 1     22.15              17.82   4.33    21.19

SNOWFALL (IN)
  YESTERDAY        0.0   MM      MM   0.0    0.0      0.0
  MONTH TO DATE    T                  0.0    0.0      0.0
  SINCE JUN 1      T                  0.0    0.0       T
  SINCE JUL 1      T                  0.0    0.0      0.0
  SNOW DEPTH       0

DEGREE DAYS
 HEATING
  YESTERDAY        0                  2     -2       12
  MONTH TO DATE   43                 42      1       34
  SINCE JUN 1    184                224    -40      216
  SINCE JUL 1     43                 42      1       34

 COOLING
  YESTERDAY        0                  3     -3        0
  MONTH TO DATE   15                 45    -30       33
  SINCE JUN 1     36                 93    -57       74
  SINCE JAN 1     36                105    -69       85
...........................................................


WIND (MPH)
  RESULTANT WIND SPEED  MM   RESULTANT WIND DIRECTION  MM
  HIGHEST WIND SPEED    20   HIGHEST WIND DIRECTION     W (270)
  HIGHEST GUST SPEED    MM   HIGHEST GUST DIRECTION    MM
  AVERAGE WIND SPEED    MM


SKY COVER
  POSSIBLE SUNSHINE  MM
  AVERAGE SKY COVER  MM


WEATHER CONDITIONS
 THE FOLLOWING WEATHER WAS RECORDED YESTERDAY.
  NO SIGNIFICANT WEATHER WAS OBSERVED.


RELATIVE HUMIDITY (PERCENT)
 HIGHEST    MM
 LOWEST     MM
 AVERAGE    MM

..........................................................


THE MARQUETTE MI CLIMATE NORMALS FOR TODAY
                         NORMAL    RECORD    YEAR
 MAXIMUM TEMPERATURE (F)   77        93      2006
 MINIMUM TEMPERATURE (F)   55        39      2016


SUNRISE AND SUNSET
JULY 16 2017..........SUNRISE   613 AM EDT   SUNSET   939 PM EDT
JULY 17 2017..........SUNRISE   614 AM EDT   SUNSET   938 PM EDT


-  INDICATES NEGATIVE NUMBERS.
R  INDICATES RECORD WAS SET OR TIED.
MM INDICATES DATA IS MISSING.
T  INDICATES TRACE AMOUNT.




$$
