000
CDUS43 KMQT 070517
CLIMQT


CLIMATE REPORT
NATIONAL WEATHER SERVICE MARQUETTE MI
1216 AM EST TUE FEB 7 2017


...................................

...THE MARQUETTE MI CLIMATE SUMMARY FOR FEBRUARY 6 2017...

CLIMATE NORMAL PERIOD 1981 TO 2010
CLIMATE RECORD PERIOD 1961 TO 2017


WEATHER ITEM   OBSERVED RECORD YEAR NORMAL DEPARTURE LAST
                VALUE   VALUE       VALUE  FROM      YEAR
                                           NORMAL
...........................................................
TEMPERATURE (F)
 YESTERDAY
  MAXIMUM         22     46    2002  23     -1       30
  MINIMUM         11    -18    1982   4      7       19
  AVERAGE         17                 14      3       25

PRECIPITATION (IN)
  YESTERDAY        T      0.41 1968   0.07  -0.07      T
  MONTH TO DATE    0.22               0.44  -0.22     0.90
  SINCE DEC 1      4.15               5.42  -1.27     7.73
  SINCE JAN 1      1.96               2.85  -0.89     2.86

SNOWFALL (IN)
  YESTERDAY        0.6    6.5  1983   1.2   -0.6       T
  MONTH TO DATE    6.2                7.9   -1.7     10.7
  SINCE DEC 1     78.4               93.9  -15.5     67.1
  SINCE JUL 1     92.6              124.4  -31.8     75.0
  SNOW DEPTH      16

DEGREE DAYS
 HEATING
  YESTERDAY       48                 51     -3       40
  MONTH TO DATE  318                309      9      263
  SINCE DEC 1   3182               3344   -162     2851
  SINCE JUL 1   4807               5546   -739     4683

 COOLING
  YESTERDAY        0                  0      0        0
  MONTH TO DATE    0                  0      0        0
  SINCE DEC 1      0                  0      0        0
  SINCE JAN 1      0                  0      0        0
...........................................................


WIND (MPH)
  RESULTANT WIND SPEED  MM   RESULTANT WIND DIRECTION  MM
  HIGHEST WIND SPEED    MM   HIGHEST WIND DIRECTION    MM
  HIGHEST GUST SPEED    10   HIGHEST GUST DIRECTION     W (270)
  AVERAGE WIND SPEED    MM


SKY COVER
  POSSIBLE SUNSHINE  MM
  AVERAGE SKY COVER  MM


WEATHER CONDITIONS
 THE FOLLOWING WEATHER WAS RECORDED YESTERDAY.
  LIGHT SNOW


RELATIVE HUMIDITY (PERCENT)
 HIGHEST    MM
 LOWEST     MM
 AVERAGE    MM

..........................................................


THE MARQUETTE MI CLIMATE NORMALS FOR TODAY
                         NORMAL    RECORD    YEAR
 MAXIMUM TEMPERATURE (F)   24        48      1991
 MINIMUM TEMPERATURE (F)    4       -25      1994


SUNRISE AND SUNSET
FEBRUARY  7 2017......SUNRISE   805 AM EST   SUNSET   604 PM EST
FEBRUARY  8 2017......SUNRISE   804 AM EST   SUNSET   605 PM EST


-  INDICATES NEGATIVE NUMBERS.
R  INDICATES RECORD WAS SET OR TIED.
MM INDICATES DATA IS MISSING.
T  INDICATES TRACE AMOUNT.




$$
