000
CDUS43 KMQT 140520
CLIMQT


CLIMATE REPORT
NATIONAL WEATHER SERVICE MARQUETTE MI
119 AM EDT FRI APR 14 2017


...................................

...THE MARQUETTE MI CLIMATE SUMMARY FOR APRIL 13 2017...

CLIMATE NORMAL PERIOD 1981 TO 2010
CLIMATE RECORD PERIOD 1961 TO 2017


WEATHER ITEM   OBSERVED RECORD YEAR NORMAL DEPARTURE LAST
                VALUE   VALUE       VALUE  FROM      YEAR
                                           NORMAL
...........................................................
TEMPERATURE (F)
 YESTERDAY
  MAXIMUM         55     69    1998  46      9       38
  MINIMUM         30      4    1992  27      3       27
  AVERAGE         43                 37      6       33

PRECIPITATION (IN)
  YESTERDAY        0.00   0.87 1985   0.11  -0.11     0.02
  MONTH TO DATE    2.09               1.40   0.69     2.59
  SINCE MAR 1      3.93               4.43  -0.50     5.93
  SINCE JAN 1      8.51               8.98  -0.47    10.55

SNOWFALL (IN)
  YESTERDAY        0.0    8.2  1996   0.5   -0.5      0.3
  MONTH TO DATE    9.0                8.8    0.2     40.8
  SINCE MAR 1     28.9               43.7  -14.8     59.6
  SINCE JUL 1    150.0              196.1  -46.1    159.7
  SNOW DEPTH       1

DEGREE DAYS
 HEATING
  YESTERDAY       22                 28     -6       32
  MONTH TO DATE  323                406    -83      556
  SINCE MAR 1   1575               1669    -94     1652
  SINCE JUL 1   7259               8293  -1034     7419

 COOLING
  YESTERDAY        0                  0      0        0
  MONTH TO DATE    0                  0      0        0
  SINCE MAR 1      0                  0      0        0
  SINCE JAN 1      0                  0      0        0
...........................................................


WIND (MPH)
  RESULTANT WIND SPEED  MM   RESULTANT WIND DIRECTION  MM
  HIGHEST WIND SPEED    MM   HIGHEST WIND DIRECTION    MM
  HIGHEST GUST SPEED    10   HIGHEST GUST DIRECTION     E (90)
  AVERAGE WIND SPEED    MM


SKY COVER
  POSSIBLE SUNSHINE  MM
  AVERAGE SKY COVER  MM


WEATHER CONDITIONS
 THE FOLLOWING WEATHER WAS RECORDED YESTERDAY.
  NO SIGNIFICANT WEATHER WAS OBSERVED.


RELATIVE HUMIDITY (PERCENT)
 HIGHEST    MM
 LOWEST     MM
 AVERAGE    MM

..........................................................


THE MARQUETTE MI CLIMATE NORMALS FOR TODAY
                         NORMAL    RECORD    YEAR
 MAXIMUM TEMPERATURE (F)   47        83      2003
 MINIMUM TEMPERATURE (F)   27         9      2008
                                             1996


SUNRISE AND SUNSET
APRIL 14 2017.........SUNRISE   705 AM EDT   SUNSET   837 PM EDT
APRIL 15 2017.........SUNRISE   703 AM EDT   SUNSET   838 PM EDT


-  INDICATES NEGATIVE NUMBERS.
R  INDICATES RECORD WAS SET OR TIED.
MM INDICATES DATA IS MISSING.
T  INDICATES TRACE AMOUNT.


$$

TITUS
