000
CDUS43 KMQT 080511
CLIMQT


CLIMATE REPORT
NATIONAL WEATHER SERVICE MARQUETTE MI
1211 AM EST WED MAR 8 2017


...................................

...THE MARQUETTE MI CLIMATE SUMMARY FOR MARCH 7 2017...

CLIMATE NORMAL PERIOD 1981 TO 2010
CLIMATE RECORD PERIOD 1961 TO 2017


WEATHER ITEM   OBSERVED RECORD YEAR NORMAL DEPARTURE LAST
                VALUE   VALUE       VALUE  FROM      YEAR
                                           NORMAL
...........................................................
TEMPERATURE (F)
 YESTERDAY
  MAXIMUM         48     68    2000  32     16       54
  MINIMUM         30    -16    1984  10     20       26
  AVERAGE         39                 21     18       40

PRECIPITATION (IN)
  YESTERDAY        0.05   0.49 1973   0.09  -0.04     0.00
  MONTH TO DATE    0.64               0.65  -0.01     0.06
  SINCE MAR 1      0.64               0.65  -0.01     0.06
  SINCE JAN 1      5.22               5.20   0.02     4.68

SNOWFALL (IN)
  YESTERDAY        T      7.7  1995   1.3   -1.3      0.0
  MONTH TO DATE    7.9                9.2   -1.3      2.4
  SINCE MAR 1      7.9                9.2   -1.3      2.4
  SINCE JUL 1    129.0              161.6  -32.6    102.5
  SNOW DEPTH       9

DEGREE DAYS
 HEATING
  YESTERDAY       26                 44    -18       25
  MONTH TO DATE  298                316    -18      314
  SINCE MAR 1    298                316    -18      314
  SINCE JUL 1   5982               6940   -958     6081

 COOLING
  YESTERDAY        0                  0      0        0
  MONTH TO DATE    0                  0      0        0
  SINCE MAR 1      0                  0      0        0
  SINCE JAN 1      0                  0      0        0
...........................................................


WIND (MPH)
  RESULTANT WIND SPEED  MM   RESULTANT WIND DIRECTION  MM
  HIGHEST WIND SPEED    MM   HIGHEST WIND DIRECTION    MM
  HIGHEST GUST SPEED    52   HIGHEST GUST DIRECTION    SW (225)
  AVERAGE WIND SPEED    MM


SKY COVER
  POSSIBLE SUNSHINE  MM
  AVERAGE SKY COVER  MM


WEATHER CONDITIONS
 THE FOLLOWING WEATHER WAS RECORDED YESTERDAY.
  LIGHT RAIN
  LIGHT SNOW
  FOG


RELATIVE HUMIDITY (PERCENT)
 HIGHEST    MM
 LOWEST     MM
 AVERAGE    MM

..........................................................


THE MARQUETTE MI CLIMATE NORMALS FOR TODAY
                         NORMAL    RECORD    YEAR
 MAXIMUM TEMPERATURE (F)   32        71      2000
 MINIMUM TEMPERATURE (F)   10       -23      1982


SUNRISE AND SUNSET
MARCH  8 2017.........SUNRISE   716 AM EST   SUNSET   647 PM EST
MARCH  9 2017.........SUNRISE   714 AM EST   SUNSET   648 PM EST


-  INDICATES NEGATIVE NUMBERS.
R  INDICATES RECORD WAS SET OR TIED.
MM INDICATES DATA IS MISSING.
T  INDICATES TRACE AMOUNT.

$$
