000
CDUS43 KMQT 012156
CLIMQT


CLIMATE REPORT
NATIONAL WEATHER SERVICE MARQUETTE MI
555 PM EDT WED NOV 1 2017


...................................

...THE MARQUETTE MI CLIMATE SUMMARY FOR NOVEMBER 1 2017...
VALID TODAY AS OF 0500 PM LOCAL TIME.

CLIMATE NORMAL PERIOD 1981 TO 2010
CLIMATE RECORD PERIOD 1961 TO 2017


WEATHER ITEM   OBSERVED RECORD YEAR NORMAL DEPARTURE LAST
                VALUE   VALUE       VALUE  FROM      YEAR
                                           NORMAL
...........................................................
TEMPERATURE (F)
 TODAY
  MAXIMUM         39     69    1990  45     -6       59
  MINIMUM         23     12    1993  29     -6       36
  AVERAGE         31                 37     -6       48

PRECIPITATION (IN)
  TODAY            0.00   1.59 1985   0.11  -0.11      T
  MONTH TO DATE    0.00               0.11  -0.11      T
  SINCE SEP 1     11.44               7.67   3.77     8.53
  SINCE JAN 1     38.77              30.04   8.73    36.30

SNOWFALL (IN)
  TODAY            0.0    5.7  1966   0.4   -0.4      0.0
  MONTH TO DATE    0.0                0.4   -0.4      0.0
  SINCE SEP 1      8.8                6.5    2.3       T
  SINCE JUL 1      8.8                6.5    2.3       T
  SNOW DEPTH       3

DEGREE DAYS
 HEATING
  TODAY           34                 28      6       17
  MONTH TO DATE   34                 28      6       17
  SINCE SEP 1    794               1004   -210      771
  SINCE JUL 1   1059               1189   -130      871

 COOLING
  TODAY            0                  0      0        0
  MONTH TO DATE    0                  0      0        0
  SINCE SEP 1     52                 22     30       10
  SINCE JAN 1    145                242    -97      246
...........................................................


WIND (MPH)
  HIGHEST WIND SPEED    MM   HIGHEST WIND DIRECTION    MM
  HIGHEST GUST SPEED    19   HIGHEST GUST DIRECTION     S (180)
  AVERAGE WIND SPEED    MM


SKY COVER
  POSSIBLE SUNSHINE  MM
  AVERAGE SKY COVER  MM


WEATHER CONDITIONS
 THE FOLLOWING WEATHER WAS RECORDED TODAY.
  NO SIGNIFICANT WEATHER WAS OBSERVED.


RELATIVE HUMIDITY (PERCENT)
 HIGHEST    MM
 LOWEST     MM
 AVERAGE    MM

..........................................................


THE MARQUETTE MI CLIMATE NORMALS FOR TOMORROW
                         NORMAL    RECORD    YEAR
 MAXIMUM TEMPERATURE (F)   44        66      1975
 MINIMUM TEMPERATURE (F)   28        11      1989


SUNRISE AND SUNSET
NOVEMBER  1 2017......SUNRISE   832 AM EDT   SUNSET   635 PM EDT
NOVEMBER  2 2017......SUNRISE   834 AM EDT   SUNSET   633 PM EDT


-  INDICATES NEGATIVE NUMBERS.
R  INDICATES RECORD WAS SET OR TIED.
MM INDICATES DATA IS MISSING.
T  INDICATES TRACE AMOUNT.




$$
