318
CDUS43 KMQT 132120
CLIMQT


CLIMATE REPORT
NATIONAL WEATHER SERVICE MARQUETTE MI
518 PM EDT THU JUL 13 2017


...................................

...THE MARQUETTE MI CLIMATE SUMMARY FOR JULY 13 2017...
VALID TODAY AS OF 0500 PM LOCAL TIME.

CLIMATE NORMAL PERIOD 1981 TO 2010
CLIMATE RECORD PERIOD 1961 TO 2017


WEATHER ITEM   OBSERVED RECORD YEAR NORMAL DEPARTURE LAST
                VALUE   VALUE       VALUE  FROM      YEAR
                                           NORMAL
...........................................................
TEMPERATURE (F)
 TODAY
  MAXIMUM         57     93    1974  77    -20       86
  MINIMUM         50     42    1975  55     -5       66
  AVERAGE         54                 66    -12       76

PRECIPITATION (IN)
  TODAY            0.25   1.43 1979   0.09   0.16     0.00
  MONTH TO DATE    1.24               1.16   0.08     1.04
  SINCE JUN 1      7.21               4.00   3.21     4.58
  SINCE JAN 1     22.05              17.64   4.41    20.79

SNOWFALL (IN)
  TODAY            0.0   MM      MM   0.0    0.0      0.0
  MONTH TO DATE    T                  0.0    0.0      0.0
  SINCE JUN 1      T                  0.0    0.0       T
  SINCE JUL 1      T                  0.0    0.0      0.0
  SNOW DEPTH       0

DEGREE DAYS
 HEATING
  TODAY           11                  2      9        0
  MONTH TO DATE   39                 38      1       18
  SINCE JUN 1    180                220    -40      200
  SINCE JUL 1     39                 38      1       18

 COOLING
  TODAY            0                  3     -3       11
  MONTH TO DATE   15                 39    -24       33
  SINCE JUN 1     36                 87    -51       74
  SINCE JAN 1     36                 99    -63       85
...........................................................


WIND (MPH)
  HIGHEST WIND SPEED    MM   HIGHEST WIND DIRECTION    MM
  HIGHEST GUST SPEED    12   HIGHEST GUST DIRECTION     N (360)
  AVERAGE WIND SPEED    MM


SKY COVER
  POSSIBLE SUNSHINE  MM
  AVERAGE SKY COVER  MM


WEATHER CONDITIONS
 THE FOLLOWING WEATHER WAS RECORDED TODAY.
  LIGHT RAIN
  FOG
  FOG W/VISIBILITY <= 1/4 MILE


RELATIVE HUMIDITY (PERCENT)
 HIGHEST    MM
 LOWEST     MM
 AVERAGE    MM

..........................................................


THE MARQUETTE MI CLIMATE NORMALS FOR TOMORROW
                         NORMAL    RECORD    YEAR
 MAXIMUM TEMPERATURE (F)   77        95      1983
 MINIMUM TEMPERATURE (F)   55        43      1990
                                             1989
                                             1987


SUNRISE AND SUNSET
JULY 13 2017..........SUNRISE   611 AM EDT   SUNSET   941 PM EDT
JULY 14 2017..........SUNRISE   611 AM EDT   SUNSET   940 PM EDT


-  INDICATES NEGATIVE NUMBERS.
R  INDICATES RECORD WAS SET OR TIED.
MM INDICATES DATA IS MISSING.
T  INDICATES TRACE AMOUNT.




$$
