000
CDUS43 KMQT 270505
CLIMQT

CLIMATE REPORT
NATIONAL WEATHER SERVICE MARQUETTE MI
1204 AM EST WED JAN 27 2016


...................................

...THE MARQUETTE MI CLIMATE SUMMARY FOR JANUARY 26 2016...

CLIMATE NORMAL PERIOD 1981 TO 2010
CLIMATE RECORD PERIOD 1961 TO 2016


WEATHER ITEM   OBSERVED RECORD YEAR NORMAL DEPARTURE LAST
                VALUE   VALUE       VALUE  FROM      YEAR
                                           NORMAL
...........................................................
TEMPERATURE (F)
 YESTERDAY
  MAXIMUM         27     53    1973  22      5       21
  MINIMUM         18    -30    1963   4     14       -7
  AVERAGE         23                 13     10        7

PRECIPITATION (IN)
  YESTERDAY        0.34   1.11 1978   0.08   0.26     0.03
  MONTH TO DATE    1.61               2.03  -0.42     0.99
  SINCE DEC 1      6.48               4.60   1.88     3.27
  SINCE JAN 1      1.61               2.03  -0.42     0.99

SNOWFALL (IN)
  YESTERDAY        3.8   11.1  1978   1.4    2.4      1.4
  MONTH TO DATE   28.3               36.4   -8.1     23.7
  SINCE DEC 1     47.2               79.2  -32.0     50.7
  SINCE JUL 1     55.1              109.7  -54.6    106.9
  SNOW DEPTH      13

DEGREE DAYS
 HEATING
  YESTERDAY       42                 52    -10       58
  MONTH TO DATE 1271               1335    -64     1424
  SINCE DEC 1   2381               2775   -394     2789
  SINCE JUL 1   4213               4977   -764     5319

 COOLING
  YESTERDAY        0                  0      0        0
  MONTH TO DATE    0                  0      0        0
  SINCE DEC 1      0                  0      0        0
  SINCE JAN 1      0                  0      0        0
...........................................................


WIND (MPH)
  RESULTANT WIND SPEED  MM   RESULTANT WIND DIRECTION  MM
  HIGHEST WIND SPEED    MM   HIGHEST WIND DIRECTION    MM
  HIGHEST GUST SPEED    23   HIGHEST GUST DIRECTION     N (360)
  AVERAGE WIND SPEED    MM


SKY COVER
  POSSIBLE SUNSHINE  MM
  AVERAGE SKY COVER  MM


WEATHER CONDITIONS
 THE FOLLOWING WEATHER WAS RECORDED YESTERDAY.
  LIGHT SNOW


RELATIVE HUMIDITY (PERCENT)
 HIGHEST    MM
 LOWEST     MM
 AVERAGE    MM

..........................................................


THE MARQUETTE MI CLIMATE NORMALS FOR TODAY
                         NORMAL    RECORD    YEAR
 MAXIMUM TEMPERATURE (F)   22        49      2006
 MINIMUM TEMPERATURE (F)    4       -20      2009


SUNRISE AND SUNSET
JANUARY 27 2016.......SUNRISE   820 AM EST   SUNSET   546 PM EST
JANUARY 28 2016.......SUNRISE   819 AM EST   SUNSET   548 PM EST


-  INDICATES NEGATIVE NUMBERS.
R  INDICATES RECORD WAS SET OR TIED.
MM INDICATES DATA IS MISSING.
T  INDICATES TRACE AMOUNT.




$$
