146
CDUS43 KMQT 150531
CLIMQT


CLIMATE REPORT
NATIONAL WEATHER SERVICE MARQUETTE MI
130 AM EDT MON MAY 15 2017


...................................

...THE MARQUETTE MI CLIMATE SUMMARY FOR MAY 14 2017...

CLIMATE NORMAL PERIOD 1981 TO 2010
CLIMATE RECORD PERIOD 1961 TO 2017


WEATHER ITEM   OBSERVED RECORD YEAR NORMAL DEPARTURE LAST
                VALUE   VALUE       VALUE  FROM      YEAR
                                           NORMAL
...........................................................
TEMPERATURE (F)
 YESTERDAY
  MAXIMUM         54     81    1982  61     -7       37
  MINIMUM         38     27    1971  39     -1       29
                               1964
  AVERAGE         46                 50     -4       33

PRECIPITATION (IN)
  YESTERDAY        0.00   1.02 2007   0.10  -0.10     0.06
  MONTH TO DATE    0.76               1.25  -0.49     0.43
  SINCE MAR 1      8.00               7.29   0.71     7.60
  SINCE JAN 1     12.58              11.84   0.74    12.22

SNOWFALL (IN)
  YESTERDAY        0.0    1.1  2016   0.1   -0.1      1.1
  MONTH TO DATE    0.9                1.4   -0.5      1.1
  SINCE MAR 1     32.9               50.8  -17.9     60.8
  SINCE JUL 1    154.0              203.2  -49.2    160.9
  SNOW DEPTH       0

DEGREE DAYS
 HEATING
  YESTERDAY       19                 15      4       32
  MONTH TO DATE  303                243     60      255
  SINCE MAR 1   2303               2321    -18     2278
  SINCE JUL 1   7987               8945   -958     8045

 COOLING
  YESTERDAY        0                  0      0        0
  MONTH TO DATE    0                  0      0        0
  SINCE MAR 1      0                  1     -1        0
  SINCE JAN 1      0                  1     -1        0
...........................................................


WIND (MPH)
  RESULTANT WIND SPEED  MM   RESULTANT WIND DIRECTION  MM
  HIGHEST WIND SPEED    MM   HIGHEST WIND DIRECTION    MM
  HIGHEST GUST SPEED    14   HIGHEST GUST DIRECTION     N (360)
  AVERAGE WIND SPEED    MM


SKY COVER
  POSSIBLE SUNSHINE  MM
  AVERAGE SKY COVER  MM


WEATHER CONDITIONS
 THE FOLLOWING WEATHER WAS RECORDED YESTERDAY.
  NO SIGNIFICANT WEATHER WAS OBSERVED.


RELATIVE HUMIDITY (PERCENT)
 HIGHEST    MM
 LOWEST     MM
 AVERAGE    MM

..........................................................


THE MARQUETTE MI CLIMATE NORMALS FOR TODAY
                         NORMAL    RECORD    YEAR
 MAXIMUM TEMPERATURE (F)   62        88      1962
 MINIMUM TEMPERATURE (F)   40        24      1967


SUNRISE AND SUNSET
MAY 15 2017...........SUNRISE   616 AM EDT   SUNSET   918 PM EDT
MAY 16 2017...........SUNRISE   615 AM EDT   SUNSET   919 PM EDT


-  INDICATES NEGATIVE NUMBERS.
R  INDICATES RECORD WAS SET OR TIED.
MM INDICATES DATA IS MISSING.
T  INDICATES TRACE AMOUNT.




$$
