000
CDUS43 KMQT 290524
CLIMQT


CLIMATE REPORT
NATIONAL WEATHER SERVICE MARQUETTE MI
123 AM EDT SAT MAR 29 2014


...................................

...THE MARQUETTE MI CLIMATE SUMMARY FOR MARCH 28 2014...

CLIMATE NORMAL PERIOD 1981 TO 2010
CLIMATE RECORD PERIOD 1961 TO 2014


WEATHER ITEM   OBSERVED RECORD YEAR NORMAL DEPARTURE LAST
                VALUE   VALUE       VALUE  FROM      YEAR
                                           NORMAL
...........................................................
TEMPERATURE (F)
 YESTERDAY
  MAXIMUM         32     68    1986  39     -7       42
  MINIMUM         19    -10    1966  19      0       18
  AVERAGE         26                 29     -3       30

PRECIPITATION (IN)
  YESTERDAY        0.02   1.19 2003   0.10  -0.08     0.00
  MONTH TO DATE    1.94               2.73  -0.79     3.10
  SINCE MAR 1      1.94               2.73  -0.79     3.10
  SINCE JAN 1      5.46               7.28  -1.82     8.65

SNOWFALL (IN)
  YESTERDAY        0.2   10.5  2003   0.9   -0.7      0.0
  MONTH TO DATE   30.0               32.5   -2.5     46.5
  SINCE MAR 1     30.0               32.5   -2.5     46.5
  SINCE JUL 1    159.5              184.9  -25.4    180.3
  SNOW DEPTH      41

DEGREE DAYS
 HEATING
  YESTERDAY       39                 36      3       35
  MONTH TO DATE 1430               1157    273     1244
  SINCE MAR 1   1430               1157    273     1244
  SINCE JUL 1   8752               7781    971     7554

 COOLING
  YESTERDAY        0                  0      0        0
  MONTH TO DATE    0                  0      0        0
  SINCE MAR 1      0                  0      0        0
  SINCE JAN 1      0                  0      0        0
...........................................................


WIND (MPH)
  RESULTANT WIND SPEED  MM   RESULTANT WIND DIRECTION  MM
  HIGHEST WIND SPEED    MM   HIGHEST WIND DIRECTION    MM
  HIGHEST GUST SPEED    23   HIGHEST GUST DIRECTION    NW (315)
  AVERAGE WIND SPEED    MM


SKY COVER
  POSSIBLE SUNSHINE  MM
  AVERAGE SKY COVER  MM


WEATHER CONDITIONS
 THE FOLLOWING WEATHER WAS RECORDED YESTERDAY.
  LIGHT SNOW


RELATIVE HUMIDITY (PERCENT)
 HIGHEST    MM
 LOWEST     MM
 AVERAGE    MM

..........................................................


THE MARQUETTE MI CLIMATE NORMALS FOR TODAY
                         NORMAL    RECORD    YEAR
 MAXIMUM TEMPERATURE (F)   39        62      1986
 MINIMUM TEMPERATURE (F)   20       -11      1970


SUNRISE AND SUNSET
MARCH 29 2014.........SUNRISE   736 AM EDT   SUNSET   815 PM EDT
MARCH 30 2014.........SUNRISE   734 AM EDT   SUNSET   816 PM EDT


-  INDICATES NEGATIVE NUMBERS.
R  INDICATES RECORD WAS SET OR TIED.
MM INDICATES DATA IS MISSING.
T  INDICATES TRACE AMOUNT.

$$

TITUS
