709
CDUS43 KMQT 150521
CLIMQT


CLIMATE REPORT
NATIONAL WEATHER SERVICE MARQUETTE MI
113 AM EDT SAT APR 15 2017


...................................

...THE MARQUETTE MI CLIMATE SUMMARY FOR APRIL 14 2017...

CLIMATE NORMAL PERIOD 1981 TO 2010
CLIMATE RECORD PERIOD 1961 TO 2017


WEATHER ITEM   OBSERVED RECORD YEAR NORMAL DEPARTURE LAST
                VALUE   VALUE       VALUE  FROM      YEAR
                                           NORMAL
...........................................................
TEMPERATURE (F)
 YESTERDAY
  MAXIMUM         60     83    2003  47     13       57
  MINIMUM         27      9    2008  27      0       30
                               1996
  AVERAGE         44                 37      7       44

PRECIPITATION (IN)
  YESTERDAY        T      0.81 1983   0.10  -0.10     0.00
  MONTH TO DATE    2.09               1.50   0.59     2.59
  SINCE MAR 1      3.93               4.53  -0.60     5.93
  SINCE JAN 1      8.51               9.08  -0.57    10.55

SNOWFALL (IN)
  YESTERDAY        0.0    6.0  2014   0.5   -0.5      0.0
  MONTH TO DATE    9.0                9.3   -0.3     40.8
  SINCE MAR 1     28.9               44.2  -15.3     59.6
  SINCE JUL 1    150.0              196.6  -46.6    159.7
  SNOW DEPTH       0

DEGREE DAYS
 HEATING
  YESTERDAY       21                 28     -7       21
  MONTH TO DATE  344                434    -90      577
  SINCE MAR 1   1596               1697   -101     1673
  SINCE JUL 1   7280               8321  -1041     7440

 COOLING
  YESTERDAY        0                  0      0        0
  MONTH TO DATE    0                  0      0        0
  SINCE MAR 1      0                  0      0        0
  SINCE JAN 1      0                  0      0        0
...........................................................


WIND (MPH)
  RESULTANT WIND SPEED  MM   RESULTANT WIND DIRECTION  MM
  HIGHEST WIND SPEED    MM   HIGHEST WIND DIRECTION    MM
  HIGHEST GUST SPEED    24   HIGHEST GUST DIRECTION     S (180)
  AVERAGE WIND SPEED    MM


SKY COVER
  POSSIBLE SUNSHINE  MM
  AVERAGE SKY COVER  MM


WEATHER CONDITIONS
 THE FOLLOWING WEATHER WAS RECORDED YESTERDAY.
  LIGHT RAIN


RELATIVE HUMIDITY (PERCENT)
 HIGHEST    MM
 LOWEST     MM
 AVERAGE    MM

..........................................................


THE MARQUETTE MI CLIMATE NORMALS FOR TODAY
                         NORMAL    RECORD    YEAR
 MAXIMUM TEMPERATURE (F)   48        76      2002
 MINIMUM TEMPERATURE (F)   28        -1      2014


SUNRISE AND SUNSET
APRIL 15 2017.........SUNRISE   703 AM EDT   SUNSET   838 PM EDT
APRIL 16 2017.........SUNRISE   701 AM EDT   SUNSET   840 PM EDT


-  INDICATES NEGATIVE NUMBERS.
R  INDICATES RECORD WAS SET OR TIED.
MM INDICATES DATA IS MISSING.
T  INDICATES TRACE AMOUNT.




$$
