669
CDUS43 KMQT 120539
CLIMQT


CLIMATE REPORT
NATIONAL WEATHER SERVICE MARQUETTE MI
138 AM EDT TUE SEP 12 2017


...................................

...THE MARQUETTE MI CLIMATE SUMMARY FOR SEPTEMBER 11 2017...

CLIMATE NORMAL PERIOD 1981 TO 2010
CLIMATE RECORD PERIOD 1961 TO 2017


WEATHER ITEM   OBSERVED RECORD YEAR NORMAL DEPARTURE LAST
                VALUE   VALUE       VALUE  FROM      YEAR
                                           NORMAL
...........................................................
TEMPERATURE (F)
 YESTERDAY
  MAXIMUM         76     92    1998  68      8       71
  MINIMUM         52     30    1992  48      4       45
  AVERAGE         64                 58      6       58

PRECIPITATION (IN)
  YESTERDAY        0.00   2.61 1978   0.12  -0.12     0.00
  MONTH TO DATE    1.22               1.24  -0.02     3.30
  SINCE SEP 1      1.22               1.24  -0.02     3.30
  SINCE JAN 1     28.55              23.61   4.94    31.07

SNOWFALL (IN)
  YESTERDAY        0.0   MM      MM   0.0    0.0      0.0
  MONTH TO DATE    0.0                0.0    0.0      0.0
  SINCE SEP 1      0.0                0.0    0.0      0.0
  SINCE JUL 1      T                  0.0    0.0       T
  SNOW DEPTH       0

DEGREE DAYS
 HEATING
  YESTERDAY        1                  8     -7        7
  MONTH TO DATE  123                 76     47       44
  SINCE SEP 1    123                 76     47       44
  SINCE JUL 1    388                261    127      144

 COOLING
  YESTERDAY        0                  1     -1        0
  MONTH TO DATE    0                 14    -14       10
  SINCE SEP 1      0                 14    -14       10
  SINCE JAN 1     93                234   -141      246
...........................................................


WIND (MPH)
  RESULTANT WIND SPEED  MM   RESULTANT WIND DIRECTION  MM
  HIGHEST WIND SPEED    MM   HIGHEST WIND DIRECTION    MM
  HIGHEST GUST SPEED    21   HIGHEST GUST DIRECTION    SW (225)
  AVERAGE WIND SPEED    MM


SKY COVER
  POSSIBLE SUNSHINE  MM
  AVERAGE SKY COVER  MM


WEATHER CONDITIONS
 THE FOLLOWING WEATHER WAS RECORDED YESTERDAY.
  NO SIGNIFICANT WEATHER WAS OBSERVED.


RELATIVE HUMIDITY (PERCENT)
 HIGHEST    MM
 LOWEST     MM
 AVERAGE    MM

..........................................................


THE MARQUETTE MI CLIMATE NORMALS FOR TODAY
                         NORMAL    RECORD    YEAR
 MAXIMUM TEMPERATURE (F)   68        89      2005
 MINIMUM TEMPERATURE (F)   47        31      1964


SUNRISE AND SUNSET
SEPTEMBER 12 2017.....SUNRISE   725 AM EDT   SUNSET   807 PM EDT
SEPTEMBER 13 2017.....SUNRISE   726 AM EDT   SUNSET   805 PM EDT


-  INDICATES NEGATIVE NUMBERS.
R  INDICATES RECORD WAS SET OR TIED.
MM INDICATES DATA IS MISSING.
T  INDICATES TRACE AMOUNT.




$$
