000
CDUS43 KMQT 010514
CLIMQT


CLIMATE REPORT
NATIONAL WEATHER SERVICE MARQUETTE MI
113 AM EDT TUE APR 1 2014


...................................

...THE MARQUETTE MI CLIMATE SUMMARY FOR MARCH 31 2014...

CLIMATE NORMAL PERIOD 1981 TO 2010
CLIMATE RECORD PERIOD 1961 TO 2014


WEATHER ITEM   OBSERVED RECORD YEAR NORMAL DEPARTURE LAST
                VALUE   VALUE       VALUE  FROM      YEAR
                                           NORMAL
...........................................................
TEMPERATURE (F)
 YESTERDAY
  MAXIMUM         47     70    2010  40      7       37
  MINIMUM         30     -8    1975  20     10       18
  AVERAGE         39                 30      9       28

PRECIPITATION (IN)
  YESTERDAY        0.02   1.81 1985   0.10  -0.08     0.06
  MONTH TO DATE    1.96               3.03  -1.07     3.29
  SINCE MAR 1      1.96               3.03  -1.07     3.29
  SINCE JAN 1      5.48               7.58  -2.10     8.84

SNOWFALL (IN)
  YESTERDAY        T     18.5  1985   0.8   -0.8      2.1
  MONTH TO DATE   30.0               34.9   -4.9     48.8
  SINCE MAR 1     30.0               34.9   -4.9     48.8
  SINCE JUL 1    159.5              187.3  -27.8    182.6
  SNOW DEPTH      35

DEGREE DAYS
 HEATING
  YESTERDAY       26                 35     -9       37
  MONTH TO DATE 1523               1263    260     1350
  SINCE MAR 1   1523               1263    260     1350
  SINCE JUL 1   8845               7887    958     7660

 COOLING
  YESTERDAY        0                  0      0        0
  MONTH TO DATE    0                  0      0        0
  SINCE MAR 1      0                  0      0        0
  SINCE JAN 1      0                  0      0        0
...........................................................


WIND (MPH)
  RESULTANT WIND SPEED  MM   RESULTANT WIND DIRECTION  MM
  HIGHEST WIND SPEED    MM   HIGHEST WIND DIRECTION    MM
  HIGHEST GUST SPEED    34   HIGHEST GUST DIRECTION    SW (225)
  AVERAGE WIND SPEED    MM


SKY COVER
  POSSIBLE SUNSHINE  MM
  AVERAGE SKY COVER  MM


WEATHER CONDITIONS
 THE FOLLOWING WEATHER WAS RECORDED YESTERDAY.
  RAIN
  LIGHT RAIN


RELATIVE HUMIDITY (PERCENT)
 HIGHEST    MM
 LOWEST     MM
 AVERAGE    MM

..........................................................


THE MARQUETTE MI CLIMATE NORMALS FOR TODAY
                         NORMAL    RECORD    YEAR
 MAXIMUM TEMPERATURE (F)   41        68      2010
 MINIMUM TEMPERATURE (F)   21        -5      1964


SUNRISE AND SUNSET
APRIL  1 2014.........SUNRISE   730 AM EDT   SUNSET   819 PM EDT
APRIL  2 2014.........SUNRISE   728 AM EDT   SUNSET   821 PM EDT


-  INDICATES NEGATIVE NUMBERS.
R  INDICATES RECORD WAS SET OR TIED.
MM INDICATES DATA IS MISSING.
T  INDICATES TRACE AMOUNT.

$$

TITUS
