000
CDUS43 KMQT 112206
CLIMQT


CLIMATE REPORT
NATIONAL WEATHER SERVICE MARQUETTE MI
506 PM EST THU DEC 11 2014


...................................

...THE MARQUETTE MI CLIMATE SUMMARY FOR DECEMBER 11 2014...
VALID TODAY AS OF 0500 PM LOCAL TIME.

CLIMATE NORMAL PERIOD 1981 TO 2010
CLIMATE RECORD PERIOD 1961 TO 2014


WEATHER ITEM   OBSERVED RECORD YEAR NORMAL DEPARTURE LAST
                VALUE   VALUE       VALUE  FROM      YEAR
                                           NORMAL
...........................................................
TEMPERATURE (F)
 TODAY
  MAXIMUM         38     45    2002  27     11        5
  MINIMUM          3    -21    1977  13    -10       -7
  AVERAGE         21                 20      1       -1

PRECIPITATION (IN)
  TODAY            0.00   0.85 2010   0.09  -0.09      T
  MONTH TO DATE    0.20               1.02  -0.82     0.94
  SINCE DEC 1      0.20               1.02  -0.82     0.94
  SINCE JAN 1     42.75              34.13   8.62    38.12

SNOWFALL (IN)
  TODAY            0.0   10.5  1983   1.4   -1.4       T
  MONTH TO DATE    3.5               14.8  -11.3      6.9
  SINCE DEC 1      3.5               14.8  -11.3      6.9
  SINCE JUL 1     59.7               45.3   14.4     29.4
  SNOW DEPTH      14

DEGREE DAYS
 HEATING
  TODAY           44                 45     -1       66
  MONTH TO DATE  522                479     43      571
  SINCE DEC 1    522                479     43      571
  SINCE JUL 1   3052               2681    371     2740

 COOLING
  TODAY            0                  0      0        0
  MONTH TO DATE    0                  0      0        0
  SINCE DEC 1      0                  0      0        0
  SINCE JAN 1    152                242    -90      280
...........................................................


WIND (MPH)
  HIGHEST WIND SPEED    MM   HIGHEST WIND DIRECTION    MM
  HIGHEST GUST SPEED     9   HIGHEST GUST DIRECTION    NE (45)
  AVERAGE WIND SPEED    MM


SKY COVER
  POSSIBLE SUNSHINE  MM
  AVERAGE SKY COVER  MM


WEATHER CONDITIONS
 THE FOLLOWING WEATHER WAS RECORDED TODAY.
  NO SIGNIFICANT WEATHER WAS OBSERVED.


RELATIVE HUMIDITY (PERCENT)
 HIGHEST    MM
 LOWEST     MM
 AVERAGE    MM

..........................................................


THE MARQUETTE MI CLIMATE NORMALS FOR TOMORROW
                         NORMAL    RECORD    YEAR
 MAXIMUM TEMPERATURE (F)   27        48      1998
 MINIMUM TEMPERATURE (F)   12       -10      2013
                                             1989


SUNRISE AND SUNSET
DECEMBER 11 2014......SUNRISE   824 AM EST   SUNSET   503 PM EST
DECEMBER 12 2014......SUNRISE   825 AM EST   SUNSET   503 PM EST


-  INDICATES NEGATIVE NUMBERS.
R  INDICATES RECORD WAS SET OR TIED.
MM INDICATES DATA IS MISSING.
T  INDICATES TRACE AMOUNT.




$$
