000
CDUS43 KMQT 050559
CLIMQT


CLIMATE REPORT
NATIONAL WEATHER SERVICE MARQUETTE MI
1259 AM EST SUN FEB 5 2017


...................................

...THE MARQUETTE MI CLIMATE SUMMARY FOR FEBRUARY 4 2017...

CLIMATE NORMAL PERIOD 1981 TO 2010
CLIMATE RECORD PERIOD 1961 TO 2017


WEATHER ITEM   OBSERVED RECORD YEAR NORMAL DEPARTURE LAST
                VALUE   VALUE       VALUE  FROM      YEAR
                                           NORMAL
...........................................................
TEMPERATURE (F)
 YESTERDAY
  MAXIMUM         18     53    1991  23     -5       23
  MINIMUM          5    -31    1996   4      1       12
  AVERAGE         12                 14     -2       18

PRECIPITATION (IN)
  YESTERDAY        0.12   0.64 1995   0.08   0.04      T
  MONTH TO DATE    0.21               0.30  -0.09     0.90
  SINCE DEC 1      4.14               5.28  -1.14     7.73
  SINCE JAN 1      1.95               2.71  -0.76     2.86

SNOWFALL (IN)
  YESTERDAY        2.6   13.1  1995   1.3    1.3      0.2
  MONTH TO DATE    5.1                5.4   -0.3     10.4
  SINCE DEC 1     77.3               91.4  -14.1     66.8
  SINCE JUL 1     91.5              121.9  -30.4     74.7
  SNOW DEPTH      14

DEGREE DAYS
 HEATING
  YESTERDAY       53                 51      2       47
  MONTH TO DATE  221                207     14      169
  SINCE DEC 1   3085               3242   -157     2757
  SINCE JUL 1   4710               5444   -734     4589

 COOLING
  YESTERDAY        0                  0      0        0
  MONTH TO DATE    0                  0      0        0
  SINCE DEC 1      0                  0      0        0
  SINCE JAN 1      0                  0      0        0
...........................................................


WIND (MPH)
  RESULTANT WIND SPEED  MM   RESULTANT WIND DIRECTION  MM
  HIGHEST WIND SPEED    MM   HIGHEST WIND DIRECTION    MM
  HIGHEST GUST SPEED    20   HIGHEST GUST DIRECTION     S (180)
  AVERAGE WIND SPEED    MM


SKY COVER
  POSSIBLE SUNSHINE  MM
  AVERAGE SKY COVER  MM


WEATHER CONDITIONS
 THE FOLLOWING WEATHER WAS RECORDED YESTERDAY.
  LIGHT SNOW


RELATIVE HUMIDITY (PERCENT)
 HIGHEST    MM
 LOWEST     MM
 AVERAGE    MM

..........................................................


THE MARQUETTE MI CLIMATE NORMALS FOR TODAY
                         NORMAL    RECORD    YEAR
 MAXIMUM TEMPERATURE (F)   23        50      2005
 MINIMUM TEMPERATURE (F)    4       -18      1972


SUNRISE AND SUNSET
FEBRUARY  5 2017......SUNRISE   808 AM EST   SUNSET   601 PM EST
FEBRUARY  6 2017......SUNRISE   807 AM EST   SUNSET   602 PM EST


-  INDICATES NEGATIVE NUMBERS.
R  INDICATES RECORD WAS SET OR TIED.
MM INDICATES DATA IS MISSING.
T  INDICATES TRACE AMOUNT.




$$
