307
CDUS43 KMQT 110511
CLIMQT


CLIMATE REPORT
NATIONAL WEATHER SERVICE MARQUETTE MI
110 AM EDT SUN JUN 11 2017


...................................

...THE MARQUETTE MI CLIMATE SUMMARY FOR JUNE 10 2017...

CLIMATE NORMAL PERIOD 1981 TO 2010
CLIMATE RECORD PERIOD 1961 TO 2017


WEATHER ITEM   OBSERVED RECORD YEAR NORMAL DEPARTURE LAST
                VALUE   VALUE       VALUE  FROM      YEAR
                                           NORMAL
...........................................................
TEMPERATURE (F)
 YESTERDAY
  MAXIMUM         88     90    2002  70     18       77
  MINIMUM         46     30    1972  48     -2       46
  AVERAGE         67                 59      8       62

PRECIPITATION (IN)
  YESTERDAY        0.07   1.52 1979   0.10  -0.03     0.14
  MONTH TO DATE    0.45               1.03  -0.58     1.88
  SINCE JUN 1      0.45               1.03  -0.58     1.88
  SINCE JAN 1     15.29              14.67   0.62    18.09

SNOWFALL (IN)
  YESTERDAY        0.0   MM      MM   0.0    0.0      0.0
  MONTH TO DATE    0.0                0.0    0.0       T
  SINCE JUN 1      0.0                0.0    0.0       T
  SINCE JUL 1    154.0              203.3  -49.3    160.9
  SNOW DEPTH       0

DEGREE DAYS
 HEATING
  YESTERDAY        0                  7     -7        3
  MONTH TO DATE   56                 82    -26       96
  SINCE JUN 1     56                 82    -26       96
  SINCE JUL 1   8289               9234   -945     8300

 COOLING
  YESTERDAY        2                  1      1        0
  MONTH TO DATE    2                 10     -8        0
  SINCE JUN 1      2                 10     -8        0
  SINCE JAN 1      2                 22    -20       11
...........................................................


WIND (MPH)
  RESULTANT WIND SPEED  MM   RESULTANT WIND DIRECTION  MM
  HIGHEST WIND SPEED    MM   HIGHEST WIND DIRECTION    MM
  HIGHEST GUST SPEED    39   HIGHEST GUST DIRECTION    SW (225)
  AVERAGE WIND SPEED    MM


SKY COVER
  POSSIBLE SUNSHINE  MM
  AVERAGE SKY COVER  MM


WEATHER CONDITIONS
 THE FOLLOWING WEATHER WAS RECORDED YESTERDAY.
  THUNDERSTORM
  LIGHT RAIN


RELATIVE HUMIDITY (PERCENT)
 HIGHEST    MM
 LOWEST     MM
 AVERAGE    MM

..........................................................


THE MARQUETTE MI CLIMATE NORMALS FOR TODAY
                         NORMAL    RECORD    YEAR
 MAXIMUM TEMPERATURE (F)   71        88      1988
 MINIMUM TEMPERATURE (F)   48        32      1964


SUNRISE AND SUNSET
JUNE 11 2017..........SUNRISE   557 AM EDT   SUNSET   943 PM EDT
JUNE 12 2017..........SUNRISE   557 AM EDT   SUNSET   944 PM EDT


-  INDICATES NEGATIVE NUMBERS.
R  INDICATES RECORD WAS SET OR TIED.
MM INDICATES DATA IS MISSING.
T  INDICATES TRACE AMOUNT.

$$

TITUS
