000
CDUS43 KMQT 170531
CLIMQT


CLIMATE REPORT
NATIONAL WEATHER SERVICE MARQUETTE MI
1230 AM EST THU NOV 17 2016


...................................

...THE MARQUETTE MI CLIMATE SUMMARY FOR NOVEMBER 16 2016...

CLIMATE NORMAL PERIOD 1981 TO 2010
CLIMATE RECORD PERIOD 1961 TO 2016


WEATHER ITEM   OBSERVED RECORD YEAR NORMAL DEPARTURE LAST
                VALUE   VALUE       VALUE  FROM      YEAR
                                           NORMAL
...........................................................
TEMPERATURE (F)
 YESTERDAY
  MAXIMUM         49     55    2015  37     12       55
  MINIMUM         31     -5    2002  23      8       29
  AVERAGE         40                 30     10       42

PRECIPITATION (IN)
  YESTERDAY        0.00   0.82 2005   0.11  -0.11     0.00
  MONTH TO DATE    0.33               1.68  -1.35     1.35
  SINCE SEP 1      8.86               9.24  -0.38     5.89
  SINCE JAN 1     36.63              31.61   5.02    24.10

SNOWFALL (IN)
  YESTERDAY        0.0   10.2  1989   0.8   -0.8      0.0
  MONTH TO DATE    T                  9.8   -9.8      1.8
  SINCE SEP 1      T                 15.9  -15.9      3.0
  SINCE JUL 1      T                 15.9  -15.9      3.0
  SNOW DEPTH       0

DEGREE DAYS
 HEATING
  YESTERDAY       25                 35    -10       23
  MONTH TO DATE  310                505   -195      345
  SINCE SEP 1   1064               1481   -417     1163
  SINCE JUL 1   1164               1666   -502     1331

 COOLING
  YESTERDAY        0                  0      0        0
  MONTH TO DATE    0                  0      0        0
  SINCE SEP 1     10                 22    -12       68
  SINCE JAN 1    246                242      4      250
...........................................................


WIND (MPH)
  RESULTANT WIND SPEED  MM   RESULTANT WIND DIRECTION  MM
  HIGHEST WIND SPEED    MM   HIGHEST WIND DIRECTION    MM
  HIGHEST GUST SPEED    20   HIGHEST GUST DIRECTION    SW (225)
  AVERAGE WIND SPEED    MM


SKY COVER
  POSSIBLE SUNSHINE  MM
  AVERAGE SKY COVER  MM


WEATHER CONDITIONS
 THE FOLLOWING WEATHER WAS RECORDED YESTERDAY.
  NO SIGNIFICANT WEATHER WAS OBSERVED.


RELATIVE HUMIDITY (PERCENT)
 HIGHEST    MM
 LOWEST     MM
 AVERAGE    MM

..........................................................


THE MARQUETTE MI CLIMATE NORMALS FOR TODAY
                         NORMAL    RECORD    YEAR
 MAXIMUM TEMPERATURE (F)   37        64      2001
 MINIMUM TEMPERATURE (F)   23         4      1973


SUNRISE AND SUNSET
NOVEMBER 17 2016......SUNRISE   756 AM EST   SUNSET   514 PM EST
NOVEMBER 18 2016......SUNRISE   757 AM EST   SUNSET   513 PM EST


-  INDICATES NEGATIVE NUMBERS.
R  INDICATES RECORD WAS SET OR TIED.
MM INDICATES DATA IS MISSING.
T  INDICATES TRACE AMOUNT.




$$
