000
CDUS43 KMQT 120520
CLIMQT


CLIMATE REPORT
NATIONAL WEATHER SERVICE MARQUETTE MI
120 AM EDT TUE MAY 12 2015


...................................

...THE MARQUETTE MI CLIMATE SUMMARY FOR MAY 11 2015...

CLIMATE NORMAL PERIOD 1981 TO 2010
CLIMATE RECORD PERIOD 1961 TO 2015


WEATHER ITEM   OBSERVED RECORD YEAR NORMAL DEPARTURE LAST
                VALUE   VALUE       VALUE  FROM      YEAR
                                           NORMAL
...........................................................
TEMPERATURE (F)
 YESTERDAY
  MAXIMUM         50     82    1991  60    -10       69
  MINIMUM         41     23    1990  38      3       39
  AVERAGE         46                 49     -3       54

PRECIPITATION (IN)
  YESTERDAY        0.31   3.15 2006   0.09   0.22     0.05
  MONTH TO DATE    1.18               0.97   0.21     1.08
  SINCE MAR 1      4.94               7.01  -2.07     7.49
  SINCE JAN 1      7.86              11.56  -3.70    11.01

SNOWFALL (IN)
  YESTERDAY        0.0    1.7  2013   0.1   -0.1      0.0
                               1967
  MONTH TO DATE    T                  1.1   -1.1       T
  SINCE MAR 1     24.4               50.5  -26.1     65.8
  SINCE JUL 1    178.4              202.9  -24.5    195.3
  SNOW DEPTH       0

DEGREE DAYS
 HEATING
  YESTERDAY       19                 16      3       11
  MONTH TO DATE  146                197    -51      212
  SINCE MAR 1   2208               2275    -67     2686
  SINCE JUL 1   9519               8899    620    10008

 COOLING
  YESTERDAY        0                  0      0        0
  MONTH TO DATE    2                  0      2        0
  SINCE MAR 1      2                  1      1        0
  SINCE JAN 1      2                  1      1        0
...........................................................


WIND (MPH)
  RESULTANT WIND SPEED  MM   RESULTANT WIND DIRECTION  MM
  HIGHEST WIND SPEED    MM   HIGHEST WIND DIRECTION    MM
  HIGHEST GUST SPEED    20   HIGHEST GUST DIRECTION     W (270)
  AVERAGE WIND SPEED    MM


SKY COVER
  POSSIBLE SUNSHINE  MM
  AVERAGE SKY COVER  MM


WEATHER CONDITIONS
 THE FOLLOWING WEATHER WAS RECORDED YESTERDAY.
  LIGHT RAIN
  FOG


RELATIVE HUMIDITY (PERCENT)
 HIGHEST    MM
 LOWEST     MM
 AVERAGE    MM

..........................................................


THE MARQUETTE MI CLIMATE NORMALS FOR TODAY
                         NORMAL    RECORD    YEAR
 MAXIMUM TEMPERATURE (F)   61        85      1977
 MINIMUM TEMPERATURE (F)   39        24      1963


SUNRISE AND SUNSET
MAY 12 2015...........SUNRISE   620 AM EDT   SUNSET   913 PM EDT
MAY 13 2015...........SUNRISE   619 AM EDT   SUNSET   915 PM EDT


-  INDICATES NEGATIVE NUMBERS.
R  INDICATES RECORD WAS SET OR TIED.
MM INDICATES DATA IS MISSING.
T  INDICATES TRACE AMOUNT.

$$
