000
CDUS43 KMQT 142224
CLIMQT


CLIMATE REPORT
NATIONAL WEATHER SERVICE MARQUETTE MI
524 PM EST SAT FEB 14 2015


...................................

...THE MARQUETTE MI CLIMATE SUMMARY FOR FEBRUARY 14 2015...
VALID TODAY AS OF 0500 PM LOCAL TIME.

CLIMATE NORMAL PERIOD 1981 TO 2010
CLIMATE RECORD PERIOD 1961 TO 2015


WEATHER ITEM   OBSERVED RECORD YEAR NORMAL DEPARTURE LAST
                VALUE   VALUE       VALUE  FROM      YEAR
                                           NORMAL
...........................................................
TEMPERATURE (F)
 TODAY
  MAXIMUM          6     43    1984  25    -19       18
  MINIMUM         -5    -28    1970   5    -10       -2
  AVERAGE          1                 15    -14        8

PRECIPITATION (IN)
  TODAY            0.32   0.58 1991   0.07   0.25     0.11
  MONTH TO DATE    1.32               1.01   0.31     0.37
  SINCE DEC 1      4.85               5.99  -1.14     5.13
  SINCE JAN 1      2.57               3.42  -0.85     2.55

SNOWFALL (IN)
  TODAY            4.8   13.3  1991   1.3    3.5      2.4
  MONTH TO DATE   33.4               17.8   15.6      9.0
  SINCE DEC 1     90.5              103.8  -13.3     95.1
  SINCE JUL 1    146.7              134.3   12.4    117.6
  SNOW DEPTH      34

DEGREE DAYS
 HEATING
  TODAY           64                 50     14       57
  MONTH TO DATE  808                713     95      855
  SINCE DEC 1   3842               3748     94     4353
  SINCE JUL 1   6372               5950    422     6522

 COOLING
  TODAY            0                  0      0        0
  MONTH TO DATE    0                  0      0        0
  SINCE DEC 1      0                  0      0        0
  SINCE JAN 1      0                  0      0        0
...........................................................


WIND (MPH)
  HIGHEST WIND SPEED    MM   HIGHEST WIND DIRECTION    MM
  HIGHEST GUST SPEED    40   HIGHEST GUST DIRECTION     N (360)
  AVERAGE WIND SPEED    MM


SKY COVER
  POSSIBLE SUNSHINE  MM
  AVERAGE SKY COVER  MM


WEATHER CONDITIONS
 THE FOLLOWING WEATHER WAS RECORDED TODAY.
  SNOW
  LIGHT SNOW
  BLOWING SNOW


RELATIVE HUMIDITY (PERCENT)
 HIGHEST    MM
 LOWEST     MM
 AVERAGE    MM

..........................................................


THE MARQUETTE MI CLIMATE NORMALS FOR TOMORROW
                         NORMAL    RECORD    YEAR
 MAXIMUM TEMPERATURE (F)   26        46      1981
 MINIMUM TEMPERATURE (F)    5       -21      1974


SUNRISE AND SUNSET
FEBRUARY 14 2015......SUNRISE   756 AM EST   SUNSET   614 PM EST
FEBRUARY 15 2015......SUNRISE   754 AM EST   SUNSET   615 PM EST


-  INDICATES NEGATIVE NUMBERS.
R  INDICATES RECORD WAS SET OR TIED.
MM INDICATES DATA IS MISSING.
T  INDICATES TRACE AMOUNT.




$$
