000
CDUS43 KMQT 040512
CLIMQT


CLIMATE REPORT
NATIONAL WEATHER SERVICE MARQUETTE MI
1213 AM EST SAT MAR 4 2017


...................................

...THE MARQUETTE MI CLIMATE SUMMARY FOR MARCH 3 2017...

CLIMATE NORMAL PERIOD 1981 TO 2010
CLIMATE RECORD PERIOD 1961 TO 2017


WEATHER ITEM   OBSERVED RECORD YEAR NORMAL DEPARTURE LAST
                VALUE   VALUE       VALUE  FROM      YEAR
                                           NORMAL
...........................................................
TEMPERATURE (F)
 YESTERDAY
  MAXIMUM         17     51    2000  30    -13       28
  MINIMUM         -7    -30    2003   9    -16      -11
  AVERAGE          5                 20    -15        9

PRECIPITATION (IN)
  YESTERDAY        0.01   1.43 2012   0.09  -0.08     0.00
  MONTH TO DATE    0.56               0.28   0.28      T
  SINCE MAR 1      0.56               0.28   0.28      T
  SINCE JAN 1      5.14               4.83   0.31     4.62

SNOWFALL (IN)
  YESTERDAY        0.3   18.5  2012   1.3   -1.0      0.0
  MONTH TO DATE    7.9                4.0    3.9       T
  SINCE MAR 1      7.9                4.0    3.9       T
  SINCE JUL 1    129.0              156.4  -27.4    100.1
  SNOW DEPTH      16

DEGREE DAYS
 HEATING
  YESTERDAY       60                 45     15       56
  MONTH TO DATE  156                137     19      173
  SINCE MAR 1    156                137     19      173
  SINCE JUL 1   5840               6761   -921     5940

 COOLING
  YESTERDAY        0                  0      0        0
  MONTH TO DATE    0                  0      0        0
  SINCE MAR 1      0                  0      0        0
  SINCE JAN 1      0                  0      0        0
...........................................................


WIND (MPH)
  RESULTANT WIND SPEED  MM   RESULTANT WIND DIRECTION  MM
  HIGHEST WIND SPEED    MM   HIGHEST WIND DIRECTION    MM
  HIGHEST GUST SPEED    17   HIGHEST GUST DIRECTION     W (270)
  AVERAGE WIND SPEED    MM


SKY COVER
  POSSIBLE SUNSHINE  MM
  AVERAGE SKY COVER  MM


WEATHER CONDITIONS
 THE FOLLOWING WEATHER WAS RECORDED YESTERDAY.
  LIGHT SNOW


RELATIVE HUMIDITY (PERCENT)
 HIGHEST    MM
 LOWEST     MM
 AVERAGE    MM

..........................................................


THE MARQUETTE MI CLIMATE NORMALS FOR TODAY
                         NORMAL    RECORD    YEAR
 MAXIMUM TEMPERATURE (F)   31        53      2000
 MINIMUM TEMPERATURE (F)    9       -15      1996


SUNRISE AND SUNSET
MARCH  4 2017.........SUNRISE   724 AM EST   SUNSET   641 PM EST
MARCH  5 2017.........SUNRISE   722 AM EST   SUNSET   642 PM EST


-  INDICATES NEGATIVE NUMBERS.
R  INDICATES RECORD WAS SET OR TIED.
MM INDICATES DATA IS MISSING.
T  INDICATES TRACE AMOUNT.

$$
