000
CDUS43 KMQT 100549
CLIMQT


CLIMATE REPORT
NATIONAL WEATHER SERVICE MARQUETTE MI
149 AM EDT SUN SEP 10 2017


...................................

...THE MARQUETTE MI CLIMATE SUMMARY FOR SEPTEMBER 9 2017...

CLIMATE NORMAL PERIOD 1981 TO 2010
CLIMATE RECORD PERIOD 1961 TO 2017


WEATHER ITEM   OBSERVED RECORD YEAR NORMAL DEPARTURE LAST
                VALUE   VALUE       VALUE  FROM      YEAR
                                           NORMAL
...........................................................
TEMPERATURE (F)
 YESTERDAY
  MAXIMUM         65     93    2002  69     -4       70
  MINIMUM         31     30    1975  48    -17       50
                               1967
  AVERAGE         48                 59    -11       60

PRECIPITATION (IN)
  YESTERDAY        0.00   1.79 1968   0.11  -0.11      T
  MONTH TO DATE    1.22               1.00   0.22     1.75
  SINCE SEP 1      1.22               1.00   0.22     1.75
  SINCE JAN 1     28.55              23.37   5.18    29.52

SNOWFALL (IN)
  YESTERDAY        0.0   MM      MM   0.0    0.0      0.0
  MONTH TO DATE    0.0                0.0    0.0      0.0
  SINCE SEP 1      0.0                0.0    0.0      0.0
  SINCE JUL 1      T                  0.0    0.0       T
  SNOW DEPTH       0

DEGREE DAYS
 HEATING
  YESTERDAY       17                  8      9        5
  MONTH TO DATE  114                 60     54       25
  SINCE SEP 1    114                 60     54       25
  SINCE JUL 1    379                245    134      125

 COOLING
  YESTERDAY        0                  1     -1        0
  MONTH TO DATE    0                 12    -12       10
  SINCE SEP 1      0                 12    -12       10
  SINCE JAN 1     93                232   -139      246
...........................................................


WIND (MPH)
  RESULTANT WIND SPEED  MM   RESULTANT WIND DIRECTION  MM
  HIGHEST WIND SPEED    MM   HIGHEST WIND DIRECTION    MM
  HIGHEST GUST SPEED    14   HIGHEST GUST DIRECTION     W (270)
  AVERAGE WIND SPEED    MM


SKY COVER
  POSSIBLE SUNSHINE  MM
  AVERAGE SKY COVER  MM


WEATHER CONDITIONS
 THE FOLLOWING WEATHER WAS RECORDED YESTERDAY.
  NO SIGNIFICANT WEATHER WAS OBSERVED.


RELATIVE HUMIDITY (PERCENT)
 HIGHEST    MM
 LOWEST     MM
 AVERAGE    MM

..........................................................


THE MARQUETTE MI CLIMATE NORMALS FOR TODAY
                         NORMAL    RECORD    YEAR
 MAXIMUM TEMPERATURE (F)   68        83      2005
                                             2003
 MINIMUM TEMPERATURE (F)   48        27      1967


SUNRISE AND SUNSET
SEPTEMBER 10 2017.....SUNRISE   722 AM EDT   SUNSET   811 PM EDT
SEPTEMBER 11 2017.....SUNRISE   723 AM EDT   SUNSET   809 PM EDT


-  INDICATES NEGATIVE NUMBERS.
R  INDICATES RECORD WAS SET OR TIED.
MM INDICATES DATA IS MISSING.
T  INDICATES TRACE AMOUNT.




$$
