000
CDUS43 KMQT 010507
CLIMQT


CLIMATE REPORT
NATIONAL WEATHER SERVICE MARQUETTE MI
105 AM EDT MON SEP 1 2014


...................................

...THE MARQUETTE MI CLIMATE SUMMARY FOR AUGUST 31 2014...

CLIMATE NORMAL PERIOD 1981 TO 2010
CLIMATE RECORD PERIOD 1961 TO 2014


WEATHER ITEM   OBSERVED RECORD YEAR NORMAL DEPARTURE LAST
                VALUE   VALUE       VALUE  FROM      YEAR
                                           NORMAL
...........................................................
TEMPERATURE (F)
 YESTERDAY
  MAXIMUM         68     90    2008  72     -4       81
                               2000
  MINIMUM         56     34    1963  51      5       57
  AVERAGE         62                 61      1       69

PRECIPITATION (IN)
  YESTERDAY        0.01   1.39 1977   0.11  -0.10     0.00
  MONTH TO DATE    4.47               3.05   1.42     2.32
  SINCE JUN 1     14.28               8.73   5.55    10.41
  SINCE JAN 1     26.74              22.37   4.37    27.75

SNOWFALL (IN)
  YESTERDAY        0.0   MM      MM   0.0    0.0      0.0
  MONTH TO DATE    0.0                0.0    0.0      0.0
  SINCE JUN 1      T                  0.0    0.0      0.0
  SINCE JUL 1      T                  0.0    0.0      0.0
  SNOW DEPTH       0

DEGREE DAYS
 HEATING
  YESTERDAY        3                  5     -2        0
  MONTH TO DATE  126                106     20      102
  SINCE JUN 1    410                367     43      412
  SINCE JUL 1    247                185     62      214

 COOLING
  YESTERDAY        0                  2     -2        4
  MONTH TO DATE   31                 66    -35       90
  SINCE JUN 1    127                208    -81      257
  SINCE JAN 1    147                220    -73      270
...........................................................


WIND (MPH)
  HIGHEST WIND SPEED    MM   HIGHEST WIND DIRECTION    MM
  HIGHEST GUST SPEED    23   HIGHEST GUST DIRECTION    SW (225)
  AVERAGE WIND SPEED    MM


SKY COVER
  POSSIBLE SUNSHINE  MM
  AVERAGE SKY COVER  MM


WEATHER CONDITIONS
 THE FOLLOWING WEATHER WAS RECORDED YESTERDAY.
  LIGHT RAIN


RELATIVE HUMIDITY (PERCENT)
 HIGHEST    MM
 LOWEST     MM
 AVERAGE    MM

..........................................................


THE MARQUETTE MI CLIMATE NORMALS FOR TODAY
                         NORMAL    RECORD    YEAR
 MAXIMUM TEMPERATURE (F)   71        88      2008
 MINIMUM TEMPERATURE (F)   51        31      1976


SUNRISE AND SUNSET
SEPTEMBER  1 2014.....SUNRISE   710 AM EDT   SUNSET   829 PM EDT
SEPTEMBER  2 2014.....SUNRISE   711 AM EDT   SUNSET   827 PM EDT


-  INDICATES NEGATIVE NUMBERS.
R  INDICATES RECORD WAS SET OR TIED.
MM INDICATES DATA IS MISSING.
T  INDICATES TRACE AMOUNT.




$$
